{"id":748856,"date":"2025-08-28T03:41:02","date_gmt":"2025-08-28T00:41:02","guid":{"rendered":"https:\/\/roveyayinevi.com.tr\/index.php\/urun\/hey-guzellik\/"},"modified":"2026-04-16T03:01:37","modified_gmt":"2026-04-16T00:01:37","slug":"hey-guzellik","status":"publish","type":"product","link":"https:\/\/roveyayinevi.com.tr\/index.php\/urun\/hey-guzellik\/","title":{"rendered":"Hey G\u00fczellik"},"content":{"rendered":"<p>\u201cB\u00fcy\u00fcleyici ve d\u00fc\u015f\u00fcnd\u00fcr\u00fcc\u00fc\u2026 Modern Amerika\u2019da g\u00fc\u00e7 ve aidiyet hakk\u0131nda sorulmam\u0131\u015f sorular\u0131 ke\u015ffediyor\u2026\u201d -The Washington Post \u201cYazar\u0131n bu b\u00fcy\u00fcleyici ve g\u00fcncel ikinci roman\u0131, \u0131rk\u00e7\u0131l\u0131k, \u00e7evrecilik, gazetecilik, ekonomi ve k\u0131z karde\u015flik hakk\u0131nda sohbetlere bir giri\u015f sa\u011fl\u0131yor.\u201d -The New York Times \u201cOrtam sinematik bir \u015fekilde i\u015fleniyor ve k\u00e2\u011f\u0131da d\u00f6k\u00fclme bi\u00e7imi tek kelimeyle muhte\u015fem.\u201d -San Francisco Chronicle \u201cAyd\u0131nlat\u0131c\u0131&#8230; Yun, ana karakterin keskin bak\u0131\u015f a\u00e7\u0131s\u0131yla bir dizi hassas konuyu ba\u015far\u0131yla ele al\u0131yor.\u201d -Publishers Weekly   Elinor Hanson,  prestijli bir dergide yazma \u015fans\u0131 yakalar. Gen\u00e7 kad\u0131n, bask\u0131c\u0131 bir baba ve deniza\u015f\u0131r\u0131 \u00fclkelerde g\u00f6rev yapt\u0131\u011f\u0131 s\u0131rada tan\u0131\u015f\u0131p evlendi\u011fi mesafeli bir Koreli anne taraf\u0131ndan b\u00fcy\u00fct\u00fclm\u00fc\u015ft\u00fcr. Evinden onlarca y\u0131l uzakta kald\u0131ktan sonra memleketine geri d\u00f6nd\u00fc\u011f\u00fcnde onu bamba\u015fka bir manzara kar\u015f\u0131lar. Elinor\u2019un etraf\u0131, paray\u0131 petrolde arayan i\u015f\u00e7iler ve de\u011fi\u015fen topluluklar\u0131ndan endi\u015fe duyan insanlarla \u00e7evrilidir. Hanson b\u00fcy\u00fcd\u00fc\u011f\u00fc topraklarda derin bir yabanc\u0131la\u015fma ve keder duygusu ya\u015far. Kariyerini de\u011fi\u015ftirebilecek makale ile ge\u00e7mi\u015fi i\u00e7 i\u00e7e ge\u00e7er. Onu ve d\u00fcnyaya bak\u0131\u015f\u0131n\u0131 sonsuza kadar etkileyecek rahats\u0131z edici yeni ger\u00e7ekler g\u00fcn y\u00fcz\u00fcne \u00e7\u0131kmaya ba\u015flar. Hey G\u00fczellik sade ve zarif bir anlat\u0131mla okura, etraf\u0131 \u00e7\u0131karlarla sar\u0131lm\u0131\u015f bir toplulu\u011fun portresini sunuyor. Bir kad\u0131n\u0131n g\u00fczel ama s\u0131k\u0131nt\u0131larla dolu bir \u00fclkeye olan sevgisi ile \u00f6fkesini uzla\u015ft\u0131rma \u00e7abas\u0131n\u0131 dile getiriyor.<\/p>\n","protected":false},"excerpt":{"rendered":"<p>\u201cB\u00fcy\u00fcleyici ve d\u00fc\u015f\u00fcnd\u00fcr\u00fcc\u00fc\u2026 Modern Amerika\u2019da g\u00fc\u00e7 ve aidiyet hakk\u0131nda sorulmam\u0131\u015f sorular\u0131 ke\u015ffediyor\u2026\u201d -The Washington Post \u201cYazar\u0131n bu b\u00fcy\u00fcleyici ve g\u00fcncel ikinci roman\u0131, \u0131rk\u00e7\u0131l\u0131k, \u00e7evrecilik, gazetecilik, ekonomi<span class=\"excerpt-hellip\"> [\u2026]<\/span><\/p>\n","protected":false},"featured_media":0,"template":"","meta":{"_monsterinsights_skip_tracking":false,"_monsterinsights_sitenote_active":false,"_monsterinsights_sitenote_note":"","_monsterinsights_sitenote_category":0},"product_brand":[],"product_cat":[12291,12711],"product_tag":[],"class_list":{"0":"post-748856","1":"product","2":"type-product","3":"status-publish","5":"product_cat-edebiyat","6":"product_cat-roman-oyku","7":"pa_cilt-ciltsiz","8":"pa_tur-kitap","9":"pa_yayinevi-nemesis-kitap","10":"pa_yazar-jung-yun","12":"first","13":"instock","14":"sale","15":"shipping-taxable","16":"purchasable","17":"product-type-simple"},"_links":{"self":[{"href":"https:\/\/roveyayinevi.com.tr\/index.php\/wp-json\/wp\/v2\/product\/748856","targetHints":{"allow":["GET"]}}],"collection":[{"href":"https:\/\/roveyayinevi.com.tr\/index.php\/wp-json\/wp\/v2\/product"}],"about":[{"href":"https:\/\/roveyayinevi.com.tr\/index.php\/wp-json\/wp\/v2\/types\/product"}],"wp:attachment":[{"href":"https:\/\/roveyayinevi.com.tr\/index.php\/wp-json\/wp\/v2\/media?parent=748856"}],"wp:term":[{"taxonomy":"product_brand","embeddable":true,"href":"https:\/\/roveyayinevi.com.tr\/index.php\/wp-json\/wp\/v2\/product_brand?post=748856"},{"taxonomy":"product_cat","embeddable":true,"href":"https:\/\/roveyayinevi.com.tr\/index.php\/wp-json\/wp\/v2\/product_cat?post=748856"},{"taxonomy":"product_tag","embeddable":true,"href":"https:\/\/roveyayinevi.com.tr\/index.php\/wp-json\/wp\/v2\/product_tag?post=748856"}],"curies":[{"name":"wp","href":"https:\/\/api.w.org\/{rel}","templated":true}]}}