{"id":748850,"date":"2025-08-28T03:40:53","date_gmt":"2025-08-28T00:40:53","guid":{"rendered":"https:\/\/roveyayinevi.com.tr\/index.php\/urun\/digerleri-ve-seyhan\/"},"modified":"2026-04-16T03:01:37","modified_gmt":"2026-04-16T00:01:37","slug":"digerleri-ve-seyhan","status":"publish","type":"product","link":"https:\/\/roveyayinevi.com.tr\/index.php\/urun\/digerleri-ve-seyhan\/","title":{"rendered":"Di\u011ferleri ve Seyhan"},"content":{"rendered":"<p>G\u00fc\u00e7l\u00fc ve yap\u0131l\u0131 bir delikanl\u0131n\u0131n ba\u015far\u0131s\u0131zl\u0131klarla sonu\u00e7lanan sevda hik\u00e2yeleri, Di\u011ferleri ve Seyhan\u2019\u0131n ana temas\u0131. G\u00f6r\u00fcn\u00fc\u015fe aldanma, uzak kal\u0131nca unutulma, kolay elde etmenin gururu ve neticesi, kolay elde edilemeyene rastlan\u0131nca bunal\u0131ma girme gibi konular da s\u0131k\u0131c\u0131 olmayan okurken haz duyulacak bir ser\u00fcven \u015feklinde anlat\u0131lm\u0131\u015ft\u0131r. Hik\u00e2yedeki yer ve \u015fah\u0131s isimleri hayalidir. <\/p>\n","protected":false},"excerpt":{"rendered":"<p>G\u00fc\u00e7l\u00fc ve yap\u0131l\u0131 bir delikanl\u0131n\u0131n ba\u015far\u0131s\u0131zl\u0131klarla sonu\u00e7lanan sevda hik\u00e2yeleri, Di\u011ferleri ve Seyhan\u2019\u0131n ana temas\u0131. G\u00f6r\u00fcn\u00fc\u015fe aldanma, uzak kal\u0131nca unutulma, kolay elde etmenin gururu ve neticesi, kolay<span class=\"excerpt-hellip\"> [\u2026]<\/span><\/p>\n","protected":false},"featured_media":0,"template":"","meta":{"_monsterinsights_skip_tracking":false,"_monsterinsights_sitenote_active":false,"_monsterinsights_sitenote_note":"","_monsterinsights_sitenote_category":0},"product_brand":[],"product_cat":[12291,18202],"product_tag":[],"class_list":{"0":"post-748850","1":"product","2":"type-product","3":"status-publish","5":"product_cat-edebiyat","6":"product_cat-hikaye","7":"pa_cilt-ciltsiz","8":"pa_tur-kitap","9":"pa_yayinevi-kitap-muptelasi-yayinlari","10":"pa_yazar-ahmet-nuroglu","12":"first","13":"instock","14":"sale","15":"shipping-taxable","16":"purchasable","17":"product-type-simple"},"_links":{"self":[{"href":"https:\/\/roveyayinevi.com.tr\/index.php\/wp-json\/wp\/v2\/product\/748850","targetHints":{"allow":["GET"]}}],"collection":[{"href":"https:\/\/roveyayinevi.com.tr\/index.php\/wp-json\/wp\/v2\/product"}],"about":[{"href":"https:\/\/roveyayinevi.com.tr\/index.php\/wp-json\/wp\/v2\/types\/product"}],"wp:attachment":[{"href":"https:\/\/roveyayinevi.com.tr\/index.php\/wp-json\/wp\/v2\/media?parent=748850"}],"wp:term":[{"taxonomy":"product_brand","embeddable":true,"href":"https:\/\/roveyayinevi.com.tr\/index.php\/wp-json\/wp\/v2\/product_brand?post=748850"},{"taxonomy":"product_cat","embeddable":true,"href":"https:\/\/roveyayinevi.com.tr\/index.php\/wp-json\/wp\/v2\/product_cat?post=748850"},{"taxonomy":"product_tag","embeddable":true,"href":"https:\/\/roveyayinevi.com.tr\/index.php\/wp-json\/wp\/v2\/product_tag?post=748850"}],"curies":[{"name":"wp","href":"https:\/\/api.w.org\/{rel}","templated":true}]}}