{"id":748827,"date":"2025-08-28T03:40:11","date_gmt":"2025-08-28T00:40:11","guid":{"rendered":"https:\/\/roveyayinevi.com.tr\/index.php\/urun\/napoleon\/"},"modified":"2026-04-16T03:01:37","modified_gmt":"2026-04-16T00:01:37","slug":"napoleon","status":"publish","type":"product","link":"https:\/\/roveyayinevi.com.tr\/index.php\/urun\/napoleon\/","title":{"rendered":"Napoleon"},"content":{"rendered":"<p>YOKSUL VE GEN\u00c7 B\u0130R SUBAYDAN G\u00d6RKEML\u0130 B\u0130R \u0130MPARATORA D\u00d6N\u00dc\u015eEN  ASKER\u00ce VE S\u0130YAS\u0130 DEHA: NAPOL\u00c9ON \u201cUstal\u0131kla kaleme al\u0131nan ve destans\u0131 bir hacme sahip olan bu kitap yaz\u0131lma bi\u00e7imiyle roman okuma tecr\u00fcbesi sunuyor. Bir s\u00fcvari h\u00fccumunun ivmesiyle kar\u015f\u0131 konulmaz \u015fekilde d\u00f6rt nala ilerliyor ve okuru saraylardan muharebe alanlar\u0131na s\u00fcr\u00fckl\u00fcyor. Nihayet elimizde her y\u00f6nden tatmin edici bir Napol\u00e9on biyografisi tutuyoruz.\u201d \u2013 Simon Montefiore, Evening Standard \u201cUsta i\u015fi &#8230; heybetli, zengin, derin, keyifli, insani y\u00f6n\u00fc ortaya \u00e7\u0131karan ve hayranl\u0131k uyand\u0131ran bir biyografi&#8230; Roberts\u2019\u0131n kitab\u0131 Napol\u00e9on\u2019un ya\u015fam \u00f6yk\u00fcs\u00fcne odaklanan kaliteli bir \u00e7al\u0131\u015fma oldu\u011fu kadar devlet y\u00f6neticili\u011fi \u00fczerine bir deneme ve tarih \u00fczerine bir d\u00fc\u015f\u00fcnce yap\u0131t\u0131. Okumas\u0131 son derece keyifli.\u201d \u2013 Dan Jones, The Telegraph \u201cTek kelimeyle muhte\u015fem!&#8230; Roberts\u2019\u0131n bu benzersiz kitab\u0131 t\u00fcm \u00f6nemli par\u00e7alar\u0131 bir araya getirerek Napol\u00e9on\u2019un m\u00fckemmel bir portresini \u00e7iziyor.\u201d \u2013 Bernard Cornwell, Mail on Sunday Frans\u0131z \u0130htilali Napol\u00e9on \u00fczerinde nas\u0131l bir etki yaratt\u0131? Askerlik mesle\u011fine ad\u0131m att\u0131\u011f\u0131 gen\u00e7 ya\u015f\u0131nda kimlerden ilham ald\u0131? Kendisini hangi tarih\u00ee \u015fahsiyetlerin miras\u00e7\u0131s\u0131 addetti? 24 ya\u015f\u0131nda general olmay\u0131 nas\u0131l ba\u015fard\u0131? \u201cSava\u015f Tanr\u0131s\u0131\u201d olarak an\u0131lmas\u0131n\u0131 sa\u011flayan asker\u00ee nitelikleri nelerdi? Josephine\u2019le ili\u015fkisi san\u0131ld\u0131\u011f\u0131 gibi bir \u201cRomeo ve Juliet\u201d hik\u00e2yesi miydi? \u0130htilalle kral\u0131 giyotine g\u00f6nderen Frans\u0131zlar\u0131 yaln\u0131zca 11 y\u0131l sonra bir imparatora itaat etmeye nas\u0131l ikna etti? Avrupa\u2019n\u0131n siyas\u00ee haritas\u0131n\u0131 nas\u0131l de\u011fi\u015ftirdi? T\u00fcm Avrupa\u2019y\u0131 dize getiren ve yenilmez san\u0131lan Grande Arm\u00e9e Rus steplerinde nas\u0131l eridi? Waterloo\u2019da nas\u0131l ve neden kaybetti? Napol\u00e9on i\u00e7in sonun ba\u015flang\u0131c\u0131 neydi? \u00d6d\u00fcll\u00fc tarih\u00e7i Andrew Roberts, otuz \u00fc\u00e7 bin ki\u015fisel mektup ve g\u00fcn y\u00fcz\u00fcne yeni \u00e7\u0131kan tarih\u00ee belgeler \u0131\u015f\u0131\u011f\u0131nda bu g\u00f6rkemli ismin portresini ustaca \u00e7iziyor. Roberts bu \u00e7al\u0131\u015fmas\u0131nda, Napol\u00e9on\u2019un etkisi g\u00fcn\u00fcm\u00fczde bile hissedilen eylemlerinden \u00e7alkant\u0131l\u0131 a\u015fk hayat\u0131na, muharebe meydanlar\u0131ndaki zaferlerinden Fransa\u2019n\u0131n \u00e7ehresini de\u011fi\u015ftiren yenilik\u00e7i reformlar\u0131na kadar t\u00fcm giri\u015fim ve faaliyetlerini \u00e7ok boyutlu bir bi\u00e7imde ele al\u0131yor. Napol\u00e9on\u2019un \u00e7arp\u0131\u015ft\u0131\u011f\u0131 60 muharebe alan\u0131ndan 53\u2019\u00fcn\u00fc ziyaret eden, pek \u00e7ok \u00fclkede farkl\u0131 dillerde yaz\u0131lm\u0131\u015f ar\u015fiv malzemelerinden yararlanan ve hatta Napol\u00e9on\u2019un son g\u00fcnlerini ge\u00e7irdi\u011fi St. Helena\u2019ya dahi giden Roberts, hem asker\u00ee hem de siyasi tarihe dair keskin bir kavray\u0131\u015fa sahip. G\u00fcn\u00fcm\u00fcz\u00fcn \u00f6nde gelen tarih\u00e7ilerinden biri olarak, \u00f6znesinin g\u00f6rkemine ula\u015ft\u0131rmay\u0131 ba\u015fard\u0131\u011f\u0131 bu e\u015fsiz biyografiyle Napol\u00e9on\u2019u \u00e7ok daha yak\u0131ndan tan\u0131mam\u0131z\u0131 sa\u011fl\u0131yor. Hi\u00e7 \u015f\u00fcphe yok ki okur, Roberts\u2019\u0131n titiz i\u015f\u00e7ili\u011fi ve co\u015fkulu anlat\u0131m\u0131 sayesinde, Korsika\u2019dan ihtilal Fransa\u2019s\u0131n\u0131n ara sokaklar\u0131na, M\u0131s\u0131r \u00e7\u00f6llerinden Akka\u2019ya, \u0130spanya\u2019dan Rus steplerine ve hatta d\u00fcnyan\u0131n ku\u015f u\u00e7maz kervan ge\u00e7mez bir noktas\u0131nda bulunan St. Helena kayal\u0131klar\u0131na kadar Napol\u00e9on\u2019un att\u0131\u011f\u0131 her ad\u0131m\u0131 yan\u0131ndaym\u0131\u015f\u00e7as\u0131na takip edecek. Napol\u00e9on, bu tart\u0131\u015fmal\u0131 \u015fahsiyete ve modern Avrupa tarihine ilgi duyan herkesin okumas\u0131 gereken bir ba\u015fucu kitab\u0131. Roberts tarihin bu b\u00fcy\u00fcleyici d\u00f6nemine hayat vererek Napol\u00e9on\u2019u tarih anlat\u0131m\u0131n\u0131n usta i\u015fi bir \u00f6rne\u011fi haline getiriyor. <\/p>\n","protected":false},"excerpt":{"rendered":"<p>YOKSUL VE GEN\u00c7 B\u0130R SUBAYDAN G\u00d6RKEML\u0130 B\u0130R \u0130MPARATORA D\u00d6N\u00dc\u015eEN ASKER\u00ce VE S\u0130YAS\u0130 DEHA: NAPOL\u00c9ON \u201cUstal\u0131kla kaleme al\u0131nan ve destans\u0131 bir hacme sahip olan bu kitap yaz\u0131lma<span class=\"excerpt-hellip\"> [\u2026]<\/span><\/p>\n","protected":false},"featured_media":0,"template":"","meta":{"_monsterinsights_skip_tracking":false,"_monsterinsights_sitenote_active":false,"_monsterinsights_sitenote_note":"","_monsterinsights_sitenote_category":0},"product_brand":[],"product_cat":[12312,12304],"product_tag":[],"class_list":{"0":"post-748827","1":"product","2":"type-product","3":"status-publish","5":"product_cat-diger","6":"product_cat-tarih","7":"pa_cilt-ciltsiz","8":"pa_tur-kitap","9":"pa_yayinevi-kronik-kitap","10":"pa_yazar-andrew-roberts","12":"first","13":"instock","14":"sale","15":"shipping-taxable","16":"purchasable","17":"product-type-simple"},"_links":{"self":[{"href":"https:\/\/roveyayinevi.com.tr\/index.php\/wp-json\/wp\/v2\/product\/748827","targetHints":{"allow":["GET"]}}],"collection":[{"href":"https:\/\/roveyayinevi.com.tr\/index.php\/wp-json\/wp\/v2\/product"}],"about":[{"href":"https:\/\/roveyayinevi.com.tr\/index.php\/wp-json\/wp\/v2\/types\/product"}],"wp:attachment":[{"href":"https:\/\/roveyayinevi.com.tr\/index.php\/wp-json\/wp\/v2\/media?parent=748827"}],"wp:term":[{"taxonomy":"product_brand","embeddable":true,"href":"https:\/\/roveyayinevi.com.tr\/index.php\/wp-json\/wp\/v2\/product_brand?post=748827"},{"taxonomy":"product_cat","embeddable":true,"href":"https:\/\/roveyayinevi.com.tr\/index.php\/wp-json\/wp\/v2\/product_cat?post=748827"},{"taxonomy":"product_tag","embeddable":true,"href":"https:\/\/roveyayinevi.com.tr\/index.php\/wp-json\/wp\/v2\/product_tag?post=748827"}],"curies":[{"name":"wp","href":"https:\/\/api.w.org\/{rel}","templated":true}]}}