{"id":748798,"date":"2025-08-28T03:39:33","date_gmt":"2025-08-28T00:39:33","guid":{"rendered":"https:\/\/roveyayinevi.com.tr\/index.php\/urun\/buyudugum-zaman-hangi-isi-yapacagim\/"},"modified":"2026-04-08T03:08:40","modified_gmt":"2026-04-08T00:08:40","slug":"buyudugum-zaman-hangi-isi-yapacagim","status":"publish","type":"product","link":"https:\/\/roveyayinevi.com.tr\/index.php\/urun\/buyudugum-zaman-hangi-isi-yapacagim\/","title":{"rendered":"B\u00fcy\u00fcd\u00fc\u011f\u00fcm Zaman Hangi \u0130\u015fi Yapaca\u011f\u0131m?"},"content":{"rendered":"<p>Vladimir Mayakovski\u2019nin meslekler \u00fczerine yazd\u0131\u011f\u0131 bu \u015fiir-hikaye \u00e7ocuklara harika bir \u00fcslupla anlatt\u0131\u011f\u0131 eseridir.  \u00c7ocuk edebiyat\u0131 eserleri aras\u0131nda de\u011ferine uygun bir yer edinece\u011fini d\u00fc\u015f\u00fcnd\u00fc\u011f\u00fcm\u00fcz bu eseri k\u00fc\u00e7\u00fck okurlar\u0131m\u0131z ile bulu\u015fturduk. Haydi, okumaya\u2026<\/p>\n","protected":false},"excerpt":{"rendered":"<p>Vladimir Mayakovski\u2019nin meslekler \u00fczerine yazd\u0131\u011f\u0131 bu \u015fiir-hikaye \u00e7ocuklara harika bir \u00fcslupla anlatt\u0131\u011f\u0131 eseridir. \u00c7ocuk edebiyat\u0131 eserleri aras\u0131nda de\u011ferine uygun bir yer edinece\u011fini d\u00fc\u015f\u00fcnd\u00fc\u011f\u00fcm\u00fcz bu eseri k\u00fc\u00e7\u00fck<span class=\"excerpt-hellip\"> [\u2026]<\/span><\/p>\n","protected":false},"featured_media":0,"template":"","meta":{"_monsterinsights_skip_tracking":false,"_monsterinsights_sitenote_active":false,"_monsterinsights_sitenote_note":"","_monsterinsights_sitenote_category":0},"product_brand":[],"product_cat":[12274,12284],"product_tag":[],"class_list":{"0":"post-748798","1":"product","2":"type-product","3":"status-publish","5":"product_cat-cocuk-ve-genclik-kitaplari","6":"product_cat-hikayeler","7":"pa_cilt-ciltsiz","8":"pa_tur-kitap","9":"pa_yayinevi-egiten-kitap","10":"pa_yazar-vladimir-mayakovski","12":"first","13":"instock","14":"sale","15":"shipping-taxable","16":"purchasable","17":"product-type-simple"},"_links":{"self":[{"href":"https:\/\/roveyayinevi.com.tr\/index.php\/wp-json\/wp\/v2\/product\/748798","targetHints":{"allow":["GET"]}}],"collection":[{"href":"https:\/\/roveyayinevi.com.tr\/index.php\/wp-json\/wp\/v2\/product"}],"about":[{"href":"https:\/\/roveyayinevi.com.tr\/index.php\/wp-json\/wp\/v2\/types\/product"}],"wp:attachment":[{"href":"https:\/\/roveyayinevi.com.tr\/index.php\/wp-json\/wp\/v2\/media?parent=748798"}],"wp:term":[{"taxonomy":"product_brand","embeddable":true,"href":"https:\/\/roveyayinevi.com.tr\/index.php\/wp-json\/wp\/v2\/product_brand?post=748798"},{"taxonomy":"product_cat","embeddable":true,"href":"https:\/\/roveyayinevi.com.tr\/index.php\/wp-json\/wp\/v2\/product_cat?post=748798"},{"taxonomy":"product_tag","embeddable":true,"href":"https:\/\/roveyayinevi.com.tr\/index.php\/wp-json\/wp\/v2\/product_tag?post=748798"}],"curies":[{"name":"wp","href":"https:\/\/api.w.org\/{rel}","templated":true}]}}