{"id":748796,"date":"2025-08-28T03:39:31","date_gmt":"2025-08-28T00:39:31","guid":{"rendered":"https:\/\/roveyayinevi.com.tr\/index.php\/urun\/kultur-sanat-ve-sermaye-iktidar\/"},"modified":"2026-04-16T03:01:36","modified_gmt":"2026-04-16T00:01:36","slug":"kultur-sanat-ve-sermaye-iktidar","status":"publish","type":"product","link":"https:\/\/roveyayinevi.com.tr\/index.php\/urun\/kultur-sanat-ve-sermaye-iktidar\/","title":{"rendered":"K\u00fclt\u00fcr-Sanat ve Sermaye-\u0130ktidar"},"content":{"rendered":"<p>K\u00fclt\u00fcr ve sanat e\u011fer arkas\u0131nda yeterli iktisadi ve siyasi g\u00fc\u00e7 yoksa uzun s\u00fcre ayakta kalam\u0131yor, g\u00f6r\u00fcn\u00fcr olam\u0131yor. K\u00fclt\u00fcr ve sanat\u0131n ya da k\u00fclt\u00fcrel ve sanatsal \u00fcr\u00fcn\u00fcn-eserin \u00fcretimi, takip\u00e7isine ula\u015ft\u0131r\u0131lmas\u0131 iktisadi ve siyasi kurumlar\u0131n, yap\u0131lar\u0131n varl\u0131\u011f\u0131n\u0131 gerekli k\u0131lar. Hem piyasa mekanizmas\u0131 hem de devlet m\u00fcdahalesi sanat\u00e7\u0131lar aras\u0131ndaki gelir da\u011f\u0131l\u0131m\u0131ndan, sanat\u0131n propaganda ya da kapitalist vitrin olarak kullan\u0131lmas\u0131na, devletin kendi g\u00f6r\u00fc\u015f\u00fcn\u00fc dikte etmesinden, k\u00fclt\u00fcr ve sanatta demokratikle\u015fmeye, sanat\u00e7\u0131 eme\u011finin s\u00f6m\u00fcr\u00fclmesinden, malikanelerde l\u00fcks ya\u015fant\u0131lar\u0131n\u0131 s\u00fcrd\u00fcren sanat\u00e7\u0131lara kadar bir\u00e7ok konuyu etkiler. Politik iktisat bu etkilerin nas\u0131l ortaya \u00e7\u0131kt\u0131\u011f\u0131n\u0131 ara\u015ft\u0131r\u0131r. Heterodoks yakla\u015f\u0131m da kapitalizmin do\u011fas\u0131n\u0131 saklayan neo-klasik iktisada \u00f6nemli bir rakip y\u00f6ntemi ve analiz ara\u00e7lar\u0131n\u0131 kullan\u0131r.  Bu kitapta bu konular hakk\u0131nda ayr\u0131nt\u0131l\u0131 g\u00f6zlemler, ak\u0131l kurcalayan sorular, provokatif c\u00fcmlelerin arkas\u0131ndan gelen derinlemesine analizler vard\u0131r.<\/p>\n","protected":false},"excerpt":{"rendered":"<p>K\u00fclt\u00fcr ve sanat e\u011fer arkas\u0131nda yeterli iktisadi ve siyasi g\u00fc\u00e7 yoksa uzun s\u00fcre ayakta kalam\u0131yor, g\u00f6r\u00fcn\u00fcr olam\u0131yor. K\u00fclt\u00fcr ve sanat\u0131n ya da k\u00fclt\u00fcrel ve sanatsal \u00fcr\u00fcn\u00fcn-eserin<span class=\"excerpt-hellip\"> [\u2026]<\/span><\/p>\n","protected":false},"featured_media":0,"template":"","meta":{"_monsterinsights_skip_tracking":false,"_monsterinsights_sitenote_active":false,"_monsterinsights_sitenote_note":"","_monsterinsights_sitenote_category":0},"product_brand":[],"product_cat":[13590,12337],"product_tag":[],"class_list":{"0":"post-748796","1":"product","2":"type-product","3":"status-publish","5":"product_cat-arastirma-inceleme-politika-siyaset","6":"product_cat-politika-siyaset","7":"pa_cilt-ciltsiz","8":"pa_tur-kitap","9":"pa_yayinevi-alfa-yayinlari","10":"pa_yazar-sacit-hadi-akdede","12":"first","13":"instock","14":"sale","15":"shipping-taxable","16":"purchasable","17":"product-type-simple"},"_links":{"self":[{"href":"https:\/\/roveyayinevi.com.tr\/index.php\/wp-json\/wp\/v2\/product\/748796","targetHints":{"allow":["GET"]}}],"collection":[{"href":"https:\/\/roveyayinevi.com.tr\/index.php\/wp-json\/wp\/v2\/product"}],"about":[{"href":"https:\/\/roveyayinevi.com.tr\/index.php\/wp-json\/wp\/v2\/types\/product"}],"wp:attachment":[{"href":"https:\/\/roveyayinevi.com.tr\/index.php\/wp-json\/wp\/v2\/media?parent=748796"}],"wp:term":[{"taxonomy":"product_brand","embeddable":true,"href":"https:\/\/roveyayinevi.com.tr\/index.php\/wp-json\/wp\/v2\/product_brand?post=748796"},{"taxonomy":"product_cat","embeddable":true,"href":"https:\/\/roveyayinevi.com.tr\/index.php\/wp-json\/wp\/v2\/product_cat?post=748796"},{"taxonomy":"product_tag","embeddable":true,"href":"https:\/\/roveyayinevi.com.tr\/index.php\/wp-json\/wp\/v2\/product_tag?post=748796"}],"curies":[{"name":"wp","href":"https:\/\/api.w.org\/{rel}","templated":true}]}}