{"id":748779,"date":"2025-08-28T03:39:07","date_gmt":"2025-08-28T00:39:07","guid":{"rendered":"https:\/\/roveyayinevi.com.tr\/index.php\/urun\/karadaki-hayvanlar-ara-bul-allah-ne-guzel-yaratmis\/"},"modified":"2026-04-16T03:01:35","modified_gmt":"2026-04-16T00:01:35","slug":"karadaki-hayvanlar-ara-bul-allah-ne-guzel-yaratmis","status":"publish","type":"product","link":"https:\/\/roveyayinevi.com.tr\/index.php\/urun\/karadaki-hayvanlar-ara-bul-allah-ne-guzel-yaratmis\/","title":{"rendered":"Karadaki Hayvanlar &#8211; Ara Bul \/ Allah Ne G\u00fczel Yaratm\u0131\u015f"},"content":{"rendered":"<p>Merhaba d\u00fcnyay\u0131 ve canl\u0131lar\u0131 yeni yeni \u00f6\u011frenen minik okur. Hayranl\u0131kla bakt\u0131\u011f\u0131n bu \u015firin hayvanlar ne kadar da g\u00fczel de\u011fil mi! Onlar\u0131, t\u0131pk\u0131 senin gibi, bu kadar g\u00fczel yaratan Allah. Haydi a\u00e7al\u0131m kitab\u0131m\u0131z\u0131 ve senin i\u00e7in haz\u0131rlad\u0131\u011f\u0131m\u0131z s\u00fcrprizleri beraber g\u00f6relim. <\/p>\n","protected":false},"excerpt":{"rendered":"<p>Merhaba d\u00fcnyay\u0131 ve canl\u0131lar\u0131 yeni yeni \u00f6\u011frenen minik okur. Hayranl\u0131kla bakt\u0131\u011f\u0131n bu \u015firin hayvanlar ne kadar da g\u00fczel de\u011fil mi! Onlar\u0131, t\u0131pk\u0131 senin gibi, bu kadar<span class=\"excerpt-hellip\"> [\u2026]<\/span><\/p>\n","protected":false},"featured_media":0,"template":"","meta":{"_monsterinsights_skip_tracking":false,"_monsterinsights_sitenote_active":false,"_monsterinsights_sitenote_note":"","_monsterinsights_sitenote_category":0},"product_brand":[],"product_cat":[12274,18802],"product_tag":[],"class_list":{"0":"post-748779","1":"product","2":"type-product","3":"status-publish","5":"product_cat-cocuk-ve-genclik-kitaplari","6":"product_cat-din-egitimi","7":"pa_cilt-ciltsiz","8":"pa_tur-kitap","9":"pa_yayinevi-gulce-kitap","10":"pa_yazar-hekimoglu-ismail","12":"first","13":"instock","14":"sale","15":"shipping-taxable","16":"purchasable","17":"product-type-simple"},"_links":{"self":[{"href":"https:\/\/roveyayinevi.com.tr\/index.php\/wp-json\/wp\/v2\/product\/748779","targetHints":{"allow":["GET"]}}],"collection":[{"href":"https:\/\/roveyayinevi.com.tr\/index.php\/wp-json\/wp\/v2\/product"}],"about":[{"href":"https:\/\/roveyayinevi.com.tr\/index.php\/wp-json\/wp\/v2\/types\/product"}],"wp:attachment":[{"href":"https:\/\/roveyayinevi.com.tr\/index.php\/wp-json\/wp\/v2\/media?parent=748779"}],"wp:term":[{"taxonomy":"product_brand","embeddable":true,"href":"https:\/\/roveyayinevi.com.tr\/index.php\/wp-json\/wp\/v2\/product_brand?post=748779"},{"taxonomy":"product_cat","embeddable":true,"href":"https:\/\/roveyayinevi.com.tr\/index.php\/wp-json\/wp\/v2\/product_cat?post=748779"},{"taxonomy":"product_tag","embeddable":true,"href":"https:\/\/roveyayinevi.com.tr\/index.php\/wp-json\/wp\/v2\/product_tag?post=748779"}],"curies":[{"name":"wp","href":"https:\/\/api.w.org\/{rel}","templated":true}]}}