{"id":748768,"date":"2025-08-28T03:38:50","date_gmt":"2025-08-28T00:38:50","guid":{"rendered":"https:\/\/roveyayinevi.com.tr\/index.php\/urun\/eyvah-kayboldum-ormandaki-macera\/"},"modified":"2026-04-16T03:01:35","modified_gmt":"2026-04-16T00:01:35","slug":"eyvah-kayboldum-ormandaki-macera","status":"publish","type":"product","link":"https:\/\/roveyayinevi.com.tr\/index.php\/urun\/eyvah-kayboldum-ormandaki-macera\/","title":{"rendered":"Eyvah Kayboldum! &#8211; Ormandaki Macera"},"content":{"rendered":"<p>Sevimli Geyik, ormanda gezerken birinin yard\u0131m istedi\u011fini duyar. Minik Ku\u015f, d\u00fc\u015ferken kanad\u0131n\u0131 yaralam\u0131\u015f ve daha s\u0131cak bir \u00fclkeye u\u00e7makta olan s\u00fcr\u00fcs\u00fcnden ayr\u0131 kalm\u0131\u015ft\u0131r. Geyik, Minik Ku\u015f&#8217;a yard\u0131m etme konusunda heveslidir ve ormandaki arkada\u015flar\u0131yla onu tan\u0131\u015ft\u0131r\u0131r. Orman halk\u0131 ona g\u00fcne\u015fi takip ederse s\u00fcr\u00fcs\u00fcn\u00fc bulabilece\u011fini s\u00f6yler. Ama art\u0131k u\u00e7amazken bunu nas\u0131l ba\u015farabilir ki?Geyik, kanad\u0131 k\u0131r\u0131k ku\u015fla beraber yolculu\u011fa \u00e7\u0131kacak, iki dost mevsimden mevsime ge\u00e7ip \u0131ss\u0131z do\u011fada bir dizi maceraya at\u0131lacaklar.Arkada\u015f\u0131n\u0131n engelleri a\u015fmas\u0131na yard\u0131m etme konusunda ilham veren etkileyici bir masal&#8230;<\/p>\n","protected":false},"excerpt":{"rendered":"<p>Sevimli Geyik, ormanda gezerken birinin yard\u0131m istedi\u011fini duyar. Minik Ku\u015f, d\u00fc\u015ferken kanad\u0131n\u0131 yaralam\u0131\u015f ve daha s\u0131cak bir \u00fclkeye u\u00e7makta olan s\u00fcr\u00fcs\u00fcnden ayr\u0131 kalm\u0131\u015ft\u0131r. Geyik, Minik Ku\u015f&#8217;a<span class=\"excerpt-hellip\"> [\u2026]<\/span><\/p>\n","protected":false},"featured_media":0,"template":"","meta":{"_monsterinsights_skip_tracking":false,"_monsterinsights_sitenote_active":false,"_monsterinsights_sitenote_note":"","_monsterinsights_sitenote_category":0},"product_brand":[],"product_cat":[12274,12284],"product_tag":[],"class_list":{"0":"post-748768","1":"product","2":"type-product","3":"status-publish","5":"product_cat-cocuk-ve-genclik-kitaplari","6":"product_cat-hikayeler","7":"pa_cilt-ciltsiz","8":"pa_tur-kitap","9":"pa_yayinevi-timas-cocuk","10":"pa_yazar-patricia-hegarty","12":"first","13":"instock","14":"sale","15":"shipping-taxable","16":"purchasable","17":"product-type-simple"},"_links":{"self":[{"href":"https:\/\/roveyayinevi.com.tr\/index.php\/wp-json\/wp\/v2\/product\/748768","targetHints":{"allow":["GET"]}}],"collection":[{"href":"https:\/\/roveyayinevi.com.tr\/index.php\/wp-json\/wp\/v2\/product"}],"about":[{"href":"https:\/\/roveyayinevi.com.tr\/index.php\/wp-json\/wp\/v2\/types\/product"}],"wp:attachment":[{"href":"https:\/\/roveyayinevi.com.tr\/index.php\/wp-json\/wp\/v2\/media?parent=748768"}],"wp:term":[{"taxonomy":"product_brand","embeddable":true,"href":"https:\/\/roveyayinevi.com.tr\/index.php\/wp-json\/wp\/v2\/product_brand?post=748768"},{"taxonomy":"product_cat","embeddable":true,"href":"https:\/\/roveyayinevi.com.tr\/index.php\/wp-json\/wp\/v2\/product_cat?post=748768"},{"taxonomy":"product_tag","embeddable":true,"href":"https:\/\/roveyayinevi.com.tr\/index.php\/wp-json\/wp\/v2\/product_tag?post=748768"}],"curies":[{"name":"wp","href":"https:\/\/api.w.org\/{rel}","templated":true}]}}