{"id":748744,"date":"2025-08-28T03:38:19","date_gmt":"2025-08-28T00:38:19","guid":{"rendered":"https:\/\/roveyayinevi.com.tr\/index.php\/urun\/tophane-i-amire-musiriyeti\/"},"modified":"2026-04-16T03:01:35","modified_gmt":"2026-04-16T00:01:35","slug":"tophane-i-amire-musiriyeti","status":"publish","type":"product","link":"https:\/\/roveyayinevi.com.tr\/index.php\/urun\/tophane-i-amire-musiriyeti\/","title":{"rendered":"Tophane-i Amire M\u00fc\u015firiyeti"},"content":{"rendered":"<p>Fatih Sultan Mehmed\u2019in \u0130stanbul\u2019u fethetmesi sonras\u0131nda temelleri at\u0131lan ve sonraki padi\u015fahlar\u0131n d\u00f6nemlerinde geli\u015ftirilerek b\u00fcy\u00fck bir asker\u00ee sanayi merkezi h\u00e2line getirilen Tophane-i \u00c2mire, 1826 y\u0131l\u0131nda Yeni\u00e7eri Oca\u011f\u0131\u2019n\u0131n kald\u0131r\u0131lmas\u0131 ile Top\u00e7u Oca\u011f\u0131 olarak Osmanl\u0131 asker\u00ee sistemi i\u00e7erisinde varl\u0131\u011f\u0131n\u0131 korudu. 1832 y\u0131l\u0131na gelindi\u011finde ise Top\u00e7u Oca\u011f\u0131 yerini Tophane-i \u00c2mire M\u00fc\u015firiyeti\u2019ne b\u0131rakt\u0131.Tophane-i \u00c2mire M\u00fc\u015firiyeti adl\u0131 bu eser, M\u00fc\u015firiyet olarak ihdas edilmesi sonras\u0131nda merkez\u00ee modern bir asker\u00ee kurum h\u00fcviyetine kavu\u015fturulan Tophane-i \u00c2mire M\u00fc\u015firiyeti\u2019nin te\u015fkilat yap\u0131s\u0131 ile kendisine ba\u011fl\u0131 kurum ve nezaretlerin idari organizasyonunu ilk defa b\u00fct\u00fcnc\u00fcl bir \u015fekilde ele alarak konuyla ilgili yap\u0131lm\u0131\u015f di\u011fer \u00e7al\u0131\u015fmalardan ayr\u0131l\u0131yor. Yazar Dr. P\u0131nar \u00c7evik Azap ayr\u0131ca Osmanl\u0131 kara ordusu asker\u00ee imalat ve ithalat\u0131n\u0131n ger\u00e7ekle\u015ftirildi\u011fi yeg\u00e2ne kurum olma \u00f6zelli\u011fine sahip olan Tophane-i \u00c2mire M\u00fc\u015firiyeti\u2019nin asker\u00ee sanayiinin idaresindeki fonksiyonunu titizlikle inceliyor.P\u0131nar \u00c7evik Azap, Tophane-i \u00c2mire M\u00fc\u015firiyeti\u2019nin idari yap\u0131s\u0131n\u0131 incelerken, bu kurumla ili\u015fkili \u00e7ok say\u0131da farkl\u0131 kurum ve yap\u0131 hakk\u0131nda da de\u011ferli bilgiler sunuyor. Tophane-i \u00c2mire M\u00fc\u015firiyeti\u2019ne ba\u011fl\u0131 Karantina Nezareti ve M\u00fchendishane-i Berri-i H\u00fcmayun\u2019a ek olarak, \u015fehrin farkl\u0131 b\u00f6lgelerinde yer alan top\u00e7u k\u0131\u015flalar\u0131, fabrikalar, asker\u00ee hastaneler, poligon-\u0131 h\u00fcmayunlar gibi d\u00f6nemin simgesi h\u00e2line gelmi\u015f baz\u0131 yap\u0131 ve tesisleri de \u00e7al\u0131\u015fmaya d\u00e2hil ederek Tophane-i \u00c2mire M\u00fc\u015firiyeti etraf\u0131nda \u015fekillenen Osmanl\u0131 asker\u00ee sanayiinin bir panoramas\u0131n\u0131 veriyor ve b\u00f6ylelikle d\u00f6neme dair b\u00fct\u00fcnc\u00fcl bir okuma yapma imk\u00e2n\u0131 sa\u011fl\u0131yor.<\/p>\n","protected":false},"excerpt":{"rendered":"<p>Fatih Sultan Mehmed\u2019in \u0130stanbul\u2019u fethetmesi sonras\u0131nda temelleri at\u0131lan ve sonraki padi\u015fahlar\u0131n d\u00f6nemlerinde geli\u015ftirilerek b\u00fcy\u00fck bir asker\u00ee sanayi merkezi h\u00e2line getirilen Tophane-i \u00c2mire, 1826 y\u0131l\u0131nda Yeni\u00e7eri Oca\u011f\u0131\u2019n\u0131n<span class=\"excerpt-hellip\"> [\u2026]<\/span><\/p>\n","protected":false},"featured_media":0,"template":"","meta":{"_monsterinsights_skip_tracking":false,"_monsterinsights_sitenote_active":false,"_monsterinsights_sitenote_note":"","_monsterinsights_sitenote_category":0},"product_brand":[],"product_cat":[13517,12304],"product_tag":[],"class_list":{"0":"post-748744","1":"product","2":"type-product","3":"status-publish","5":"product_cat-osmanli-tarihi","6":"product_cat-tarih","7":"pa_cilt-ciltsiz","8":"pa_tur-kitap","9":"pa_yayinevi-timas-akademi-yayinlari","10":"pa_yazar-pinar-cevik-azap","12":"first","13":"instock","14":"sale","15":"shipping-taxable","16":"purchasable","17":"product-type-simple"},"_links":{"self":[{"href":"https:\/\/roveyayinevi.com.tr\/index.php\/wp-json\/wp\/v2\/product\/748744","targetHints":{"allow":["GET"]}}],"collection":[{"href":"https:\/\/roveyayinevi.com.tr\/index.php\/wp-json\/wp\/v2\/product"}],"about":[{"href":"https:\/\/roveyayinevi.com.tr\/index.php\/wp-json\/wp\/v2\/types\/product"}],"wp:attachment":[{"href":"https:\/\/roveyayinevi.com.tr\/index.php\/wp-json\/wp\/v2\/media?parent=748744"}],"wp:term":[{"taxonomy":"product_brand","embeddable":true,"href":"https:\/\/roveyayinevi.com.tr\/index.php\/wp-json\/wp\/v2\/product_brand?post=748744"},{"taxonomy":"product_cat","embeddable":true,"href":"https:\/\/roveyayinevi.com.tr\/index.php\/wp-json\/wp\/v2\/product_cat?post=748744"},{"taxonomy":"product_tag","embeddable":true,"href":"https:\/\/roveyayinevi.com.tr\/index.php\/wp-json\/wp\/v2\/product_tag?post=748744"}],"curies":[{"name":"wp","href":"https:\/\/api.w.org\/{rel}","templated":true}]}}