{"id":748743,"date":"2025-08-28T03:38:18","date_gmt":"2025-08-28T00:38:18","guid":{"rendered":"https:\/\/roveyayinevi.com.tr\/index.php\/urun\/spor-bilimlerinde-metodolojik-egilimler-ve-guncel-tartismalar\/"},"modified":"2026-04-16T03:01:34","modified_gmt":"2026-04-16T00:01:34","slug":"spor-bilimlerinde-metodolojik-egilimler-ve-guncel-tartismalar","status":"publish","type":"product","link":"https:\/\/roveyayinevi.com.tr\/index.php\/urun\/spor-bilimlerinde-metodolojik-egilimler-ve-guncel-tartismalar\/","title":{"rendered":"Spor Bilimlerinde Metodolojik E\u011filimler ve G\u00fcncel Tart\u0131\u015fmalar"},"content":{"rendered":"<p>\u00b7         ADIM ADIM F\u0130Z\u0130KSEL OKURYAZARLIK \u00b7         FUTBOLDA YAPILAN ANTRENMANLARIN \u015eUT HIZINA ETK\u0130S\u0130 \u00b7         M\u00dcCADELE SPORLARINDA DENGEN\u0130N \u00d6NEM\u0130 \u00b7         M\u0130LENYUMDA T\u00dcRK G\u00dcRE\u015e\u0130N\u0130N OL\u0130MP\u0130YAT SINAVI \u00b7         ERGOJEN\u0130K YARDIMCILARIN SPORDA KULLANIMI VE DOP\u0130NG SORUNU \u00b7         EMEK VE ARTI DE\u011eER BA\u011eLAMINDA FUTBOL \u00b7         MAKS\u0130MUM OKS\u0130JEN KAPAS\u0130TES\u0130N\u0130N BEL\u0130RLENMES\u0130NDE KULLANILAN ARALIKLI DAYANIKLILIK TESTLER\u0130NDEN YO-YO ARALIKLI TOPARLANMA TEST\u0130 (SEV\u0130YE-1) VE 30-15 INTERM\u0130TTENT F\u0130TNESS TEST\u2019\u0130N BAZI F\u0130ZYOLOJ\u0130K PARAMETRELER\u0130N\u0130N KAR\u015eILA\u015eTIRILMASI \u00b7         FUTBOL TARAFTARLI\u011eI, K\u0130ML\u0130K VE \u015e\u0130DDET \u00b7         OSTEOPOROZ VE OSTEOPEN\u0130L\u0130 POSTMENAPOZAL KADINLARDA FARKLI EGZERS\u0130Z T\u00dcRLER\u0130N\u0130N ETK\u0130S\u0130 \u00b7         Y\u00dcKSEK \u015e\u0130DDETL\u0130 \u0130NTERVAL ANTRENMANLARI PLANLAMA UYGULAMALARI \u00b7         Z\u0130HNEN VE BEDENEN SA\u011eLIKLI NES\u0130LLER \u0130\u00c7\u0130N B\u0130R ARA\u00c7: B\u00dcY\u00dcME \u00c7A\u011eINDA ORYANT\u0130R\u0130NG SPORU \u00b7         PROFESYONEL SPORCU OLMA YOLUNDA \u00d6NEML\u0130 KR\u0130TERLER \u00b7         ANTREN\u00d6RL\u00dcKTE \u00c7A\u011eDA\u015e YAKLA\u015eIMLAR \u00b7         SPORDA \u0130LET\u0130\u015e\u0130M PL\u0130OMETR\u0130K ANTRENMAN KURAMI<\/p>\n","protected":false},"excerpt":{"rendered":"<p>\u00b7 ADIM ADIM F\u0130Z\u0130KSEL OKURYAZARLIK \u00b7 FUTBOLDA YAPILAN ANTRENMANLARIN \u015eUT HIZINA ETK\u0130S\u0130 \u00b7 M\u00dcCADELE SPORLARINDA DENGEN\u0130N \u00d6NEM\u0130 \u00b7 M\u0130LENYUMDA T\u00dcRK G\u00dcRE\u015e\u0130N\u0130N OL\u0130MP\u0130YAT SINAVI \u00b7 ERGOJEN\u0130K YARDIMCILARIN<span class=\"excerpt-hellip\"> [\u2026]<\/span><\/p>\n","protected":false},"featured_media":0,"template":"","meta":{"_monsterinsights_skip_tracking":false,"_monsterinsights_sitenote_active":false,"_monsterinsights_sitenote_note":"","_monsterinsights_sitenote_category":0},"product_brand":[],"product_cat":[15563,15564],"product_tag":[],"class_list":{"0":"post-748743","1":"product","2":"type-product","3":"status-publish","5":"product_cat-hobi","6":"product_cat-spor","7":"pa_cilt-ciltsiz","8":"pa_tur-kitap","9":"pa_yayinevi-gazi-kitabevi","10":"pa_yazar-kolektif","12":"first","13":"instock","14":"sale","15":"shipping-taxable","16":"purchasable","17":"product-type-simple"},"_links":{"self":[{"href":"https:\/\/roveyayinevi.com.tr\/index.php\/wp-json\/wp\/v2\/product\/748743","targetHints":{"allow":["GET"]}}],"collection":[{"href":"https:\/\/roveyayinevi.com.tr\/index.php\/wp-json\/wp\/v2\/product"}],"about":[{"href":"https:\/\/roveyayinevi.com.tr\/index.php\/wp-json\/wp\/v2\/types\/product"}],"wp:attachment":[{"href":"https:\/\/roveyayinevi.com.tr\/index.php\/wp-json\/wp\/v2\/media?parent=748743"}],"wp:term":[{"taxonomy":"product_brand","embeddable":true,"href":"https:\/\/roveyayinevi.com.tr\/index.php\/wp-json\/wp\/v2\/product_brand?post=748743"},{"taxonomy":"product_cat","embeddable":true,"href":"https:\/\/roveyayinevi.com.tr\/index.php\/wp-json\/wp\/v2\/product_cat?post=748743"},{"taxonomy":"product_tag","embeddable":true,"href":"https:\/\/roveyayinevi.com.tr\/index.php\/wp-json\/wp\/v2\/product_tag?post=748743"}],"curies":[{"name":"wp","href":"https:\/\/api.w.org\/{rel}","templated":true}]}}