{"id":748740,"date":"2025-08-28T03:38:15","date_gmt":"2025-08-28T00:38:15","guid":{"rendered":"https:\/\/roveyayinevi.com.tr\/index.php\/urun\/futbolun-fizyolojik-temelleri\/"},"modified":"2026-04-16T03:01:34","modified_gmt":"2026-04-16T00:01:34","slug":"futbolun-fizyolojik-temelleri","status":"publish","type":"product","link":"https:\/\/roveyayinevi.com.tr\/index.php\/urun\/futbolun-fizyolojik-temelleri\/","title":{"rendered":"Futbolun Fizyolojik Temelleri"},"content":{"rendered":"<p>Birinci B\u00f6l\u00fcm Futbolda Enerji Sistemleri \u0130kinci B\u00f6l\u00fcm Futbolda Kas Sistemati\u011f \u00dc\u00e7\u00fcnc\u00fc B\u00f6l\u00fcm Futbolda Solunum Sistemi D\u00f6rd\u00fcnc\u00fc B\u00f6l\u00fcm Futbolda Kardiyovask\u00fcler Sistem Be\u015finci B\u00f6l\u00fcm Futbolda Sinir Sistemi Alt\u0131nc\u0131 B\u00f6l\u00fcm Futbolda S\u00fcrantrenman Yedinci B\u00f6l\u00fcm Futbolda Beslenme Sekizinci B\u00f6l\u00fcm Futbolda S\u0131v\u0131 Dengesi ve Dehidrasyon Dokuzuncu B\u00f6l\u00fcm Futbolda Is\u0131nma ve So\u011fuma Onuncu B\u00f6l\u00fcm Futbolda Toparlanma<\/p>\n","protected":false},"excerpt":{"rendered":"<p>Birinci B\u00f6l\u00fcm Futbolda Enerji Sistemleri \u0130kinci B\u00f6l\u00fcm Futbolda Kas Sistemati\u011f \u00dc\u00e7\u00fcnc\u00fc B\u00f6l\u00fcm Futbolda Solunum Sistemi D\u00f6rd\u00fcnc\u00fc B\u00f6l\u00fcm Futbolda Kardiyovask\u00fcler Sistem Be\u015finci B\u00f6l\u00fcm Futbolda Sinir Sistemi Alt\u0131nc\u0131<span class=\"excerpt-hellip\"> [\u2026]<\/span><\/p>\n","protected":false},"featured_media":0,"template":"","meta":{"_monsterinsights_skip_tracking":false,"_monsterinsights_sitenote_active":false,"_monsterinsights_sitenote_note":"","_monsterinsights_sitenote_category":0},"product_brand":[],"product_cat":[15563,15564],"product_tag":[],"class_list":{"0":"post-748740","1":"product","2":"type-product","3":"status-publish","5":"product_cat-hobi","6":"product_cat-spor","7":"pa_cilt-ciltsiz","8":"pa_tur-kitap","9":"pa_yayinevi-gazi-kitabevi","10":"pa_yazar-kolektif","12":"first","13":"instock","14":"sale","15":"shipping-taxable","16":"purchasable","17":"product-type-simple"},"_links":{"self":[{"href":"https:\/\/roveyayinevi.com.tr\/index.php\/wp-json\/wp\/v2\/product\/748740","targetHints":{"allow":["GET"]}}],"collection":[{"href":"https:\/\/roveyayinevi.com.tr\/index.php\/wp-json\/wp\/v2\/product"}],"about":[{"href":"https:\/\/roveyayinevi.com.tr\/index.php\/wp-json\/wp\/v2\/types\/product"}],"wp:attachment":[{"href":"https:\/\/roveyayinevi.com.tr\/index.php\/wp-json\/wp\/v2\/media?parent=748740"}],"wp:term":[{"taxonomy":"product_brand","embeddable":true,"href":"https:\/\/roveyayinevi.com.tr\/index.php\/wp-json\/wp\/v2\/product_brand?post=748740"},{"taxonomy":"product_cat","embeddable":true,"href":"https:\/\/roveyayinevi.com.tr\/index.php\/wp-json\/wp\/v2\/product_cat?post=748740"},{"taxonomy":"product_tag","embeddable":true,"href":"https:\/\/roveyayinevi.com.tr\/index.php\/wp-json\/wp\/v2\/product_tag?post=748740"}],"curies":[{"name":"wp","href":"https:\/\/api.w.org\/{rel}","templated":true}]}}