{"id":748728,"date":"2025-08-28T03:37:58","date_gmt":"2025-08-28T00:37:58","guid":{"rendered":"https:\/\/roveyayinevi.com.tr\/index.php\/urun\/mecnun-degilsin-ki-leyla-senin-neyine\/"},"modified":"2026-04-16T03:01:34","modified_gmt":"2026-04-16T00:01:34","slug":"mecnun-degilsin-ki-leyla-senin-neyine","status":"publish","type":"product","link":"https:\/\/roveyayinevi.com.tr\/index.php\/urun\/mecnun-degilsin-ki-leyla-senin-neyine\/","title":{"rendered":"Mecnun De\u011filsin ki ; Leyla Senin Neyine"},"content":{"rendered":"<p>Baz\u0131 \u015feyler vard\u0131r ki ya\u015fanmad\u0131\u011f\u0131 h\u00e2lde ho\u015f g\u00f6z\u00fck\u00fcr insana. \u201cUzaktan davulun sesi ho\u015f gelir\u201d misali. Ya\u015fand\u0131\u011f\u0131 zaman sihri bozuluyormu\u015f me\u011fer.   Ve sen ey sevgili! Ke\u015fke hayalimde g\u00fczel bir iz b\u0131rakabilseydin! Senin vef\u00e2s\u0131z biri oldu\u011funu anlamam, belki senden bir \u015fey eksiltmedi, ama benim hayallerimi y\u0131kt\u0131. Art\u0131k hayal kurmuyorum\u2026 Bir daha sevebilir miyim, bilemiyorum!&#8230; Bu roman, g\u00fcn\u00fcm\u00fcz\u00fcn aile i\u00e7i sosyal konular\u0131 ger\u00e7ek\u00e7i bir dille g\u00fcndeme getiren hayata ili\u015fkin anlat\u0131d\u0131r. <\/p>\n","protected":false},"excerpt":{"rendered":"<p>Baz\u0131 \u015feyler vard\u0131r ki ya\u015fanmad\u0131\u011f\u0131 h\u00e2lde ho\u015f g\u00f6z\u00fck\u00fcr insana. \u201cUzaktan davulun sesi ho\u015f gelir\u201d misali. Ya\u015fand\u0131\u011f\u0131 zaman sihri bozuluyormu\u015f me\u011fer. Ve sen ey sevgili! Ke\u015fke hayalimde<span class=\"excerpt-hellip\"> [\u2026]<\/span><\/p>\n","protected":false},"featured_media":0,"template":"","meta":{"_monsterinsights_skip_tracking":false,"_monsterinsights_sitenote_active":false,"_monsterinsights_sitenote_note":"","_monsterinsights_sitenote_category":0},"product_brand":[],"product_cat":[12291,12711],"product_tag":[],"class_list":{"0":"post-748728","1":"product","2":"type-product","3":"status-publish","5":"product_cat-edebiyat","6":"product_cat-roman-oyku","7":"pa_cilt-ciltsiz","8":"pa_tur-kitap","9":"pa_yayinevi-kultur-ajans-yayinlari","10":"pa_yazar-meryem-can-ergin","12":"first","13":"instock","14":"sale","15":"shipping-taxable","16":"purchasable","17":"product-type-simple"},"_links":{"self":[{"href":"https:\/\/roveyayinevi.com.tr\/index.php\/wp-json\/wp\/v2\/product\/748728","targetHints":{"allow":["GET"]}}],"collection":[{"href":"https:\/\/roveyayinevi.com.tr\/index.php\/wp-json\/wp\/v2\/product"}],"about":[{"href":"https:\/\/roveyayinevi.com.tr\/index.php\/wp-json\/wp\/v2\/types\/product"}],"wp:attachment":[{"href":"https:\/\/roveyayinevi.com.tr\/index.php\/wp-json\/wp\/v2\/media?parent=748728"}],"wp:term":[{"taxonomy":"product_brand","embeddable":true,"href":"https:\/\/roveyayinevi.com.tr\/index.php\/wp-json\/wp\/v2\/product_brand?post=748728"},{"taxonomy":"product_cat","embeddable":true,"href":"https:\/\/roveyayinevi.com.tr\/index.php\/wp-json\/wp\/v2\/product_cat?post=748728"},{"taxonomy":"product_tag","embeddable":true,"href":"https:\/\/roveyayinevi.com.tr\/index.php\/wp-json\/wp\/v2\/product_tag?post=748728"}],"curies":[{"name":"wp","href":"https:\/\/api.w.org\/{rel}","templated":true}]}}