{"id":748697,"date":"2025-08-28T03:37:16","date_gmt":"2025-08-28T00:37:16","guid":{"rendered":"https:\/\/roveyayinevi.com.tr\/index.php\/urun\/spor-bilimlerine-kuramsal-bakis-2\/"},"modified":"2026-04-16T03:01:33","modified_gmt":"2026-04-16T00:01:33","slug":"spor-bilimlerine-kuramsal-bakis-2","status":"publish","type":"product","link":"https:\/\/roveyayinevi.com.tr\/index.php\/urun\/spor-bilimlerine-kuramsal-bakis-2\/","title":{"rendered":"Spor Bilimlerine Kuramsal Bak\u0131\u015f 2"},"content":{"rendered":"<p>\u00b7         VOLEYBOLCULARDA CORE STAB\u0130L\u0130ZASYON KUVVET\u0130N\u0130N BAZI F\u0130Z\u0130KSEL PARAMETRELERE ETK\u0130S\u0130 \u00b7         M\u0130YOFASYAL GEV\u015eETME TEKN\u0130KLER\u0130N\u0130N PERFORMANS \u00dcZER\u0130NE ETK\u0130LER\u0130N\u0130N \u0130NCELENMES\u0130: S\u0130STEMAT\u0130K DERLEME \u00b7         AMAT\u00d6R FUTBOLCULARIN YEN\u0130 T\u0130P COV\u0130D-19\u2019A YAKALANMA KAYGILARININ \u0130NCELENMES\u0130 \u00b7         SPORDA METAVERSEN\u0130N YER\u0130 VE KULLANIM ALANLARI \u00b7         B\u0130REYSEL SPORCULARIN ALGILADIKLARI ANTREN\u00d6R DAVRANI\u015eLARI \u00b7         B\u0130R MARKANIN TANITIM ARACI: SPORDA SPONSORLUK \u00b7         SPORT\u0130F PERFORMANS \u00dcZER\u0130NDE EP\u0130GENET\u0130K FAKT\u00d6RLER\u0130N ETK\u0130S\u0130   <\/p>\n","protected":false},"excerpt":{"rendered":"<p>\u00b7 VOLEYBOLCULARDA CORE STAB\u0130L\u0130ZASYON KUVVET\u0130N\u0130N BAZI F\u0130Z\u0130KSEL PARAMETRELERE ETK\u0130S\u0130 \u00b7 M\u0130YOFASYAL GEV\u015eETME TEKN\u0130KLER\u0130N\u0130N PERFORMANS \u00dcZER\u0130NE ETK\u0130LER\u0130N\u0130N \u0130NCELENMES\u0130: S\u0130STEMAT\u0130K DERLEME \u00b7 AMAT\u00d6R FUTBOLCULARIN YEN\u0130 T\u0130P COV\u0130D-19\u2019A YAKALANMA<span class=\"excerpt-hellip\"> [\u2026]<\/span><\/p>\n","protected":false},"featured_media":0,"template":"","meta":{"_monsterinsights_skip_tracking":false,"_monsterinsights_sitenote_active":false,"_monsterinsights_sitenote_note":"","_monsterinsights_sitenote_category":0},"product_brand":[],"product_cat":[15563,15564],"product_tag":[],"class_list":{"0":"post-748697","1":"product","2":"type-product","3":"status-publish","5":"product_cat-hobi","6":"product_cat-spor","7":"pa_cilt-ciltsiz","8":"pa_tur-kitap","9":"pa_yayinevi-gazi-kitabevi","10":"pa_yazar-kolektif","12":"first","13":"instock","14":"sale","15":"shipping-taxable","16":"purchasable","17":"product-type-simple"},"_links":{"self":[{"href":"https:\/\/roveyayinevi.com.tr\/index.php\/wp-json\/wp\/v2\/product\/748697","targetHints":{"allow":["GET"]}}],"collection":[{"href":"https:\/\/roveyayinevi.com.tr\/index.php\/wp-json\/wp\/v2\/product"}],"about":[{"href":"https:\/\/roveyayinevi.com.tr\/index.php\/wp-json\/wp\/v2\/types\/product"}],"wp:attachment":[{"href":"https:\/\/roveyayinevi.com.tr\/index.php\/wp-json\/wp\/v2\/media?parent=748697"}],"wp:term":[{"taxonomy":"product_brand","embeddable":true,"href":"https:\/\/roveyayinevi.com.tr\/index.php\/wp-json\/wp\/v2\/product_brand?post=748697"},{"taxonomy":"product_cat","embeddable":true,"href":"https:\/\/roveyayinevi.com.tr\/index.php\/wp-json\/wp\/v2\/product_cat?post=748697"},{"taxonomy":"product_tag","embeddable":true,"href":"https:\/\/roveyayinevi.com.tr\/index.php\/wp-json\/wp\/v2\/product_tag?post=748697"}],"curies":[{"name":"wp","href":"https:\/\/api.w.org\/{rel}","templated":true}]}}