{"id":748690,"date":"2025-08-28T03:37:08","date_gmt":"2025-08-28T00:37:08","guid":{"rendered":"https:\/\/roveyayinevi.com.tr\/index.php\/urun\/cumhuriyetin-yuzuncu-yilinda-siyaset-ve-idareye-akademik-bakis\/"},"modified":"2026-04-16T03:01:33","modified_gmt":"2026-04-16T00:01:33","slug":"cumhuriyetin-yuzuncu-yilinda-siyaset-ve-idareye-akademik-bakis","status":"publish","type":"product","link":"https:\/\/roveyayinevi.com.tr\/index.php\/urun\/cumhuriyetin-yuzuncu-yilinda-siyaset-ve-idareye-akademik-bakis\/","title":{"rendered":"Cumhuriyetin Y\u00fcz\u00fcnc\u00fc Y\u0131l\u0131nda Siyaset ve \u0130dareye Akademik Bak\u0131\u015f"},"content":{"rendered":"<p>\u0130\u00e7indekiler:     1.B\u00d6L\u00dcM Siyaset Ve \u0130dare T\u00fcrkiye\u2019de Ba\u015fkanlik Sistemi Tarti\u015fmalari T\u00fcrkiye\u2019de Kamu Personel Sisteminin Y\u00fczyillik Sorunlari Enerji G\u00fcvenli\u011fi \u00c7er\u00e7evesinde T\u00fcrk Enerji Politikasi   2.B\u00d6L\u00dcM Mahalli \u0130dareler Tekd\u00fcze \u00d6rg\u00fctlenmeden \u0130htiyaca G\u00f6re \u00d6rg\u00fctlenmeye Ge\u00e7i\u015f: B\u00fcy\u00fck\u015fehir Belediyeleri \u00d6rne\u011fi Akilli Kentler \u00dczerine Orta Vadeli Bir Projeksiyon S\u00fcrd\u00fcr\u00fclebilir Kentle\u015fme Ba\u011flaminda Sosyal Belediyecilik Anlayi\u015fi: Mu\u011fla B\u00fcy\u00fck\u015fehir Belediyesi Sen De Gel Down Kafe \u00d6rne\u011fi    3. B\u00d6L\u00dcM Yerel Kalk\u0131nma Ve Sivil Toplum T\u00fcrkiye\u2019de Kalkinma Ajanslarinin Hukuki Ve Y\u00f6netsel D\u00f6n\u00fc\u015f\u00fcm\u00fcne Dair Tarti\u015fmalar T\u00fcrkiye Ve Birle\u015fik Krallik\u2019ta Sivil Toplum: Kar\u015fila\u015ftirmali Bir Analiz T\u00fcrkiye\u2019de Yoksulluk Ve Yoksullukla M\u00fccadelede Sivil Toplum Kurulu\u015flarI<\/p>\n","protected":false},"excerpt":{"rendered":"<p>\u0130\u00e7indekiler: 1.B\u00d6L\u00dcM Siyaset Ve \u0130dare T\u00fcrkiye\u2019de Ba\u015fkanlik Sistemi Tarti\u015fmalari T\u00fcrkiye\u2019de Kamu Personel Sisteminin Y\u00fczyillik Sorunlari Enerji G\u00fcvenli\u011fi \u00c7er\u00e7evesinde T\u00fcrk Enerji Politikasi 2.B\u00d6L\u00dcM Mahalli \u0130dareler Tekd\u00fcze \u00d6rg\u00fctlenmeden<span class=\"excerpt-hellip\"> [\u2026]<\/span><\/p>\n","protected":false},"featured_media":0,"template":"","meta":{"_monsterinsights_skip_tracking":false,"_monsterinsights_sitenote_active":false,"_monsterinsights_sitenote_note":"","_monsterinsights_sitenote_category":0},"product_brand":[],"product_cat":[12337,14543],"product_tag":[],"class_list":{"0":"post-748690","1":"product","2":"type-product","3":"status-publish","5":"product_cat-politika-siyaset","6":"product_cat-turkiye-siyaseti-ve-politikasi","7":"pa_cilt-ciltsiz","8":"pa_tur-kitap","9":"pa_yayinevi-gazi-kitabevi","10":"pa_yazar-kolektif","12":"first","13":"instock","14":"sale","15":"shipping-taxable","16":"purchasable","17":"product-type-simple"},"_links":{"self":[{"href":"https:\/\/roveyayinevi.com.tr\/index.php\/wp-json\/wp\/v2\/product\/748690","targetHints":{"allow":["GET"]}}],"collection":[{"href":"https:\/\/roveyayinevi.com.tr\/index.php\/wp-json\/wp\/v2\/product"}],"about":[{"href":"https:\/\/roveyayinevi.com.tr\/index.php\/wp-json\/wp\/v2\/types\/product"}],"wp:attachment":[{"href":"https:\/\/roveyayinevi.com.tr\/index.php\/wp-json\/wp\/v2\/media?parent=748690"}],"wp:term":[{"taxonomy":"product_brand","embeddable":true,"href":"https:\/\/roveyayinevi.com.tr\/index.php\/wp-json\/wp\/v2\/product_brand?post=748690"},{"taxonomy":"product_cat","embeddable":true,"href":"https:\/\/roveyayinevi.com.tr\/index.php\/wp-json\/wp\/v2\/product_cat?post=748690"},{"taxonomy":"product_tag","embeddable":true,"href":"https:\/\/roveyayinevi.com.tr\/index.php\/wp-json\/wp\/v2\/product_tag?post=748690"}],"curies":[{"name":"wp","href":"https:\/\/api.w.org\/{rel}","templated":true}]}}