{"id":748685,"date":"2025-08-28T03:37:02","date_gmt":"2025-08-28T00:37:02","guid":{"rendered":"https:\/\/roveyayinevi.com.tr\/index.php\/urun\/ozumden-oz-sozler-i-bin-beyit\/"},"modified":"2026-04-16T03:01:33","modified_gmt":"2026-04-16T00:01:33","slug":"ozumden-oz-sozler-i-bin-beyit","status":"publish","type":"product","link":"https:\/\/roveyayinevi.com.tr\/index.php\/urun\/ozumden-oz-sozler-i-bin-beyit\/","title":{"rendered":"\u00d6z\u00fcmden \u00d6z S\u00f6zler-I -Bin Beyit-"},"content":{"rendered":"<p>S\u00f6z\u00fcn \u00f6z\u00fcn\u00fc ya konu\u015fman\u0131n ba\u015f\u0131nda ya da sonunda s\u00f6yler ve rahatlar\u0131z.  Tabir caizse bombay\u0131 patlat\u0131r\u0131z. \u0130\u015fte buradaki beyitler bu minvalde s\u00f6zlerdir diye d\u00fc\u015f\u00fcn\u00fcyorum.   Bu kitapta s\u00f6ylenen beyitlerde 7+7 hece kural\u0131 tercih edilmi\u015f olup, belki bir iki istisna d\u0131\u015f\u0131nda da bu kurala uyulmu\u015ftur. Beyitlerin hem anlaml\u0131 hem uyumlu hem de vurgulu olmas\u0131na \u00f6zen g\u00f6sterilmi\u015ftir. Buradaki b\u00fct\u00fcn beyitler; kitab\u0131n isminden de anla\u015f\u0131laca\u011f\u0131 \u00fczere \u00f6zg\u00fcnd\u00fcr. Elbette d\u00fc\u015f\u00fcn\u00fcr, yazar ve \u00e7izerlerin fikirlerinden tema olarak yararlanma hakk\u0131m\u0131 kulland\u0131m, ancak ifadeler tamamen bendenize aittir. \u00c7ok \u015f\u00fck\u00fcr fayda \u00fcretme ad\u0131na insanlarla bu \u00e7al\u0131\u015fmalar\u0131m\u0131 payla\u015fma f\u0131rsat\u0131 veren Y\u00fcce Rabbimize.   _______________________   Seyret bir de \u00e2lemi sanatk\u00e2r ruhu ile Ba\u015fka bir boyut katar sanatk\u00e2r ta\u015fa bile * Hangisini se\u00e7ersin? Sevgi de g\u00fc\u00e7, \u00f6fke de Melek vard\u0131r sevgide, \u015feytan ise \u00f6fkede * Huzura eremezsin, sevgiye uzak durma M\u00fc\u2019minli\u011fe yak\u0131\u015fmaz, m\u00fc\u2019mine tuzak kurma * Dilden ise s\u00f6zlerin tesir etmez duyana Halden ise her harfi alt\u0131nd\u0131r okuyana      Prof. Dr. Abdulkadir G\u00dcLL\u00dc <\/p>\n","protected":false},"excerpt":{"rendered":"<p>S\u00f6z\u00fcn \u00f6z\u00fcn\u00fc ya konu\u015fman\u0131n ba\u015f\u0131nda ya da sonunda s\u00f6yler ve rahatlar\u0131z. Tabir caizse bombay\u0131 patlat\u0131r\u0131z. \u0130\u015fte buradaki beyitler bu minvalde s\u00f6zlerdir diye d\u00fc\u015f\u00fcn\u00fcyorum. Bu kitapta s\u00f6ylenen<span class=\"excerpt-hellip\"> [\u2026]<\/span><\/p>\n","protected":false},"featured_media":0,"template":"","meta":{"_monsterinsights_skip_tracking":false,"_monsterinsights_sitenote_active":false,"_monsterinsights_sitenote_note":"","_monsterinsights_sitenote_category":0},"product_brand":[],"product_cat":[12291,12509],"product_tag":[],"class_list":{"0":"post-748685","1":"product","2":"type-product","3":"status-publish","5":"product_cat-edebiyat","6":"product_cat-siir","7":"pa_cilt-ciltsiz","8":"pa_tur-kitap","9":"pa_yayinevi-gulnar-yayinlari","10":"pa_yazar-abdulkadir-gullu","12":"first","13":"instock","14":"sale","15":"shipping-taxable","16":"purchasable","17":"product-type-simple"},"_links":{"self":[{"href":"https:\/\/roveyayinevi.com.tr\/index.php\/wp-json\/wp\/v2\/product\/748685","targetHints":{"allow":["GET"]}}],"collection":[{"href":"https:\/\/roveyayinevi.com.tr\/index.php\/wp-json\/wp\/v2\/product"}],"about":[{"href":"https:\/\/roveyayinevi.com.tr\/index.php\/wp-json\/wp\/v2\/types\/product"}],"wp:attachment":[{"href":"https:\/\/roveyayinevi.com.tr\/index.php\/wp-json\/wp\/v2\/media?parent=748685"}],"wp:term":[{"taxonomy":"product_brand","embeddable":true,"href":"https:\/\/roveyayinevi.com.tr\/index.php\/wp-json\/wp\/v2\/product_brand?post=748685"},{"taxonomy":"product_cat","embeddable":true,"href":"https:\/\/roveyayinevi.com.tr\/index.php\/wp-json\/wp\/v2\/product_cat?post=748685"},{"taxonomy":"product_tag","embeddable":true,"href":"https:\/\/roveyayinevi.com.tr\/index.php\/wp-json\/wp\/v2\/product_tag?post=748685"}],"curies":[{"name":"wp","href":"https:\/\/api.w.org\/{rel}","templated":true}]}}