{"id":748682,"date":"2025-08-28T03:36:58","date_gmt":"2025-08-28T00:36:58","guid":{"rendered":"https:\/\/roveyayinevi.com.tr\/index.php\/urun\/yeni-baslayanlar-icin-tarot-destesi-ve-kitabi\/"},"modified":"2026-04-16T03:01:33","modified_gmt":"2026-04-16T00:01:33","slug":"yeni-baslayanlar-icin-tarot-destesi-ve-kitabi","status":"publish","type":"product","link":"https:\/\/roveyayinevi.com.tr\/index.php\/urun\/yeni-baslayanlar-icin-tarot-destesi-ve-kitabi\/","title":{"rendered":"Yeni Ba\u015flayanlar i\u00e7in Tarot Destesi ve Kitab\u0131"},"content":{"rendered":"<p>Yeni Ba\u015flayanlar \u0130\u00e7in TAROT, klasik Rider Waite Tarot kartlar\u0131n\u0131 okumay\u0131 \u00f6\u011frenmeye ba\u015flayanlar i\u00e7in, yard\u0131mc\u0131 kartlar niteli\u011findedir. Kullan\u0131m kolayl\u0131\u011f\u0131 sa\u011flamak i\u00e7in, genel yorumlamaya yard\u0131mc\u0131 olacak anahtar kelimeler ve bilgileri kartlar\u0131n \u00f6n y\u00fcz\u00fcndeki resimlerin kenarlar\u0131nda bulacaks\u0131n\u0131z. Kart\u0131n d\u00fcz ve ters yorumu, a\u015fk, kariyer ve bunlar\u0131n yan\u0131 s\u0131ra tarot kartlar\u0131n\u0131n zaman, bur\u00e7 ve harf kar\u015f\u0131l\u0131\u011f\u0131na da de\u011finip astrolojik sembolizmaya yer verdik. B\u00f6ylelikle daha ilk g\u00fcnden h\u0131zl\u0131 ve kolay bir \u015fekilde do\u011fru bir okuma yapman\u0131z m\u00fcmk\u00fcn olacakt\u0131r.   Kartlar haricinde yorum kitap\u00e7\u0131\u011f\u0131 ile \u201cTarot kartlar\u0131 kendi enerjinize nas\u0131l uyumlan\u0131r, Tarot kartlar\u0131na nas\u0131l soru sorulur, Tek kart ile tarot bak\u0131l\u0131r m\u0131, Tarot kartlar\u0131 kesin sonu\u00e7 s\u00f6yler mi?, G\u00fcn\u00fcn tarot kart\u0131 hangi sorular\u0131 cevaplayamaz?\u201d gibi akl\u0131n\u0131zdaki t\u00fcm sorulara bu kitap\u00e7\u0131kta cevap bulacaks\u0131n\u0131z. Bu desteyle kartlar\u0131 kolay yorumlayarak, sezgilerinize rehberlik edeceksiniz. <\/p>\n","protected":false},"excerpt":{"rendered":"<p>Yeni Ba\u015flayanlar \u0130\u00e7in TAROT, klasik Rider Waite Tarot kartlar\u0131n\u0131 okumay\u0131 \u00f6\u011frenmeye ba\u015flayanlar i\u00e7in, yard\u0131mc\u0131 kartlar niteli\u011findedir. Kullan\u0131m kolayl\u0131\u011f\u0131 sa\u011flamak i\u00e7in, genel yorumlamaya yard\u0131mc\u0131 olacak anahtar kelimeler<span class=\"excerpt-hellip\"> [\u2026]<\/span><\/p>\n","protected":false},"featured_media":0,"template":"","meta":{"_monsterinsights_skip_tracking":false,"_monsterinsights_sitenote_active":false,"_monsterinsights_sitenote_note":"","_monsterinsights_sitenote_category":0},"product_brand":[],"product_cat":[19840,12364],"product_tag":[],"class_list":{"0":"post-748682","1":"product","2":"type-product","3":"status-publish","5":"product_cat-astroloji","6":"product_cat-genel-konular","7":"pa_cilt-ciltsiz","8":"pa_tur-kitap20","9":"pa_yayinevi-delta-kultur-yayinevi","10":"pa_yazar-serife-cifci","12":"first","13":"instock","14":"sale","15":"shipping-taxable","16":"purchasable","17":"product-type-simple"},"_links":{"self":[{"href":"https:\/\/roveyayinevi.com.tr\/index.php\/wp-json\/wp\/v2\/product\/748682","targetHints":{"allow":["GET"]}}],"collection":[{"href":"https:\/\/roveyayinevi.com.tr\/index.php\/wp-json\/wp\/v2\/product"}],"about":[{"href":"https:\/\/roveyayinevi.com.tr\/index.php\/wp-json\/wp\/v2\/types\/product"}],"wp:attachment":[{"href":"https:\/\/roveyayinevi.com.tr\/index.php\/wp-json\/wp\/v2\/media?parent=748682"}],"wp:term":[{"taxonomy":"product_brand","embeddable":true,"href":"https:\/\/roveyayinevi.com.tr\/index.php\/wp-json\/wp\/v2\/product_brand?post=748682"},{"taxonomy":"product_cat","embeddable":true,"href":"https:\/\/roveyayinevi.com.tr\/index.php\/wp-json\/wp\/v2\/product_cat?post=748682"},{"taxonomy":"product_tag","embeddable":true,"href":"https:\/\/roveyayinevi.com.tr\/index.php\/wp-json\/wp\/v2\/product_tag?post=748682"}],"curies":[{"name":"wp","href":"https:\/\/api.w.org\/{rel}","templated":true}]}}