{"id":748675,"date":"2025-08-28T03:36:51","date_gmt":"2025-08-28T00:36:51","guid":{"rendered":"https:\/\/roveyayinevi.com.tr\/index.php\/urun\/21-yuzyilda-turkiyede-genc-olmak\/"},"modified":"2026-04-16T03:01:18","modified_gmt":"2026-04-16T00:01:18","slug":"21-yuzyilda-turkiyede-genc-olmak","status":"publish","type":"product","link":"https:\/\/roveyayinevi.com.tr\/index.php\/urun\/21-yuzyilda-turkiyede-genc-olmak\/","title":{"rendered":"21. Y\u00fczy\u0131lda T\u00fcrkiye&#8217;de Gen\u00e7 Olmak"},"content":{"rendered":"<p>\u0130\u00e7indekiler: B\u00f6l\u00fcm 1: T\u00fcrkiye\u2019de Gen\u00e7lik Profili B\u00f6l\u00fcm 2: T\u00fcrkiye\u2019de Gen\u00e7 N\u00fcfusun Yapisi Ve Sosyal Politikaya \u0130li\u015fkin G\u00f6ze \u00c7arpan Sorunlar B\u00f6l\u00fcm 3: T\u00fcrkiye\u2019de E\u011fitim: Gen\u00e7 N\u00fcfus \u00d6zelinde Sorunlar Ve \u00c7\u00f6z\u00fcm \u00d6nerileri B\u00f6l\u00fcm 4: 21. Y\u00fczyilda T\u00fcrkiye Gen\u00e7li\u011fi: \u0130stihdam Ve \u0130\u015fsizlik \u00c7er\u00e7evesinde Gen\u00e7ler . B\u00f6l\u00fcm 5: Gen\u00e7lerin Yoksullu\u011fu . B\u00f6l\u00fcm 6: Toplumsal Kabul, \u0130\u015f G\u00fcc\u00fcne Katilim Ve E\u011fitim Ba\u011flaminda T\u00fcrk Gen\u00e7lerinin G\u00f6\u00e7menlere Y\u00f6nelik Tutumu B\u00f6l\u00fcm 7: T\u00fcrkiye\u2019nin G\u00fcncel G\u00f6\u00e7 Tarti\u015fmalari Ba\u011flaminda Gen\u00e7lerin Beyin G\u00f6\u00e7\u00fc B\u00f6l\u00fcm 8: Gen\u00e7lere Y\u00f6nelik Sosyal Politikalar<\/p>\n","protected":false},"excerpt":{"rendered":"<p>\u0130\u00e7indekiler: B\u00f6l\u00fcm 1: T\u00fcrkiye\u2019de Gen\u00e7lik Profili B\u00f6l\u00fcm 2: T\u00fcrkiye\u2019de Gen\u00e7 N\u00fcfusun Yapisi Ve Sosyal Politikaya \u0130li\u015fkin G\u00f6ze \u00c7arpan Sorunlar B\u00f6l\u00fcm 3: T\u00fcrkiye\u2019de E\u011fitim: Gen\u00e7 N\u00fcfus \u00d6zelinde<span class=\"excerpt-hellip\"> [\u2026]<\/span><\/p>\n","protected":false},"featured_media":0,"template":"","meta":{"_monsterinsights_skip_tracking":false,"_monsterinsights_sitenote_active":false,"_monsterinsights_sitenote_note":"","_monsterinsights_sitenote_category":0},"product_brand":[],"product_cat":[12835,12324],"product_tag":[],"class_list":{"0":"post-748675","1":"product","2":"type-product","3":"status-publish","5":"product_cat-genel-sosyoloji","6":"product_cat-sosyoloji","7":"pa_cilt-ciltsiz","8":"pa_tur-kitap","9":"pa_yayinevi-gazi-kitabevi","10":"pa_yazar-kolektif","12":"first","13":"instock","14":"sale","15":"shipping-taxable","16":"purchasable","17":"product-type-simple"},"_links":{"self":[{"href":"https:\/\/roveyayinevi.com.tr\/index.php\/wp-json\/wp\/v2\/product\/748675","targetHints":{"allow":["GET"]}}],"collection":[{"href":"https:\/\/roveyayinevi.com.tr\/index.php\/wp-json\/wp\/v2\/product"}],"about":[{"href":"https:\/\/roveyayinevi.com.tr\/index.php\/wp-json\/wp\/v2\/types\/product"}],"wp:attachment":[{"href":"https:\/\/roveyayinevi.com.tr\/index.php\/wp-json\/wp\/v2\/media?parent=748675"}],"wp:term":[{"taxonomy":"product_brand","embeddable":true,"href":"https:\/\/roveyayinevi.com.tr\/index.php\/wp-json\/wp\/v2\/product_brand?post=748675"},{"taxonomy":"product_cat","embeddable":true,"href":"https:\/\/roveyayinevi.com.tr\/index.php\/wp-json\/wp\/v2\/product_cat?post=748675"},{"taxonomy":"product_tag","embeddable":true,"href":"https:\/\/roveyayinevi.com.tr\/index.php\/wp-json\/wp\/v2\/product_tag?post=748675"}],"curies":[{"name":"wp","href":"https:\/\/api.w.org\/{rel}","templated":true}]}}