{"id":748664,"date":"2025-08-28T03:36:37","date_gmt":"2025-08-28T00:36:37","guid":{"rendered":"https:\/\/roveyayinevi.com.tr\/index.php\/urun\/ornek-uygulama-ile-mobil-saglik\/"},"modified":"2026-04-16T03:01:18","modified_gmt":"2026-04-16T00:01:18","slug":"ornek-uygulama-ile-mobil-saglik","status":"publish","type":"product","link":"https:\/\/roveyayinevi.com.tr\/index.php\/urun\/ornek-uygulama-ile-mobil-saglik\/","title":{"rendered":"\u00d6rnek Uygulama \u0130le Mobil Sa\u011fl\u0131k"},"content":{"rendered":"<p>\u0130\u00c7\u0130NDEK\u0130LER \u00c7\u0130ZELGELER\u0130N L\u0130STES\u0130 \u015eEK\u0130LLER L\u0130STES\u0130 S\u0130MGELER VE KISALTMALAR 1. G\u0130R\u0130\u015e 2. METABOL\u0130K SENDROM HASTALIKLARI 3. MOB\u0130L SA\u011eLIK 4. METABOL\u0130K SENDROM HASTALIKLARI \u0130LE \u0130LG\u0130L\u0130 R\u0130SK DURUMUNU BEL\u0130RLEMEYE Y\u00d6NEL\u0130K ARA\u015eTIRMA 5. TARTI\u015eMA 6. SONU\u00c7 VE \u00d6NER\u0130LER KAYNAKLAR <\/p>\n","protected":false},"excerpt":{"rendered":"<p>\u0130\u00c7\u0130NDEK\u0130LER \u00c7\u0130ZELGELER\u0130N L\u0130STES\u0130 \u015eEK\u0130LLER L\u0130STES\u0130 S\u0130MGELER VE KISALTMALAR 1. G\u0130R\u0130\u015e 2. METABOL\u0130K SENDROM HASTALIKLARI 3. MOB\u0130L SA\u011eLIK 4. METABOL\u0130K SENDROM HASTALIKLARI \u0130LE \u0130LG\u0130L\u0130 R\u0130SK DURUMUNU BEL\u0130RLEMEYE<span class=\"excerpt-hellip\"> [\u2026]<\/span><\/p>\n","protected":false},"featured_media":0,"template":"","meta":{"_monsterinsights_skip_tracking":false,"_monsterinsights_sitenote_active":false,"_monsterinsights_sitenote_note":"","_monsterinsights_sitenote_category":0},"product_brand":[],"product_cat":[12573,12566],"product_tag":[],"class_list":{"0":"post-748664","1":"product","2":"type-product","3":"status-publish","5":"product_cat-akademik-kitaplar","6":"product_cat-egitim","7":"pa_cilt-ciltsiz","8":"pa_tur-kitap","9":"pa_yayinevi-gazi-kitabevi","10":"pa_yazar-kolektif","12":"first","13":"instock","14":"sale","15":"shipping-taxable","16":"purchasable","17":"product-type-simple"},"_links":{"self":[{"href":"https:\/\/roveyayinevi.com.tr\/index.php\/wp-json\/wp\/v2\/product\/748664","targetHints":{"allow":["GET"]}}],"collection":[{"href":"https:\/\/roveyayinevi.com.tr\/index.php\/wp-json\/wp\/v2\/product"}],"about":[{"href":"https:\/\/roveyayinevi.com.tr\/index.php\/wp-json\/wp\/v2\/types\/product"}],"wp:attachment":[{"href":"https:\/\/roveyayinevi.com.tr\/index.php\/wp-json\/wp\/v2\/media?parent=748664"}],"wp:term":[{"taxonomy":"product_brand","embeddable":true,"href":"https:\/\/roveyayinevi.com.tr\/index.php\/wp-json\/wp\/v2\/product_brand?post=748664"},{"taxonomy":"product_cat","embeddable":true,"href":"https:\/\/roveyayinevi.com.tr\/index.php\/wp-json\/wp\/v2\/product_cat?post=748664"},{"taxonomy":"product_tag","embeddable":true,"href":"https:\/\/roveyayinevi.com.tr\/index.php\/wp-json\/wp\/v2\/product_tag?post=748664"}],"curies":[{"name":"wp","href":"https:\/\/api.w.org\/{rel}","templated":true}]}}