{"id":748657,"date":"2025-08-28T03:36:31","date_gmt":"2025-08-28T00:36:31","guid":{"rendered":"https:\/\/roveyayinevi.com.tr\/index.php\/urun\/selahaddinden-baybarsa-eyyubiler-memluklar-1193-1260\/"},"modified":"2026-04-16T03:01:18","modified_gmt":"2026-04-16T00:01:18","slug":"selahaddinden-baybarsa-eyyubiler-memluklar-1193-1260","status":"publish","type":"product","link":"https:\/\/roveyayinevi.com.tr\/index.php\/urun\/selahaddinden-baybarsa-eyyubiler-memluklar-1193-1260\/","title":{"rendered":"Selahaddin\u2019den Baybars\u2019a Eyyubiler \u2013 Memluklar (1193-1260)"},"content":{"rendered":"<p>Eyy\u00fcb\u00eeler Devleti&#8217;nin Selahaddin devri hakk\u0131nda \u00e7ok say\u0131da monografi yaz\u0131lm\u0131\u015ft\u0131r. Buna kar\u015f\u0131l\u0131k Selahaddin&#8217; den sonraki d\u00f6neme (1193-1260) dair \u00e7al\u0131\u015fma \u00e7ok azd\u0131r. Hen\u00fcz devrin tarihi ayr\u0131nt\u0131l\u0131 olarak ortaya konmam\u0131\u015ft\u0131r.      Bu hususu g\u00f6z \u00f6n\u00fcne alarak, bu kitapta devrin siyas\u0131, k\u00fclt\u00fcr ve ilim tarihini ana kaynaklara dayanarak ayr\u0131nt\u0131l\u0131 bir \u015fekilde yazmaya \u00e7al\u0131\u015ft\u0131k. Eyy\u00fcb\u00eelerin son on y\u0131l\u0131n\u0131n tarihi, onlar\u0131n memluklar\u0131 taraf\u0131ndan kurulan Memluklar Devleti&#8217;nin kurulu\u015f devri (1250-1260 aras\u0131) tarihiyle irtibatl\u0131 oldu\u011fu i\u00e7in Memluklar\u0131n ilk on y\u0131ll\u0131k tarihini de anlatt\u0131k. Okuyucunun ibretle g\u00f6rece\u011fi gibi, siyas\u0131 \u00e7alkant\u0131lara ra\u011fmen Eyy\u00fcb\u00eeler ile Memluklar, Ha\u00e7l\u0131lara ve Mo\u011follara kar\u015f\u0131 Ortado\u011fu&#8217;daki T\u00fcrk-\u0130slam medeniyetini, Selahaddin&#8217;in kurdu\u011fu siyasi birli\u011fi ba\u015far\u0131yla korumu\u015flard\u0131r.      Bu devir, hatta Memluklar devri siyas\u0131 \u00e7alkant\u0131lara ra\u011fmen k\u00fclt\u00fcr ve ilim tarihi bak\u0131m\u0131ndan son derece verimli ge\u00e7mi\u015ftir. \u00c7ok say\u0131da ilim adam\u0131 de\u011ferli eserler vermi\u015flerdir. Sanat de\u011feri y\u00fcksek mimar\u0131 eserler meydana getirilmi\u015ftir. Bug\u00fcn bu eserlerin \u00f6nemli k\u0131sm\u0131 hala ayaktad\u0131r. Eyy\u00fcb\u00eeler devri ayn\u0131 zamanda T\u00fcrk hakimiyetinin, k\u00fclt\u00fcr\u00fcn\u00fcn Ortado\u011fu Arap \u00fclkelerinde yay\u0131lma, yerle\u015fme devri oldu\u011fu gibi Osmanl\u0131 hakimiyetine de zemin haz\u0131rlam\u0131\u015ft\u0131r. <\/p>\n","protected":false},"excerpt":{"rendered":"<p>Eyy\u00fcb\u00eeler Devleti&#8217;nin Selahaddin devri hakk\u0131nda \u00e7ok say\u0131da monografi yaz\u0131lm\u0131\u015ft\u0131r. Buna kar\u015f\u0131l\u0131k Selahaddin&#8217; den sonraki d\u00f6neme (1193-1260) dair \u00e7al\u0131\u015fma \u00e7ok azd\u0131r. Hen\u00fcz devrin tarihi ayr\u0131nt\u0131l\u0131 olarak ortaya<span class=\"excerpt-hellip\"> [\u2026]<\/span><\/p>\n","protected":false},"featured_media":0,"template":"","meta":{"_monsterinsights_skip_tracking":false,"_monsterinsights_sitenote_active":false,"_monsterinsights_sitenote_note":"","_monsterinsights_sitenote_category":0},"product_brand":[],"product_cat":[13517,12304],"product_tag":[],"class_list":{"0":"post-748657","1":"product","2":"type-product","3":"status-publish","5":"product_cat-osmanli-tarihi","6":"product_cat-tarih","7":"pa_cilt-ciltsiz","8":"pa_tur-kitap","9":"pa_yayinevi-bilge-kultur-sanat","10":"pa_yazar-ramazan-sesen","12":"first","13":"instock","14":"sale","15":"shipping-taxable","16":"purchasable","17":"product-type-simple"},"_links":{"self":[{"href":"https:\/\/roveyayinevi.com.tr\/index.php\/wp-json\/wp\/v2\/product\/748657","targetHints":{"allow":["GET"]}}],"collection":[{"href":"https:\/\/roveyayinevi.com.tr\/index.php\/wp-json\/wp\/v2\/product"}],"about":[{"href":"https:\/\/roveyayinevi.com.tr\/index.php\/wp-json\/wp\/v2\/types\/product"}],"wp:attachment":[{"href":"https:\/\/roveyayinevi.com.tr\/index.php\/wp-json\/wp\/v2\/media?parent=748657"}],"wp:term":[{"taxonomy":"product_brand","embeddable":true,"href":"https:\/\/roveyayinevi.com.tr\/index.php\/wp-json\/wp\/v2\/product_brand?post=748657"},{"taxonomy":"product_cat","embeddable":true,"href":"https:\/\/roveyayinevi.com.tr\/index.php\/wp-json\/wp\/v2\/product_cat?post=748657"},{"taxonomy":"product_tag","embeddable":true,"href":"https:\/\/roveyayinevi.com.tr\/index.php\/wp-json\/wp\/v2\/product_tag?post=748657"}],"curies":[{"name":"wp","href":"https:\/\/api.w.org\/{rel}","templated":true}]}}