{"id":748656,"date":"2025-08-28T03:36:29","date_gmt":"2025-08-28T00:36:29","guid":{"rendered":"https:\/\/roveyayinevi.com.tr\/index.php\/urun\/tanpinarin-esiginde\/"},"modified":"2026-04-16T03:01:18","modified_gmt":"2026-04-16T00:01:18","slug":"tanpinarin-esiginde","status":"publish","type":"product","link":"https:\/\/roveyayinevi.com.tr\/index.php\/urun\/tanpinarin-esiginde\/","title":{"rendered":"Tanp\u0131nar\u2019\u0131n E\u015fi\u011finde"},"content":{"rendered":"<p>Bir ankete verdi\u011fi cevapta \u201cHayat\u0131m\u0131n hangi devrinde edebiyat\u00e7\u0131 olmaya karar verdim? Bunu pek s\u00f6yleyemeyece\u011fim. Hatta b\u00f6yle bir karar verdi\u011fimi de pek hat\u0131rlam\u0131yorum. Daha iyisi \u015f\u00f6yle d\u00fc\u015f\u00fcnelim: G\u00fcn\u00fcn birinde kendimi edebiyattan ba\u015fka bir i\u015fe yaramaz buldum. Ama o g\u00fcn\u00fcn tarihini benden isteme. Husus\u00ee istidatlara inananlardan de\u011filim. Hatta insan\u0131n biraz da \u015fartlar\u0131n\u0131n esiri veya mahsul\u00fc oldu\u011funa kaniim. Benim \u015fartlar\u0131m beni edebiyata g\u00f6t\u00fcrd\u00fc\u201d diyen Ahmet Hamdi Tanp\u0131nar,  hangi sebep ve s\u00e2ikle olursa olsun T\u00fcrk edebiyat\u0131n\u0131n belki de en hareketli, en karma\u015f\u0131k, en \u00f6nemli k\u0131r\u0131lma noktalar\u0131ndan birisinde, 20. asr\u0131n hemen ba\u015f\u0131nda kendisini k\u00fclt\u00fcr\u00fcm\u00fcz\u00fcn, edebiyat\u0131m\u0131z\u0131n i\u00e7erisinde bulmu\u015ftur. Her \u015fuur sahibi ayd\u0131n gibi O da edeb\u00ee, tarih\u00ee, felsef\u00ee ve sosyolojik kavramlar\u0131; \u015fahsiyetleri ve eserleri b\u00fcy\u00fck medeniyet problemleri etraf\u0131nda incelemi\u015f, bunlar\u0131 \u00e7ok \u00e7e\u015fitli sebeplerin do\u011furdu\u011fu birer sonu\u00e7 ama ayn\u0131 zamanda ba\u015fl\u0131 ba\u015f\u0131na, kendi ba\u015f\u0131na birer de\u011fer olarak kabul etmi\u015ftir.      Bu y\u00fczdendir ki Tanp\u0131nar\u2019\u0131n eserleri daima \u00e7ok cepheli, \u00e7ok \u015f\u00fcmull\u00fc olmu\u015ftur. Bu \u00e7ok cephelilik, bu geni\u015f perspektif ve kapsaml\u0131 bak\u0131\u015f, benzersiz ve sanatl\u0131 bir \u00fcslupla birle\u015fince de ortaya, kendisine T\u00fcrk k\u00fclt\u00fcr ve medeniyetini, sanat\u0131n\u0131, hayat\u0131n\u0131 ve bunlar\u0131n yap\u0131c\u0131 unsuru olan \u201cinsan\u201d\u0131n\u0131 mesele yapan her devrin okuru i\u00e7in de vazge\u00e7ilmez kaynaklar \u00e7\u0131km\u0131\u015ft\u0131r.     Bu kitap, bu kaynaklara odaklanm\u0131\u015f bir g\u00f6z\u00fcn g\u00f6rd\u00fcklerinden ibarettir. <\/p>\n","protected":false},"excerpt":{"rendered":"<p>Bir ankete verdi\u011fi cevapta \u201cHayat\u0131m\u0131n hangi devrinde edebiyat\u00e7\u0131 olmaya karar verdim? Bunu pek s\u00f6yleyemeyece\u011fim. Hatta b\u00f6yle bir karar verdi\u011fimi de pek hat\u0131rlam\u0131yorum. Daha iyisi \u015f\u00f6yle d\u00fc\u015f\u00fcnelim:<span class=\"excerpt-hellip\"> [\u2026]<\/span><\/p>\n","protected":false},"featured_media":0,"template":"","meta":{"_monsterinsights_skip_tracking":false,"_monsterinsights_sitenote_active":false,"_monsterinsights_sitenote_note":"","_monsterinsights_sitenote_category":0},"product_brand":[],"product_cat":[13072,12291],"product_tag":[],"class_list":{"0":"post-748656","1":"product","2":"type-product","3":"status-publish","5":"product_cat-arastirma-inceleme-referans","6":"product_cat-edebiyat","7":"pa_cilt-ciltsiz","8":"pa_tur-kitap","9":"pa_yayinevi-bilge-kultur-sanat","10":"pa_yazar-mehmet-samsakci","12":"first","13":"instock","14":"sale","15":"shipping-taxable","16":"purchasable","17":"product-type-simple"},"_links":{"self":[{"href":"https:\/\/roveyayinevi.com.tr\/index.php\/wp-json\/wp\/v2\/product\/748656","targetHints":{"allow":["GET"]}}],"collection":[{"href":"https:\/\/roveyayinevi.com.tr\/index.php\/wp-json\/wp\/v2\/product"}],"about":[{"href":"https:\/\/roveyayinevi.com.tr\/index.php\/wp-json\/wp\/v2\/types\/product"}],"wp:attachment":[{"href":"https:\/\/roveyayinevi.com.tr\/index.php\/wp-json\/wp\/v2\/media?parent=748656"}],"wp:term":[{"taxonomy":"product_brand","embeddable":true,"href":"https:\/\/roveyayinevi.com.tr\/index.php\/wp-json\/wp\/v2\/product_brand?post=748656"},{"taxonomy":"product_cat","embeddable":true,"href":"https:\/\/roveyayinevi.com.tr\/index.php\/wp-json\/wp\/v2\/product_cat?post=748656"},{"taxonomy":"product_tag","embeddable":true,"href":"https:\/\/roveyayinevi.com.tr\/index.php\/wp-json\/wp\/v2\/product_tag?post=748656"}],"curies":[{"name":"wp","href":"https:\/\/api.w.org\/{rel}","templated":true}]}}