{"id":748654,"date":"2025-08-28T03:36:27","date_gmt":"2025-08-28T00:36:27","guid":{"rendered":"https:\/\/roveyayinevi.com.tr\/index.php\/urun\/atesin-pesinde\/"},"modified":"2026-04-16T03:01:18","modified_gmt":"2026-04-16T00:01:18","slug":"atesin-pesinde","status":"publish","type":"product","link":"https:\/\/roveyayinevi.com.tr\/index.php\/urun\/atesin-pesinde\/","title":{"rendered":"Ate\u015fin Pe\u015finde"},"content":{"rendered":"<p>Zafira, halk\u0131n\u0131 beslemek i\u00e7in erkek k\u0131l\u0131\u011f\u0131na girerek lanetli orman olarak bilinen Arz\u2019a giren Avc\u0131\u2019yd\u0131. Nasir ise Sultan\u2019a kar\u015f\u0131 \u00e7\u0131kacak kadar ahmak olanlar\u0131 \u00f6ld\u00fcren \u00d6l\u00fcm Prensi. Her ikisinin de nam\u0131 Aravistan\u2019\u0131n her k\u00f6\u015fesine yay\u0131lm\u0131\u015f olsa da kaderlerinde \u00e7ok daha b\u00fcy\u00fck bir \u015feyin par\u00e7as\u0131 olmak vard\u0131.Kadim K\u0131z Karde\u015fler\u2019in \u0131\u015f\u0131\u011f\u0131 s\u00f6nd\u00fc\u011f\u00fcnden beri gitgide karanl\u0131\u011fa bo\u011fulan \u00fclkeye b\u00fcy\u00fcy\u00fc geri getirebilmek i\u00e7in bir plan kurulmu\u015ftu. K\u00f6t\u00fcl\u00fc\u011f\u00fcn kalbine uzanan yolculukta piyon olduklar\u0131ndan habersiz Avc\u0131 ve \u00d6l\u00fcm Prensi ayn\u0131 hedefe y\u00fcr\u00fcyorlard\u0131. Fakat as\u0131l d\u00fc\u015fman di\u015flerini \u00e7oktan g\u00f6stermi\u015fti.\u201cBir sonraki \u2018Taht Oyunlar\u0131\u2019 olabilir.\u201d \u2014Bustle\u201cFantastik d\u00fcnyalar\u0131 sevenler bir sonraki tak\u0131nt\u0131lar\u0131 i\u00e7in \u015fimdiden heyecanlanmaya ba\u015flas\u0131n.\u201d \u2014School Library Journal, starred review\u201cY\u00fcksek tempolu aksiyon, mizah ve g\u00fc\u00e7l\u00fc fantastik \u00f6\u011feler, okurlar\u0131n daha fazlas\u0131n\u0131 arzulayaca\u011f\u0131 yepyeni ve s\u00fcr\u00fckleyici bir hik\u00e2yede birle\u015fiyor.\u201d \u2014Booklist, starred review\u201cHafsah Faizal\u2019\u0131n kurdu\u011fu ba\u015f d\u00f6nd\u00fcr\u00fcc\u00fc ve b\u00fcy\u00fcl\u00fc d\u00fcnyas\u0131yla Ate\u015fin Pe\u015finde, t\u00fcm fantastik okurlar\u0131n\u0131n raflar\u0131nda yer almal\u0131.\u201d \u2014Kiersten White\u201cHafsah Faizal \u00f6yle girift bir hik\u00e2ye anlat\u0131yor ki, bizi yaln\u0131zca b\u00fcy\u00fcy\u00fc ke\u015ffedece\u011fimiz capcanl\u0131 bir d\u00fcnyaya de\u011fil, o marifetli elleriyle \u00e7ok daha \u00f6tesine g\u00f6t\u00fcr\u00fcyor.\u201d \u2014Robin LaFevers\u201cAte\u015fli karakterler, \u00f6l\u00fcmc\u00fcl meydan okumalar ve hem lirik hem de muazzam d\u00fcnyas\u0131yla Ate\u015fin Pe\u015finde, elinizden b\u0131rakamayaca\u011f\u0131n\u0131z bir kitap.\u201d \u2014Marieke Nijkamp\u201cAravistan\u2019\u0131n lanetli d\u00fcnyas\u0131na girin ve lanete meydan okuyan k\u0131zla tan\u0131\u015f\u0131n.\u201d \u2014Hypable\u201cKargalar Meclisi ya da Y\u0131ld\u0131zlara Sar\u0131l\u0131 Krali\u00e7e kitaplar\u0131n\u0131 sevenler, bu kitab\u0131n etkileyici d\u00fcnyas\u0131na bay\u0131lacaklar.\u201d \u2014BCCB, starred review\u201cHafsah Faizal, Arap mitolojisinden esinlendi\u011fi bir d\u00fcnya yaratarak fantastik ve romans okurlar\u0131 kadar Assassin\u2019s Creed hayranlar\u0131n\u0131 da cezbedecek bir i\u015f \u00e7\u0131karm\u0131\u015f.\u201d \u2014Kirkus<\/p>\n","protected":false},"excerpt":{"rendered":"<p>Zafira, halk\u0131n\u0131 beslemek i\u00e7in erkek k\u0131l\u0131\u011f\u0131na girerek lanetli orman olarak bilinen Arz\u2019a giren Avc\u0131\u2019yd\u0131. Nasir ise Sultan\u2019a kar\u015f\u0131 \u00e7\u0131kacak kadar ahmak olanlar\u0131 \u00f6ld\u00fcren \u00d6l\u00fcm Prensi. Her<span class=\"excerpt-hellip\"> [\u2026]<\/span><\/p>\n","protected":false},"featured_media":0,"template":"","meta":{"_monsterinsights_skip_tracking":false,"_monsterinsights_sitenote_active":false,"_monsterinsights_sitenote_note":"","_monsterinsights_sitenote_category":0},"product_brand":[],"product_cat":[12291,14777],"product_tag":[],"class_list":{"0":"post-748654","1":"product","2":"type-product","3":"status-publish","5":"product_cat-edebiyat","6":"product_cat-fantastik","7":"pa_cilt-ciltsiz","8":"pa_tur-kitap","9":"pa_yayinevi-yabanci-yayinevi","10":"pa_yazar-hafsah-faizal","12":"first","13":"instock","14":"sale","15":"shipping-taxable","16":"purchasable","17":"product-type-simple"},"_links":{"self":[{"href":"https:\/\/roveyayinevi.com.tr\/index.php\/wp-json\/wp\/v2\/product\/748654","targetHints":{"allow":["GET"]}}],"collection":[{"href":"https:\/\/roveyayinevi.com.tr\/index.php\/wp-json\/wp\/v2\/product"}],"about":[{"href":"https:\/\/roveyayinevi.com.tr\/index.php\/wp-json\/wp\/v2\/types\/product"}],"wp:attachment":[{"href":"https:\/\/roveyayinevi.com.tr\/index.php\/wp-json\/wp\/v2\/media?parent=748654"}],"wp:term":[{"taxonomy":"product_brand","embeddable":true,"href":"https:\/\/roveyayinevi.com.tr\/index.php\/wp-json\/wp\/v2\/product_brand?post=748654"},{"taxonomy":"product_cat","embeddable":true,"href":"https:\/\/roveyayinevi.com.tr\/index.php\/wp-json\/wp\/v2\/product_cat?post=748654"},{"taxonomy":"product_tag","embeddable":true,"href":"https:\/\/roveyayinevi.com.tr\/index.php\/wp-json\/wp\/v2\/product_tag?post=748654"}],"curies":[{"name":"wp","href":"https:\/\/api.w.org\/{rel}","templated":true}]}}