{"id":748650,"date":"2025-08-28T03:36:20","date_gmt":"2025-08-28T00:36:20","guid":{"rendered":"https:\/\/roveyayinevi.com.tr\/index.php\/urun\/naomi-bir-aptalin-aski\/"},"modified":"2026-04-16T03:01:18","modified_gmt":"2026-04-16T00:01:18","slug":"naomi-bir-aptalin-aski","status":"publish","type":"product","link":"https:\/\/roveyayinevi.com.tr\/index.php\/urun\/naomi-bir-aptalin-aski\/","title":{"rendered":"Naomi: Bir Aptal\u0131n A\u015fk\u0131"},"content":{"rendered":"<p>\u201cNaomi\u2019ye kar\u015f\u0131 hissetti\u011fim a\u015fk ve nefret ayn\u0131 gece i\u00e7inde defalarca, bir kedinin g\u00f6zleri gibi de\u011fi\u015fiyordu.\u201d20. y\u00fczy\u0131l Japon edebiyat\u0131n\u0131n devlerinden, b\u00fcy\u00fck eserlerin yarat\u0131c\u0131s\u0131 Cuni\u00e7iro Tanizaki, kariyeri boyunca \u00fclkesinde d\u00f6nemin en b\u00fcy\u00fck yazar\u0131 olarak kabul g\u00f6rd\u00fc, daha sonra ise Haruki Murakami, Yasunari Kavabata ve Yukio Mi\u015fima\u2019yla birlikte sava\u015f sonras\u0131 Japon edebiyat\u0131n\u0131n \u201cb\u00fcy\u00fck d\u00f6rtl\u00fc\u201ds\u00fcnden biri olarak an\u0131ld\u0131. Nazl\u0131 Kar\u2019la birlikte yazar\u0131n en \u00f6nemli roman\u0131 say\u0131lan Naomi: Bir Aptal\u0131n A\u015fk\u0131 ise y\u0131llarca Vladimir Nabokov\u2019un Lolita eseriyle kar\u015f\u0131la\u015ft\u0131r\u0131ld\u0131.Yirmi sekiz ya\u015f\u0131ndaki Coci gitti\u011fi kafede garson olarak \u00e7al\u0131\u015fan Naomi\u2019yi ilk g\u00f6rd\u00fc\u011f\u00fcnde onun egzotik ve Bat\u0131l\u0131 g\u00f6r\u00fcn\u00fcm\u00fcne \u00e2n\u0131nda vurulur. Onu hayalindeki e\u015fe d\u00f6n\u00fc\u015ft\u00fcrmeye ve Birinci D\u00fcnya Sava\u015f\u0131 sonras\u0131 Tokyo\u2019sunun \u00e7irkin yeralt\u0131 d\u00fcnyas\u0131ndan uzakla\u015ft\u0131rmaya kararl\u0131 olan Coci, Naomi\u2019yle evlenir. Ancak y\u0131llar ge\u00e7tik\u00e7e Coci, Naomi\u2019nin fantezilerindeki naif k\u0131zdan \u00e7ok uzak oldu\u011funu ke\u015ffeder ve aralar\u0131ndaki a\u015fk h\u0131zla abs\u00fcrd ve umutsuz bir mazo\u015fizme d\u00f6n\u00fc\u015f\u00fcr.<\/p>\n","protected":false},"excerpt":{"rendered":"<p>\u201cNaomi\u2019ye kar\u015f\u0131 hissetti\u011fim a\u015fk ve nefret ayn\u0131 gece i\u00e7inde defalarca, bir kedinin g\u00f6zleri gibi de\u011fi\u015fiyordu.\u201d20. y\u00fczy\u0131l Japon edebiyat\u0131n\u0131n devlerinden, b\u00fcy\u00fck eserlerin yarat\u0131c\u0131s\u0131 Cuni\u00e7iro Tanizaki, kariyeri boyunca<span class=\"excerpt-hellip\"> [\u2026]<\/span><\/p>\n","protected":false},"featured_media":0,"template":"","meta":{"_monsterinsights_skip_tracking":false,"_monsterinsights_sitenote_active":false,"_monsterinsights_sitenote_note":"","_monsterinsights_sitenote_category":0},"product_brand":[],"product_cat":[12291,12711],"product_tag":[],"class_list":{"0":"post-748650","1":"product","2":"type-product","3":"status-publish","5":"product_cat-edebiyat","6":"product_cat-roman-oyku","7":"pa_cilt-ciltsiz","8":"pa_tur-kitap","9":"pa_yayinevi-ithaki-yayinlari","10":"pa_yazar-cuniciro-tanizaki","12":"first","13":"instock","14":"sale","15":"shipping-taxable","16":"purchasable","17":"product-type-simple"},"_links":{"self":[{"href":"https:\/\/roveyayinevi.com.tr\/index.php\/wp-json\/wp\/v2\/product\/748650","targetHints":{"allow":["GET"]}}],"collection":[{"href":"https:\/\/roveyayinevi.com.tr\/index.php\/wp-json\/wp\/v2\/product"}],"about":[{"href":"https:\/\/roveyayinevi.com.tr\/index.php\/wp-json\/wp\/v2\/types\/product"}],"wp:attachment":[{"href":"https:\/\/roveyayinevi.com.tr\/index.php\/wp-json\/wp\/v2\/media?parent=748650"}],"wp:term":[{"taxonomy":"product_brand","embeddable":true,"href":"https:\/\/roveyayinevi.com.tr\/index.php\/wp-json\/wp\/v2\/product_brand?post=748650"},{"taxonomy":"product_cat","embeddable":true,"href":"https:\/\/roveyayinevi.com.tr\/index.php\/wp-json\/wp\/v2\/product_cat?post=748650"},{"taxonomy":"product_tag","embeddable":true,"href":"https:\/\/roveyayinevi.com.tr\/index.php\/wp-json\/wp\/v2\/product_tag?post=748650"}],"curies":[{"name":"wp","href":"https:\/\/api.w.org\/{rel}","templated":true}]}}