{"id":748647,"date":"2025-08-28T03:36:15","date_gmt":"2025-08-28T00:36:15","guid":{"rendered":"https:\/\/roveyayinevi.com.tr\/index.php\/urun\/bu-dunya-icin-yaratilmadin\/"},"modified":"2026-04-16T03:01:18","modified_gmt":"2026-04-16T00:01:18","slug":"bu-dunya-icin-yaratilmadin","status":"publish","type":"product","link":"https:\/\/roveyayinevi.com.tr\/index.php\/urun\/bu-dunya-icin-yaratilmadin\/","title":{"rendered":"Bu D\u00fcnya \u0130\u00e7in Yarat\u0131lmad\u0131n"},"content":{"rendered":"<p>\u0130nsan sadece beden de\u011fil; ruhu var, g\u00f6nl\u00fc var. Ve hatta biri di\u011ferinden daha fazla olacaksa g\u00f6n\u00fcl terazide daha a\u011f\u0131r basar. Ve zordur g\u00f6nl\u00fcn derdine derman bulmak. \u2026 Tasavvuf bir g\u00f6n\u00fcl terbiyesi ve Abdulk\u00e2dir Geyl\u00e2n\u00ee o g\u00f6n\u00fcl terbiyecilerinden birisi. Bize deryaya dal\u0131p \u00e7\u0131kard\u0131\u011f\u0131 incileri da\u011f\u0131t\u0131yor. G\u00f6n\u00fcl meydan\u0131nda bir g\u00f6n\u00fcl eri elinde tuttu\u011fu incilere talip birilerini ar\u0131yor. Almak nasip, bulmak nasip, olmak nasip i\u015fi&#8230; \u2026 Tasavvufun \u00f6nde gelen isimlerinden Abdulk\u00e2dir Geyl\u00e2n\u00ee\u2019nin eserlerinden derlenen bu kitap g\u00f6nl\u00fcn\u00fcze iyi gelecek. <\/p>\n","protected":false},"excerpt":{"rendered":"<p>\u0130nsan sadece beden de\u011fil; ruhu var, g\u00f6nl\u00fc var. Ve hatta biri di\u011ferinden daha fazla olacaksa g\u00f6n\u00fcl terazide daha a\u011f\u0131r basar. Ve zordur g\u00f6nl\u00fcn derdine derman bulmak.<span class=\"excerpt-hellip\"> [\u2026]<\/span><\/p>\n","protected":false},"featured_media":0,"template":"","meta":{"_monsterinsights_skip_tracking":false,"_monsterinsights_sitenote_active":false,"_monsterinsights_sitenote_note":"","_monsterinsights_sitenote_category":0},"product_brand":[],"product_cat":[12718,12719,15238],"product_tag":[],"class_list":{"0":"post-748647","1":"product","2":"type-product","3":"status-publish","5":"product_cat-din","6":"product_cat-islam","7":"product_cat-tasavvuf","8":"pa_cilt-ciltsiz","9":"pa_tur-kitap","10":"pa_yayinevi-nesil-yayinlari","11":"pa_yazar-abdulkadir-geylani","13":"first","14":"instock","15":"sale","16":"shipping-taxable","17":"purchasable","18":"product-type-simple"},"_links":{"self":[{"href":"https:\/\/roveyayinevi.com.tr\/index.php\/wp-json\/wp\/v2\/product\/748647","targetHints":{"allow":["GET"]}}],"collection":[{"href":"https:\/\/roveyayinevi.com.tr\/index.php\/wp-json\/wp\/v2\/product"}],"about":[{"href":"https:\/\/roveyayinevi.com.tr\/index.php\/wp-json\/wp\/v2\/types\/product"}],"wp:attachment":[{"href":"https:\/\/roveyayinevi.com.tr\/index.php\/wp-json\/wp\/v2\/media?parent=748647"}],"wp:term":[{"taxonomy":"product_brand","embeddable":true,"href":"https:\/\/roveyayinevi.com.tr\/index.php\/wp-json\/wp\/v2\/product_brand?post=748647"},{"taxonomy":"product_cat","embeddable":true,"href":"https:\/\/roveyayinevi.com.tr\/index.php\/wp-json\/wp\/v2\/product_cat?post=748647"},{"taxonomy":"product_tag","embeddable":true,"href":"https:\/\/roveyayinevi.com.tr\/index.php\/wp-json\/wp\/v2\/product_tag?post=748647"}],"curies":[{"name":"wp","href":"https:\/\/api.w.org\/{rel}","templated":true}]}}