{"id":748642,"date":"2025-08-28T03:36:10","date_gmt":"2025-08-28T00:36:10","guid":{"rendered":"https:\/\/roveyayinevi.com.tr\/index.php\/urun\/emekli-mehmet-efendiden-bilgelikler\/"},"modified":"2026-02-03T03:14:05","modified_gmt":"2026-02-03T00:14:05","slug":"emekli-mehmet-efendiden-bilgelikler","status":"publish","type":"product","link":"https:\/\/roveyayinevi.com.tr\/index.php\/urun\/emekli-mehmet-efendiden-bilgelikler\/","title":{"rendered":"Emekli Mehmet Efendi\u2019den Bilgelikler"},"content":{"rendered":"<p>\u00c7ocuklu\u011fumdaki \u00fc\u00e7 bilge Mehmet\u2019ten yola \u00e7\u0131karak hayali bir Emekli Mehmet Efendi olu\u015fturdum. Art\u0131k ne zaman bunalsam gidip onunla sohbet ediyor, rahatl\u0131yordum. Emekli Mehmet Efendi bazen Sokrates, bazen Mevl\u00e2na, bazen Nasrettin Hoca oluyor, beni g\u00fcld\u00fcr\u00fcyor, d\u00fc\u015f\u00fcnd\u00fcr\u00fcyor ve \u00e7\u00f6z\u00fcm \u00fcretiyordu.   Kitab\u0131n ilk b\u00f6l\u00fcm\u00fcnde Emekli Mehmet Efendi bizi n\u00fckteleriyle g\u00fcld\u00fcr\u00fcyor, sonraki b\u00f6l\u00fcmde Emekli Mehmet Efendiyle sohbet ediyorum. Sohbetiyle bizi ayd\u0131nlat\u0131yor. Yine Emekli Mehmet Efendi bir ders verirken, yan\u0131nda mutlaka bir hik\u00e2ye anlat\u0131yor, f\u0131kra anlat\u0131yor ge\u00e7mi\u015fteki anonim s\u00f6zl\u00fc k\u00fclt\u00fcr\u00fcn\u00fc bize aktar\u0131yor. En sonunda yeni ad\u0131yla aforizma dedi\u011fimiz n\u00fckteli hikmetli s\u00f6zleriyle bize \u0131\u015f\u0131k tutuyor.   Bu kitab\u0131 okursan\u0131z, onunla sohbet etmi\u015f gibi olursunuz. Beyin k\u0131vr\u0131mlar\u0131 aras\u0131nda ondan bir s\u00f6z, bir f\u0131kra dola\u015f\u0131rken hayata g\u00fcl\u00fcmseyen bir y\u00fczle bakacaks\u0131n\u0131z. <\/p>\n","protected":false},"excerpt":{"rendered":"<p>\u00c7ocuklu\u011fumdaki \u00fc\u00e7 bilge Mehmet\u2019ten yola \u00e7\u0131karak hayali bir Emekli Mehmet Efendi olu\u015fturdum. Art\u0131k ne zaman bunalsam gidip onunla sohbet ediyor, rahatl\u0131yordum. Emekli Mehmet Efendi bazen Sokrates,<span class=\"excerpt-hellip\"> [\u2026]<\/span><\/p>\n","protected":false},"featured_media":0,"template":"","meta":{"_monsterinsights_skip_tracking":false,"_monsterinsights_sitenote_active":false,"_monsterinsights_sitenote_note":"","_monsterinsights_sitenote_category":0},"product_brand":[],"product_cat":[12291,12711],"product_tag":[],"class_list":{"0":"post-748642","1":"product","2":"type-product","3":"status-publish","5":"product_cat-edebiyat","6":"product_cat-roman-oyku","7":"pa_cilt-ciltsiz","8":"pa_tur-kitap","9":"pa_yayinevi-gulnar-yayinlari","10":"pa_yazar-durdu-gunes","12":"first","13":"instock","14":"sale","15":"shipping-taxable","16":"purchasable","17":"product-type-simple"},"_links":{"self":[{"href":"https:\/\/roveyayinevi.com.tr\/index.php\/wp-json\/wp\/v2\/product\/748642","targetHints":{"allow":["GET"]}}],"collection":[{"href":"https:\/\/roveyayinevi.com.tr\/index.php\/wp-json\/wp\/v2\/product"}],"about":[{"href":"https:\/\/roveyayinevi.com.tr\/index.php\/wp-json\/wp\/v2\/types\/product"}],"wp:attachment":[{"href":"https:\/\/roveyayinevi.com.tr\/index.php\/wp-json\/wp\/v2\/media?parent=748642"}],"wp:term":[{"taxonomy":"product_brand","embeddable":true,"href":"https:\/\/roveyayinevi.com.tr\/index.php\/wp-json\/wp\/v2\/product_brand?post=748642"},{"taxonomy":"product_cat","embeddable":true,"href":"https:\/\/roveyayinevi.com.tr\/index.php\/wp-json\/wp\/v2\/product_cat?post=748642"},{"taxonomy":"product_tag","embeddable":true,"href":"https:\/\/roveyayinevi.com.tr\/index.php\/wp-json\/wp\/v2\/product_tag?post=748642"}],"curies":[{"name":"wp","href":"https:\/\/api.w.org\/{rel}","templated":true}]}}