{"id":748638,"date":"2025-08-28T03:36:06","date_gmt":"2025-08-28T00:36:06","guid":{"rendered":"https:\/\/roveyayinevi.com.tr\/index.php\/urun\/zihniyet-meselesi\/"},"modified":"2026-04-16T03:01:17","modified_gmt":"2026-04-16T00:01:17","slug":"zihniyet-meselesi","status":"publish","type":"product","link":"https:\/\/roveyayinevi.com.tr\/index.php\/urun\/zihniyet-meselesi\/","title":{"rendered":"Zihniyet Meselesi"},"content":{"rendered":"<p>Zihniyet De\u011fi\u015fmeden, Paradigma De\u011fi\u015fmez. G\u00fcn\u00fcm\u00fcz insan\u0131 ya\u015fanan b\u00fct\u00fcn politik, ekonomik ve tarihsel geli\u015fmelerden h\u0131zl\u0131 ileti\u015fim teknolojileri sayesinde hemen haberdar olabiliyor. Bu b\u00fcy\u00fck bir \u015fans, b\u00fcy\u00fck bir avantaj ancak ayn\u0131 zamanda bir lanet de&#8230; Kitlelerin kafalar\u0131 \u00e7ok kar\u0131\u015f\u0131k. Kim hangi bilgiyi nas\u0131l de\u011ferlendirecek, neye g\u00f6re ve ne \u015fekilde hareket edecek? Hareket etti\u011finde mi bedel \u00f6der, etmedi\u011finde mi? Bu kitap, memleketimizde ve d\u00fcnyada ekonomik ve sosyal alanlarda ya\u015fanan son geli\u015fmeleri \u00e7ok y\u00f6nl\u00fc perspektiflerden ele alarak, hem tarihsel ger\u00e7ekler \u0131\u015f\u0131\u011f\u0131nda hem de gelecekteki ekonomik ve politik \u00f6ng\u00f6r\u00fcler ekseninde sorgulamaktad\u0131r. \u00c7\u00f6z\u00fcmlemelerde esas olarak ele al\u0131nan konu, tabii ki zihniyetler ve paradigmalard\u0131r. Unutmay\u0131n ki hi\u00e7bir sorun ki\u015filer ve kurumlar \u00fczerinden revize edilemez, mesele her zaman zihniyet meselesidir. Zihniyet de\u011fi\u015fmeden, paradigma de\u011fi\u015fmez. <\/p>\n","protected":false},"excerpt":{"rendered":"<p>Zihniyet De\u011fi\u015fmeden, Paradigma De\u011fi\u015fmez. G\u00fcn\u00fcm\u00fcz insan\u0131 ya\u015fanan b\u00fct\u00fcn politik, ekonomik ve tarihsel geli\u015fmelerden h\u0131zl\u0131 ileti\u015fim teknolojileri sayesinde hemen haberdar olabiliyor. Bu b\u00fcy\u00fck bir \u015fans, b\u00fcy\u00fck bir<span class=\"excerpt-hellip\"> [\u2026]<\/span><\/p>\n","protected":false},"featured_media":0,"template":"","meta":{"_monsterinsights_skip_tracking":false,"_monsterinsights_sitenote_active":false,"_monsterinsights_sitenote_note":"","_monsterinsights_sitenote_category":0},"product_brand":[],"product_cat":[14841,13043],"product_tag":[],"class_list":{"0":"post-748638","1":"product","2":"type-product","3":"status-publish","5":"product_cat-arastirma-inceleme-kuram","6":"product_cat-ekonomi","7":"pa_cilt-ciltsiz","8":"pa_tur-kitap","9":"pa_yayinevi-destek-yayinlari","10":"pa_yazar-mete-gundogan","12":"first","13":"instock","14":"sale","15":"shipping-taxable","16":"purchasable","17":"product-type-simple"},"_links":{"self":[{"href":"https:\/\/roveyayinevi.com.tr\/index.php\/wp-json\/wp\/v2\/product\/748638","targetHints":{"allow":["GET"]}}],"collection":[{"href":"https:\/\/roveyayinevi.com.tr\/index.php\/wp-json\/wp\/v2\/product"}],"about":[{"href":"https:\/\/roveyayinevi.com.tr\/index.php\/wp-json\/wp\/v2\/types\/product"}],"wp:attachment":[{"href":"https:\/\/roveyayinevi.com.tr\/index.php\/wp-json\/wp\/v2\/media?parent=748638"}],"wp:term":[{"taxonomy":"product_brand","embeddable":true,"href":"https:\/\/roveyayinevi.com.tr\/index.php\/wp-json\/wp\/v2\/product_brand?post=748638"},{"taxonomy":"product_cat","embeddable":true,"href":"https:\/\/roveyayinevi.com.tr\/index.php\/wp-json\/wp\/v2\/product_cat?post=748638"},{"taxonomy":"product_tag","embeddable":true,"href":"https:\/\/roveyayinevi.com.tr\/index.php\/wp-json\/wp\/v2\/product_tag?post=748638"}],"curies":[{"name":"wp","href":"https:\/\/api.w.org\/{rel}","templated":true}]}}