{"id":748636,"date":"2025-08-28T03:36:04","date_gmt":"2025-08-28T00:36:04","guid":{"rendered":"https:\/\/roveyayinevi.com.tr\/index.php\/urun\/adalet-5\/"},"modified":"2026-04-16T03:01:17","modified_gmt":"2026-04-16T00:01:17","slug":"adalet-5","status":"publish","type":"product","link":"https:\/\/roveyayinevi.com.tr\/index.php\/urun\/adalet-5\/","title":{"rendered":"Adalet"},"content":{"rendered":"<p>\u201c\u00d6zg\u00fcrl\u00fc\u011f\u00fcn olmad\u0131\u011f\u0131 eylemler evreninde adalet aran\u0131p bulunamaz.\u201d   \u201cYery\u00fcz\u00fc Rabb\u2019inin nuruyla ayd\u0131nlanacak, amel defterleri ortaya konulacak. Peygamberler ve tan\u0131klar getirilecek. Aralar\u0131nda adaletle h\u00fck\u00fcm verilecek ve onlar hi\u00e7bir haks\u0131zl\u0131\u011fa u\u011framayacaklard\u0131r. Herkese, yapt\u0131\u011f\u0131n\u0131n kar\u015f\u0131l\u0131\u011f\u0131 eksiksiz \u00f6denecektir. Allah, onlar\u0131n ne yapt\u0131klar\u0131n\u0131 en iyi bilendir.\u201d (Zu\u0308mer, 69-70)   \u0130nsanl\u0131\u011f\u0131n en muhta\u00e7 oldu\u011fu de\u011ferlerden biri AKIL, di\u011feri de ADALET\u2019tir. Akl\u0131n olmad\u0131\u011f\u0131 yerde adalet olmaz. Bu sebeple zalimler \u00f6nce akl\u0131, sonra adaleti yaralay\u0131p zulmederler. Prof. Dr. Bayraktar Bayrakl\u0131 delile, \u015fahide, eyleme\/amele g\u00f6re h\u00fck\u00fcm verilmesi anlam\u0131na gelen adalet kavram\u0131n\u0131, Kuran\u2019\u0131 ve s\u00fcnneti esas alarak ilahi bir g\u00f6zl\u00fckle inceliyor ve alt\u0131n\u0131 \u00e7iziyor: \u201cHer nerede bu benim ideolojimdendir, benim partimdendir deyip de ayn\u0131 su\u00e7a farkl\u0131 cezalar veriliyorsa, orada adalet g\u00fcne\u015fi batm\u0131\u015f demektir. Unutmayal\u0131m; Allah bu k\u00e2inat\u0131 ak\u0131l i\u00e7in yaratt\u0131, adalet i\u00e7in y\u0131kacakt\u0131r.\u201d <\/p>\n","protected":false},"excerpt":{"rendered":"<p>\u201c\u00d6zg\u00fcrl\u00fc\u011f\u00fcn olmad\u0131\u011f\u0131 eylemler evreninde adalet aran\u0131p bulunamaz.\u201d \u201cYery\u00fcz\u00fc Rabb\u2019inin nuruyla ayd\u0131nlanacak, amel defterleri ortaya konulacak. Peygamberler ve tan\u0131klar getirilecek. Aralar\u0131nda adaletle h\u00fck\u00fcm verilecek ve onlar hi\u00e7bir<span class=\"excerpt-hellip\"> [\u2026]<\/span><\/p>\n","protected":false},"featured_media":0,"template":"","meta":{"_monsterinsights_skip_tracking":false,"_monsterinsights_sitenote_active":false,"_monsterinsights_sitenote_note":"","_monsterinsights_sitenote_category":0},"product_brand":[],"product_cat":[13036,12718,12719],"product_tag":[],"class_list":{"0":"post-748636","1":"product","2":"type-product","3":"status-publish","5":"product_cat-arastirma-inceleme-islam","6":"product_cat-din","7":"product_cat-islam","8":"pa_cilt-ciltsiz","9":"pa_tur-kitap","10":"pa_yayinevi-destek-yayinlari","11":"pa_yazar-bayraktar-bayrakli","13":"first","14":"instock","15":"sale","16":"shipping-taxable","17":"purchasable","18":"product-type-simple"},"_links":{"self":[{"href":"https:\/\/roveyayinevi.com.tr\/index.php\/wp-json\/wp\/v2\/product\/748636","targetHints":{"allow":["GET"]}}],"collection":[{"href":"https:\/\/roveyayinevi.com.tr\/index.php\/wp-json\/wp\/v2\/product"}],"about":[{"href":"https:\/\/roveyayinevi.com.tr\/index.php\/wp-json\/wp\/v2\/types\/product"}],"wp:attachment":[{"href":"https:\/\/roveyayinevi.com.tr\/index.php\/wp-json\/wp\/v2\/media?parent=748636"}],"wp:term":[{"taxonomy":"product_brand","embeddable":true,"href":"https:\/\/roveyayinevi.com.tr\/index.php\/wp-json\/wp\/v2\/product_brand?post=748636"},{"taxonomy":"product_cat","embeddable":true,"href":"https:\/\/roveyayinevi.com.tr\/index.php\/wp-json\/wp\/v2\/product_cat?post=748636"},{"taxonomy":"product_tag","embeddable":true,"href":"https:\/\/roveyayinevi.com.tr\/index.php\/wp-json\/wp\/v2\/product_tag?post=748636"}],"curies":[{"name":"wp","href":"https:\/\/api.w.org\/{rel}","templated":true}]}}