{"id":748629,"date":"2025-08-28T03:35:40","date_gmt":"2025-08-28T00:35:40","guid":{"rendered":"https:\/\/roveyayinevi.com.tr\/index.php\/urun\/islamin-ayak-izleri\/"},"modified":"2026-04-16T03:01:17","modified_gmt":"2026-04-16T00:01:17","slug":"islamin-ayak-izleri","status":"publish","type":"product","link":"https:\/\/roveyayinevi.com.tr\/index.php\/urun\/islamin-ayak-izleri\/","title":{"rendered":"\u0130slam&#8217;\u0131n Ayak \u0130zleri"},"content":{"rendered":"<p>\u201cT\u00fcrkler Arap ve \u0130ranl\u0131lar\u0131n hi\u00e7 yapmad\u0131klar\u0131 bir \u015feyi yaparak mill\u00ee kimliklerini \u0130slam\u2019a g\u00f6md\u00fcler&#8230; T\u00fcrklerin \u0130slam\u2019a sadakatlerinin ger\u00e7ekli\u011fi ve ciddili\u011fi ba\u015fka hi\u00e7bir halkta g\u00f6r\u00fclmez. Bu nedenle hanedanlar\u0131n\u0131n korumas\u0131nda b\u00fcy\u00fck bir S\u00fcnni canlanmas\u0131n\u0131n ortaya \u00e7\u0131k\u0131p yay\u0131lmas\u0131na hi\u00e7 \u015fa\u015fmamak gerekir.\u201dBernard Lewis, Ortado\u011fu*T\u00fcrkiye ve d\u00fcnya tarih\u00e7ili\u011fi, bug\u00fcne kadar ortaya konan pek \u00e7ok k\u0131ymetli ara\u015ft\u0131rmaya ra\u011fmen T\u00fcrk tarihinin en hassas ve kritik meselelerinden olan \u201c\u0130slam\u201d konusunda \u00e7ok yetersiz kald\u0131. T\u00fcrk tarihinde \u0130slam konusunun Sel\u00e7uklu ara\u015ft\u0131rmalar\u0131nda bile olduk\u00e7a c\u0131l\u0131z kald\u0131\u011f\u0131 g\u00f6r\u00fclmektedir. Nitekim merhum Fuad K\u00f6pr\u00fcl\u00fc, Abd\u00fclbaki G\u00f6lp\u0131narl\u0131, Osman Turan gibi \u00f6nemli isimlerden ba\u015fka kimseler bu alana pek u\u011framam\u0131\u015f; var olan ara\u015ft\u0131rmalar\u0131n \u00fczerine yeterli eklemeler yap\u0131lmam\u0131\u015f; dolay\u0131s\u0131yla \u201cT\u00fcrkler ve \u0130slam\u201d problemati\u011finin siyasal, toplumsal ve k\u00fclt\u00fcrel tarih alanlar\u0131ndaki yans\u0131malar\u0131 h\u00e2len daha yeterli derecede ara\u015ft\u0131r\u0131lmam\u0131\u015ft\u0131r.Elinizdeki eser, M\u00fcsl\u00fcmanl\u0131\u011fa ge\u00e7i\u015f ile ba\u015flayan yeni din\u00ee tarihsel s\u00fcre\u00e7 i\u00e7inde T\u00fcrklerin nas\u0131l ya\u015fad\u0131klar\u0131n\u0131 ve \u0130slam\u2019\u0131 siyasete, toplumsal hayata ve k\u00fclt\u00fcre nas\u0131l yans\u0131tt\u0131klar\u0131n\u0131 konu ediniyor. \u0130ki ciltlik kitab\u0131n elinizde tuttu\u011funuz birinci cildindeki makale ve incelemeler, Anadolu Sel\u00e7uklu d\u00f6neminde \u0130slam\u2019\u0131n siyasi, toplumsal ve k\u00fclt\u00fcrel hayatta b\u0131rakt\u0131\u011f\u0131 izleri anlamaya \u00e7al\u0131\u015f\u0131yor. Bu problematik alan\u0131na dair yakla\u015f\u0131m, y\u00f6ntem ve analiz denemelerini i\u00e7eren eser, Prof. Dr. Ahmet Ya\u015far Ocak\u2019\u0131n akademik yolculu\u011funun nas\u0131l bir geli\u015fme g\u00f6sterdi\u011fini de okura sunuyor. T\u00fcrk \u015fehirlerinin k\u00fclt\u00fcrel ve fiziki k\u00f6kenleri, K\u0131z\u0131lba\u015f (yahut Alev\u00ee) isyanlar\u0131, Sar\u0131 Salt\u0131k ve \u015eeyh Bedreddin\u2019in halk \u0130sl\u00e2m\u2019\u0131ndaki rol\u00fc, Hac\u0131 Bekta\u015f-\u0131 Veli hakk\u0131nda incelemeler, Nasreddin Hoca\u2019n\u0131n ya\u015fad\u0131\u011f\u0131 sosyal \u00e7evre gibi pek \u00e7ok konuyu okurla yeniden bulu\u015fturan Orta\u00e7a\u011flar Anadolu\u2019sunda \u0130slam\u2019\u0131n Ayak \u0130zleri, birbirinden enfes makaleleriyle T\u00fcrkiye ve d\u00fcnya tarih\u00e7ili\u011finde b\u00fcy\u00fck bir bo\u015flu\u011fu dolduruyor.Edit\u00f6r\u00fcn g\u00f6r\u00fc\u015f\u00fc\u00c7al\u0131\u015ft\u0131\u011f\u0131 alan olan T\u00fcrk \u0130slam Tarihi (ve \u00f6zellikle sufilik) \u00fczerine \u00e7ok ciddi ara\u015ft\u0131rmalar yapm\u0131\u015f ve konunun hassasiyeti ve \u00e7al\u0131\u015ft\u0131\u011f\u0131 mecran\u0131n irrasyonel konumuna ra\u011fmen akademik disiplinini korumay\u0131 ba\u015farabilmi\u015f Ahmet Ya\u015far Ocak&#8217;\u0131n kaleminden Orta\u00e7a\u011flar Anadolu&#8217;suna dair birbirinden enfes bir\u00e7ok makalenin yer ald\u0131\u011f\u0131 bu \u00e7al\u0131\u015fma piyasada \u00e7ok \u00f6nemli bir yeri dolduruyor.En \u00f6nemli c\u00fcmleT\u00fcrkiye\u2019de uzun zamandan beri b\u00fct\u00fcn dikkatlerin \u015fu veya bu maksatla, \u015fu veya bu ideolojik saiklerle yaln\u0131zca Mevl\u00e2n\u00e2, Hac\u0131 Bekta\u015f-\u0131 Veli ve Yunus Emre \u00fczerinde toplanm\u0131\u015f olmas\u0131 ve buradaki tasavvuf hayat\u0131n\u0131n bu \u00fc\u00e7 isimle s\u0131n\u0131rl\u0131ym\u0131\u015f gibi alg\u0131lanmas\u0131 bizim Anadolu tasavvufunun ger\u00e7ek tarihini b\u00fct\u00fcn boyutlar\u0131yla g\u00f6rmemizi ve kavramam\u0131z\u0131 bir anlamda engellemi\u015ftir.Bu kitap neden \u00f6nemliT\u00fcrk tarih\u00e7ili\u011finin en \u00f6nemli isimlerinden Ahmet Ya\u015far Ocak\u2019tan bir ba\u015fucu kitab\u0131. Alan\u0131nda kaynak eser. \u00dcniversitelerde okutulacak ders kitab\u0131 niteli\u011findeki bu kitapta Orta\u00e7a\u011flar Anadolu&#8217;suna dair birbirinden farkl\u0131 bir\u00e7ok makale bulunuyor. Tima\u015f Tarih&#8217;te Ahmet Ya\u015far Ocak Kitapl\u0131\u011f\u0131 bu kitapla daha da b\u00fcy\u00fcyor.Anahtar kelimeTarih, Tasavvuf Tarihi, \u0130slam Tarihi, Sel\u00e7uklular, Anadolu Tasavvufu, Anadolu \u0130slam\u0131, Alevilik, Bekta\u015filik, Huruf\u00eelik, \u015eiilik, S\u00fcnnilik, Mevlana, Nasreddin Hoca, T\u00fcrkiye Sel\u00e7uklular\u0131<\/p>\n","protected":false},"excerpt":{"rendered":"<p>\u201cT\u00fcrkler Arap ve \u0130ranl\u0131lar\u0131n hi\u00e7 yapmad\u0131klar\u0131 bir \u015feyi yaparak mill\u00ee kimliklerini \u0130slam\u2019a g\u00f6md\u00fcler&#8230; T\u00fcrklerin \u0130slam\u2019a sadakatlerinin ger\u00e7ekli\u011fi ve ciddili\u011fi ba\u015fka hi\u00e7bir halkta g\u00f6r\u00fclmez. Bu nedenle hanedanlar\u0131n\u0131n<span class=\"excerpt-hellip\"> [\u2026]<\/span><\/p>\n","protected":false},"featured_media":0,"template":"","meta":{"_monsterinsights_skip_tracking":false,"_monsterinsights_sitenote_active":false,"_monsterinsights_sitenote_note":"","_monsterinsights_sitenote_category":0},"product_brand":[],"product_cat":[12370,12304],"product_tag":[],"class_list":{"0":"post-748629","1":"product","2":"type-product","3":"status-publish","5":"product_cat-arastirma-inceleme","6":"product_cat-tarih","7":"pa_cilt-ciltsiz","8":"pa_tur-kitap","9":"pa_yayinevi-timas-yayinlari","10":"pa_yazar-ahmet-yasar-ocak","12":"first","13":"instock","14":"sale","15":"shipping-taxable","16":"purchasable","17":"product-type-simple"},"_links":{"self":[{"href":"https:\/\/roveyayinevi.com.tr\/index.php\/wp-json\/wp\/v2\/product\/748629","targetHints":{"allow":["GET"]}}],"collection":[{"href":"https:\/\/roveyayinevi.com.tr\/index.php\/wp-json\/wp\/v2\/product"}],"about":[{"href":"https:\/\/roveyayinevi.com.tr\/index.php\/wp-json\/wp\/v2\/types\/product"}],"wp:attachment":[{"href":"https:\/\/roveyayinevi.com.tr\/index.php\/wp-json\/wp\/v2\/media?parent=748629"}],"wp:term":[{"taxonomy":"product_brand","embeddable":true,"href":"https:\/\/roveyayinevi.com.tr\/index.php\/wp-json\/wp\/v2\/product_brand?post=748629"},{"taxonomy":"product_cat","embeddable":true,"href":"https:\/\/roveyayinevi.com.tr\/index.php\/wp-json\/wp\/v2\/product_cat?post=748629"},{"taxonomy":"product_tag","embeddable":true,"href":"https:\/\/roveyayinevi.com.tr\/index.php\/wp-json\/wp\/v2\/product_tag?post=748629"}],"curies":[{"name":"wp","href":"https:\/\/api.w.org\/{rel}","templated":true}]}}