{"id":748624,"date":"2025-08-28T03:35:34","date_gmt":"2025-08-28T00:35:34","guid":{"rendered":"https:\/\/roveyayinevi.com.tr\/index.php\/urun\/akilli-pazarlama-kitabi\/"},"modified":"2026-04-16T03:01:17","modified_gmt":"2026-04-16T00:01:17","slug":"akilli-pazarlama-kitabi","status":"publish","type":"product","link":"https:\/\/roveyayinevi.com.tr\/index.php\/urun\/akilli-pazarlama-kitabi\/","title":{"rendered":"Ak\u0131ll\u0131 Pazarlama Kitab\u0131"},"content":{"rendered":"<p>PAZARLAMA UZMANLI\u011eINIZI GEL\u0130\u015eT\u0130RMEN\u0130N AKILLICA YOLU Ak\u0131ll\u0131 Pazarlama Kitab\u0131, modern pazarlamay\u0131 her y\u00f6n\u00fcyle k\u0131sa ve \u00f6z bir \u015fekilde ele almaktad\u0131r. Alan\u0131nda h\u0131zla geli\u015fmek isteyen yeni pazarlamac\u0131lar\u0131n yan\u0131 s\u0131ra bilgilerindeki bo\u015fluklar\u0131 doldurmak isteyen deneyimli profesyoneller i\u00e7in de m\u00fckemmel bir k\u0131lavuz! Pazarlama kavramlar\u0131n\u0131n net a\u00e7\u0131klamalar\u0131, ustaca geli\u015ftirilmi\u015f modeller ve kolay anla\u015f\u0131l\u0131r g\u00f6rsellerle, pazarlama d\u00fcnyas\u0131n\u0131n s\u0131rlar\u0131n\u0131 \u00e7\u00f6zmek ve modern d\u00fc\u015f\u00fcnce yap\u0131lar\u0131n\u0131 i\u015f ba\u015far\u0131s\u0131na d\u00f6n\u00fc\u015ft\u00fcrmek isteyen herkes i\u00e7in ellerinden b\u0131rakamayacaklar\u0131 bir rehber!   DAN WHITE, pazarlama ve i\u00e7g\u00f6r\u00fc uzman\u0131d\u0131r. K\u00fcresel reklamlar\u0131 neyin etkili k\u0131ld\u0131\u011f\u0131n\u0131 belirlemeye ve neyin h\u0131zla yay\u0131laca\u011f\u0131yla ilgili tahmin y\u00fcr\u00fctmeye yard\u0131mc\u0131 bir\u00e7ok yarat\u0131c\u0131 pazarlama teknikleri geli\u015ftirmi\u015ftir. Modelleri ve g\u00f6rselleri pazarlamac\u0131lara ilham kayna\u011f\u0131 olarak d\u00fcnyan\u0131n \u00f6nde gelen marka \u00f6l\u00e7me ve medya de\u011ferlendirme sistemlerinin bir \u00f6l\u00e7\u00fct\u00fc haline gelmi\u015ftir. \u201c\u00d6nemli bir pazarlama kariyerinin do\u011fal bir neticesi olarak ortaya \u00e7\u0131km\u0131\u015f m\u00fcthi\u015f bir i\u00e7g\u00f6r\u00fc!\u201d \u2013Omaid Hiwaizi \u201cPazarlaman\u0131n mant\u0131\u011f\u0131n\u0131 anlay\u0131p sihrini \u00e7\u00f6zmeye ihtiyac\u0131n\u0131z varsa hemen okumaya ba\u015flay\u0131n.\u201d \u2013Sonia Johnson \u201cPazarlama d\u00fcnyas\u0131 durmadan de\u011fi\u015fse de Ak\u0131ll\u0131 Pazarlama Kitab\u0131\u2019nda net bir \u015fekilde anlat\u0131lan kavramlar, zamana adeta meydan okuyor.\u201d \u2013Sarah White \u201cPazarlaman\u0131n en \u00f6nemli prensiplerini kan\u0131tlara bo\u011fulmadan anlamak ve payla\u015fmak isteyenler i\u00e7in harika bir kitap!\u201d \u2013Richard Bambrick <\/p>\n","protected":false},"excerpt":{"rendered":"<p>PAZARLAMA UZMANLI\u011eINIZI GEL\u0130\u015eT\u0130RMEN\u0130N AKILLICA YOLU Ak\u0131ll\u0131 Pazarlama Kitab\u0131, modern pazarlamay\u0131 her y\u00f6n\u00fcyle k\u0131sa ve \u00f6z bir \u015fekilde ele almaktad\u0131r. Alan\u0131nda h\u0131zla geli\u015fmek isteyen yeni pazarlamac\u0131lar\u0131n yan\u0131<span class=\"excerpt-hellip\"> [\u2026]<\/span><\/p>\n","protected":false},"featured_media":0,"template":"","meta":{"_monsterinsights_skip_tracking":false,"_monsterinsights_sitenote_active":false,"_monsterinsights_sitenote_note":"","_monsterinsights_sitenote_category":0},"product_brand":[],"product_cat":[12364,12376],"product_tag":[],"class_list":{"0":"post-748624","1":"product","2":"type-product","3":"status-publish","5":"product_cat-genel-konular","6":"product_cat-kisisel-gelisim","7":"pa_cilt-ciltsiz","8":"pa_tur-kitap","9":"pa_yayinevi-mona-kitap","10":"pa_yazar-dan-white","12":"first","13":"instock","14":"sale","15":"shipping-taxable","16":"purchasable","17":"product-type-simple"},"_links":{"self":[{"href":"https:\/\/roveyayinevi.com.tr\/index.php\/wp-json\/wp\/v2\/product\/748624","targetHints":{"allow":["GET"]}}],"collection":[{"href":"https:\/\/roveyayinevi.com.tr\/index.php\/wp-json\/wp\/v2\/product"}],"about":[{"href":"https:\/\/roveyayinevi.com.tr\/index.php\/wp-json\/wp\/v2\/types\/product"}],"wp:attachment":[{"href":"https:\/\/roveyayinevi.com.tr\/index.php\/wp-json\/wp\/v2\/media?parent=748624"}],"wp:term":[{"taxonomy":"product_brand","embeddable":true,"href":"https:\/\/roveyayinevi.com.tr\/index.php\/wp-json\/wp\/v2\/product_brand?post=748624"},{"taxonomy":"product_cat","embeddable":true,"href":"https:\/\/roveyayinevi.com.tr\/index.php\/wp-json\/wp\/v2\/product_cat?post=748624"},{"taxonomy":"product_tag","embeddable":true,"href":"https:\/\/roveyayinevi.com.tr\/index.php\/wp-json\/wp\/v2\/product_tag?post=748624"}],"curies":[{"name":"wp","href":"https:\/\/api.w.org\/{rel}","templated":true}]}}