{"id":748613,"date":"2025-08-28T03:35:19","date_gmt":"2025-08-28T00:35:19","guid":{"rendered":"https:\/\/roveyayinevi.com.tr\/index.php\/urun\/askin-metafizigi-bez-ciltli\/"},"modified":"2026-04-16T03:01:16","modified_gmt":"2026-04-16T00:01:16","slug":"askin-metafizigi-bez-ciltli","status":"publish","type":"product","link":"https:\/\/roveyayinevi.com.tr\/index.php\/urun\/askin-metafizigi-bez-ciltli\/","title":{"rendered":"A\u015fk\u0131n Metafizi\u011fi (Bez Ciltli)"},"content":{"rendered":"<p>\u201cT\u00fcm a\u015fk oyunlar\u0131n\u0131n gayesi insan hayat\u0131ndaki b\u00fct\u00fcn ama\u00e7lardan daha \u00f6nemlidir.\u201d   Alman filozof Arthur Schopenhauer A\u015fk\u0131n Metafizi\u011fi\u2019nde yazarlar\u0131n, d\u00fc\u015f\u00fcn\u00fcrlerin, sanat\u00e7\u0131lar\u0131n tarih boyunca i\u015fleye i\u015fleye t\u00fcketemedi\u011fi a\u015fk konusunu kendine has felsefi bir yakla\u015f\u0131mla ele al\u0131yor. A\u015fk fenomenini edebiyata ve mitolojiye referanslarla, bilimsel analojilerle ve hayattan \u00f6rneklerle inceliyor. A\u015fk\u0131n insanlar i\u00e7in neden bu kadar \u00f6nemli oldu\u011funu, insanlar\u0131n bu konuda neden bu kadar \u00e7ok yan\u0131lsamaya kap\u0131ld\u0131\u011f\u0131n\u0131 ve ac\u0131 \u00e7ekti\u011fini ama ayn\u0131 zamanda neden en b\u00fcy\u00fck co\u015fkular\u0131 ve mutluluklar\u0131 a\u015fk ba\u011flam\u0131nda ya\u015fad\u0131\u011f\u0131n\u0131 irdeleyerek tutkularla, cinsellikle ve g\u00f6n\u00fcl meseleleriyle ilgili g\u00fc\u00e7l\u00fc arg\u00fcmanlar \u00f6ne s\u00fcr\u00fcyor ve beraberinde bu konulardaki varsay\u0131mlar\u0131 sorguluyor. Bu \u00f6nemli d\u00fc\u015f\u00fcnce klasi\u011fini, Levent Baka\u00e7\u2019\u0131n Almanca asl\u0131ndan \u00f6zenli \u00e7evirisiyle ve Prof. Dr. Cengiz G\u00fcle\u00e7\u2019in a\u015fk\u0131n felsefesi ve psikolojisi \u00fczerine sons\u00f6z yaz\u0131s\u0131yla sunuyoruz.<\/p>\n","protected":false},"excerpt":{"rendered":"<p>\u201cT\u00fcm a\u015fk oyunlar\u0131n\u0131n gayesi insan hayat\u0131ndaki b\u00fct\u00fcn ama\u00e7lardan daha \u00f6nemlidir.\u201d Alman filozof Arthur Schopenhauer A\u015fk\u0131n Metafizi\u011fi\u2019nde yazarlar\u0131n, d\u00fc\u015f\u00fcn\u00fcrlerin, sanat\u00e7\u0131lar\u0131n tarih boyunca i\u015fleye i\u015fleye t\u00fcketemedi\u011fi a\u015fk konusunu<span class=\"excerpt-hellip\"> [\u2026]<\/span><\/p>\n","protected":false},"featured_media":0,"template":"","meta":{"_monsterinsights_skip_tracking":false,"_monsterinsights_sitenote_active":false,"_monsterinsights_sitenote_note":"","_monsterinsights_sitenote_category":0},"product_brand":[],"product_cat":[12782,12291],"product_tag":[],"class_list":{"0":"post-748613","1":"product","2":"type-product","3":"status-publish","5":"product_cat-alman-edebiyati","6":"product_cat-edebiyat","7":"pa_cilt-ciltli","8":"pa_tur-kitap","9":"pa_yayinevi-koridor-yayincilik","10":"pa_yazar-arthur-schopenhauer","12":"first","13":"instock","14":"sale","15":"shipping-taxable","16":"purchasable","17":"product-type-simple"},"_links":{"self":[{"href":"https:\/\/roveyayinevi.com.tr\/index.php\/wp-json\/wp\/v2\/product\/748613","targetHints":{"allow":["GET"]}}],"collection":[{"href":"https:\/\/roveyayinevi.com.tr\/index.php\/wp-json\/wp\/v2\/product"}],"about":[{"href":"https:\/\/roveyayinevi.com.tr\/index.php\/wp-json\/wp\/v2\/types\/product"}],"wp:attachment":[{"href":"https:\/\/roveyayinevi.com.tr\/index.php\/wp-json\/wp\/v2\/media?parent=748613"}],"wp:term":[{"taxonomy":"product_brand","embeddable":true,"href":"https:\/\/roveyayinevi.com.tr\/index.php\/wp-json\/wp\/v2\/product_brand?post=748613"},{"taxonomy":"product_cat","embeddable":true,"href":"https:\/\/roveyayinevi.com.tr\/index.php\/wp-json\/wp\/v2\/product_cat?post=748613"},{"taxonomy":"product_tag","embeddable":true,"href":"https:\/\/roveyayinevi.com.tr\/index.php\/wp-json\/wp\/v2\/product_tag?post=748613"}],"curies":[{"name":"wp","href":"https:\/\/api.w.org\/{rel}","templated":true}]}}