{"id":748603,"date":"2025-08-28T03:35:05","date_gmt":"2025-08-28T00:35:05","guid":{"rendered":"https:\/\/roveyayinevi.com.tr\/index.php\/urun\/kemiklerin-mirasi-2-kitap\/"},"modified":"2026-04-16T03:01:16","modified_gmt":"2026-04-16T00:01:16","slug":"kemiklerin-mirasi-2-kitap","status":"publish","type":"product","link":"https:\/\/roveyayinevi.com.tr\/index.php\/urun\/kemiklerin-mirasi-2-kitap\/","title":{"rendered":"Kemiklerin Miras\u0131 \u2013 2. Kitap"},"content":{"rendered":"<p>Dokuz ayl\u0131k hamile olan Dedektif Amaia Salazar, \u00fcvey k\u0131z\u0131na tecav\u00fcz etmek ve onu \u00f6ld\u00fcrmekle su\u00e7lanan Jason Medina\u2019n\u0131n davas\u0131n\u0131 takip etmekle g\u00f6revlendirilir. Ancak duru\u015fmadan hemen \u00f6nce Medina, mahkemenin tuvaletinde bileklerini keserek intihar etmi\u015f ve ard\u0131nda Amaia\u2019ya tek kelimelik bir not b\u0131rakm\u0131\u015ft\u0131r: \u201cTarttalo.\u201d Medina, Bask mitolojisine bu mu\u011flak g\u00f6ndermeyle nas\u0131l bir mesaj vermek istiyordu? Amaia ger\u00e7e\u011fi ortaya \u00e7\u0131karmak \u00fczere bir kez daha ailesinin evine ve kendini en savunmas\u0131z hissetti\u011fi yere, Bazt\u00e1n Vadisi\u2019ne d\u00f6nmek zorunda kal\u0131r. Soru\u015fturma daha karma\u015f\u0131k ve daha ki\u015fisel hale geldik\u00e7e Amaia\u2019ya en yak\u0131n olanlar \u00f6l\u00fcmc\u00fcl bir tehlikeye girer. <\/p>\n","protected":false},"excerpt":{"rendered":"<p>Dokuz ayl\u0131k hamile olan Dedektif Amaia Salazar, \u00fcvey k\u0131z\u0131na tecav\u00fcz etmek ve onu \u00f6ld\u00fcrmekle su\u00e7lanan Jason Medina\u2019n\u0131n davas\u0131n\u0131 takip etmekle g\u00f6revlendirilir. Ancak duru\u015fmadan hemen \u00f6nce Medina,<span class=\"excerpt-hellip\"> [\u2026]<\/span><\/p>\n","protected":false},"featured_media":0,"template":"","meta":{"_monsterinsights_skip_tracking":false,"_monsterinsights_sitenote_active":false,"_monsterinsights_sitenote_note":"","_monsterinsights_sitenote_category":0},"product_brand":[],"product_cat":[12291,17033],"product_tag":[],"class_list":{"0":"post-748603","1":"product","2":"type-product","3":"status-publish","5":"product_cat-edebiyat","6":"product_cat-korku-gerilim","7":"pa_cilt-ciltsiz","8":"pa_tur-kitap","9":"pa_yayinevi-koridor-yayincilik","10":"pa_yazar-dolores-redondo","12":"first","13":"instock","14":"sale","15":"shipping-taxable","16":"purchasable","17":"product-type-simple"},"_links":{"self":[{"href":"https:\/\/roveyayinevi.com.tr\/index.php\/wp-json\/wp\/v2\/product\/748603","targetHints":{"allow":["GET"]}}],"collection":[{"href":"https:\/\/roveyayinevi.com.tr\/index.php\/wp-json\/wp\/v2\/product"}],"about":[{"href":"https:\/\/roveyayinevi.com.tr\/index.php\/wp-json\/wp\/v2\/types\/product"}],"wp:attachment":[{"href":"https:\/\/roveyayinevi.com.tr\/index.php\/wp-json\/wp\/v2\/media?parent=748603"}],"wp:term":[{"taxonomy":"product_brand","embeddable":true,"href":"https:\/\/roveyayinevi.com.tr\/index.php\/wp-json\/wp\/v2\/product_brand?post=748603"},{"taxonomy":"product_cat","embeddable":true,"href":"https:\/\/roveyayinevi.com.tr\/index.php\/wp-json\/wp\/v2\/product_cat?post=748603"},{"taxonomy":"product_tag","embeddable":true,"href":"https:\/\/roveyayinevi.com.tr\/index.php\/wp-json\/wp\/v2\/product_tag?post=748603"}],"curies":[{"name":"wp","href":"https:\/\/api.w.org\/{rel}","templated":true}]}}