{"id":748593,"date":"2025-08-28T03:34:51","date_gmt":"2025-08-28T00:34:51","guid":{"rendered":"https:\/\/roveyayinevi.com.tr\/index.php\/urun\/fesel-sevket\/"},"modified":"2026-03-12T03:09:42","modified_gmt":"2026-03-12T00:09:42","slug":"fesel-sevket","status":"publish","type":"product","link":"https:\/\/roveyayinevi.com.tr\/index.php\/urun\/fesel-sevket\/","title":{"rendered":"Fe\u015fel \u015eevket"},"content":{"rendered":"<p>\u2026           S\u0131n\u0131fa o y\u0131l ba\u015fka bir okuldan, \u015eevket ad\u0131nda, \u015faka yapmay\u0131 \u00e7ok seven afacan bir \u00f6\u011frenci gelmi\u015fti. \u015eevket\u2019in her konuda de\u011fi\u015fik fikirleri vard\u0131. \u201cDerslerin k\u0131rk dakika, teneff\u00fcslerinse on be\u015f dakika olmas\u0131 sizce de haks\u0131zl\u0131k de\u011fil mi arkada\u015flar?\u201d dedi bir g\u00fcn. B\u00fct\u00fcn s\u0131n\u0131f \u015eevket\u2019in bu c\u00fcmlesini hayretle dinledi. Onlar da i\u00e7lerinden b\u00f6yle ge\u00e7iriyorlard\u0131 ama bunu daha \u00f6nce hi\u00e7biri dillendirmemi\u015fti. \u201cBence de haks\u0131zl\u0131k bu!\u201d dedi Metin. \u201cAma biz ne yapabiliriz ki?\u201d \u201cEvet, biz hi\u00e7bir \u015fey yapamay\u0131z.\u201d dedi Sinan. \u201cDurun bakal\u0131m, \u00f6yle hemen umutsuzlu\u011fa kap\u0131lmay\u0131n. Ben bir \u015feyler d\u00fc\u015f\u00fcnece\u011fim.\u201d dedi \u015eevket. \u2026       <\/p>\n","protected":false},"excerpt":{"rendered":"<p>\u2026 S\u0131n\u0131fa o y\u0131l ba\u015fka bir okuldan, \u015eevket ad\u0131nda, \u015faka yapmay\u0131 \u00e7ok seven afacan bir \u00f6\u011frenci gelmi\u015fti. \u015eevket\u2019in her konuda de\u011fi\u015fik fikirleri vard\u0131. \u201cDerslerin k\u0131rk dakika,<span class=\"excerpt-hellip\"> [\u2026]<\/span><\/p>\n","protected":false},"featured_media":0,"template":"","meta":{"_monsterinsights_skip_tracking":false,"_monsterinsights_sitenote_active":false,"_monsterinsights_sitenote_note":"","_monsterinsights_sitenote_category":0},"product_brand":[],"product_cat":[12291,12711],"product_tag":[],"class_list":{"0":"post-748593","1":"product","2":"type-product","3":"status-publish","5":"product_cat-edebiyat","6":"product_cat-roman-oyku","7":"pa_cilt-ciltsiz","8":"pa_tur-kitap","9":"pa_yayinevi-kirmizi-cati-yayinlari","10":"pa_yazar-ismail-guctas","12":"first","13":"instock","14":"sale","15":"shipping-taxable","16":"purchasable","17":"product-type-simple"},"_links":{"self":[{"href":"https:\/\/roveyayinevi.com.tr\/index.php\/wp-json\/wp\/v2\/product\/748593","targetHints":{"allow":["GET"]}}],"collection":[{"href":"https:\/\/roveyayinevi.com.tr\/index.php\/wp-json\/wp\/v2\/product"}],"about":[{"href":"https:\/\/roveyayinevi.com.tr\/index.php\/wp-json\/wp\/v2\/types\/product"}],"wp:attachment":[{"href":"https:\/\/roveyayinevi.com.tr\/index.php\/wp-json\/wp\/v2\/media?parent=748593"}],"wp:term":[{"taxonomy":"product_brand","embeddable":true,"href":"https:\/\/roveyayinevi.com.tr\/index.php\/wp-json\/wp\/v2\/product_brand?post=748593"},{"taxonomy":"product_cat","embeddable":true,"href":"https:\/\/roveyayinevi.com.tr\/index.php\/wp-json\/wp\/v2\/product_cat?post=748593"},{"taxonomy":"product_tag","embeddable":true,"href":"https:\/\/roveyayinevi.com.tr\/index.php\/wp-json\/wp\/v2\/product_tag?post=748593"}],"curies":[{"name":"wp","href":"https:\/\/api.w.org\/{rel}","templated":true}]}}