{"id":748590,"date":"2025-08-28T03:34:46","date_gmt":"2025-08-28T00:34:46","guid":{"rendered":"https:\/\/roveyayinevi.com.tr\/index.php\/urun\/kalbimin-kirik-aynalari\/"},"modified":"2026-04-16T03:01:16","modified_gmt":"2026-04-16T00:01:16","slug":"kalbimin-kirik-aynalari","status":"publish","type":"product","link":"https:\/\/roveyayinevi.com.tr\/index.php\/urun\/kalbimin-kirik-aynalari\/","title":{"rendered":"Kalbimin K\u0131r\u0131k Aynalar\u0131"},"content":{"rendered":"<p>Mutluluk nadir bulunan bir g\u00fczelliktir de\u011ferini bilmeli insan\u2026 Hamid i\u00e7inden kopup gelen bir ne\u015feyle, &#8220;Birka\u00e7 sene sonra nas\u0131l olsa af \u00e7\u0131kar bende buradan \u00e7\u0131kar\u0131m o zaman Kadirim seninle Kumkap\u0131\u2019ya gideriz. Bir Rum meyhanesinin masalar\u0131na oturur, elimi \u015faklat\u0131r garsonu \u00e7a\u011f\u0131r\u0131r, getir en temiz, en beyaz \u00f6rt\u00fcn\u00fc yay masaya, att\u0131r \u0131zgaraya bal\u0131klar\u0131m\u0131z\u0131, en g\u00fczel salatan\u0131, kalamar\u0131n\u0131 haz\u0131rlat\u2026\u201d Hamid kendini kapt\u0131rm\u0131\u015f sanki oradaym\u0131\u015f gibi anlat\u0131yordu. Kadir de kendini kapt\u0131rm\u0131\u015f, ne\u015fe i\u00e7inde dinliyordu. Hamid elini kald\u0131rarak hayali garsonla konu\u015fmaya devam ediyordu, \u201c\u0130nce belli kristal bardaklar\u0131m\u0131za buz doldur, bir b\u00fcy\u00fck rak\u0131 a\u00e7. Bu gece Kadir karde\u015fimle doya doya i\u00e7ece\u011fiz. Oradan \u00e7a\u011f\u0131r darbukac\u0131 ve klarnet\u00e7i arkada\u015flar\u0131 \u00e7als\u0131nlar bize en k\u0131vrak \u015fark\u0131lar\u0131n\u0131 bu gece co\u015faca\u011f\u0131z\u2026\u201d Hamid Kadir\u2019e d\u00f6nd\u00fc, \u201cCo\u015far\u0131z de\u011fil mi karde\u015fim?\u201d derken sesi buruk \u00e7\u0131km\u0131\u015ft\u0131. <\/p>\n","protected":false},"excerpt":{"rendered":"<p>Mutluluk nadir bulunan bir g\u00fczelliktir de\u011ferini bilmeli insan\u2026 Hamid i\u00e7inden kopup gelen bir ne\u015feyle, &#8220;Birka\u00e7 sene sonra nas\u0131l olsa af \u00e7\u0131kar bende buradan \u00e7\u0131kar\u0131m o zaman<span class=\"excerpt-hellip\"> [\u2026]<\/span><\/p>\n","protected":false},"featured_media":0,"template":"","meta":{"_monsterinsights_skip_tracking":false,"_monsterinsights_sitenote_active":false,"_monsterinsights_sitenote_note":"","_monsterinsights_sitenote_category":0},"product_brand":[],"product_cat":[12291,12711],"product_tag":[],"class_list":{"0":"post-748590","1":"product","2":"type-product","3":"status-publish","5":"product_cat-edebiyat","6":"product_cat-roman-oyku","7":"pa_cilt-ciltsiz","8":"pa_tur-kitap","9":"pa_yayinevi-elpis-yayinlari","10":"pa_yazar-levent-karabenli","12":"first","13":"instock","14":"sale","15":"shipping-taxable","16":"purchasable","17":"product-type-simple"},"_links":{"self":[{"href":"https:\/\/roveyayinevi.com.tr\/index.php\/wp-json\/wp\/v2\/product\/748590","targetHints":{"allow":["GET"]}}],"collection":[{"href":"https:\/\/roveyayinevi.com.tr\/index.php\/wp-json\/wp\/v2\/product"}],"about":[{"href":"https:\/\/roveyayinevi.com.tr\/index.php\/wp-json\/wp\/v2\/types\/product"}],"wp:attachment":[{"href":"https:\/\/roveyayinevi.com.tr\/index.php\/wp-json\/wp\/v2\/media?parent=748590"}],"wp:term":[{"taxonomy":"product_brand","embeddable":true,"href":"https:\/\/roveyayinevi.com.tr\/index.php\/wp-json\/wp\/v2\/product_brand?post=748590"},{"taxonomy":"product_cat","embeddable":true,"href":"https:\/\/roveyayinevi.com.tr\/index.php\/wp-json\/wp\/v2\/product_cat?post=748590"},{"taxonomy":"product_tag","embeddable":true,"href":"https:\/\/roveyayinevi.com.tr\/index.php\/wp-json\/wp\/v2\/product_tag?post=748590"}],"curies":[{"name":"wp","href":"https:\/\/api.w.org\/{rel}","templated":true}]}}