{"id":748563,"date":"2025-08-28T03:34:03","date_gmt":"2025-08-28T00:34:03","guid":{"rendered":"https:\/\/roveyayinevi.com.tr\/index.php\/urun\/egitici-kartlar-mantik-ve-dikkat-bulmacalari\/"},"modified":"2026-04-16T03:01:15","modified_gmt":"2026-04-16T00:01:15","slug":"egitici-kartlar-mantik-ve-dikkat-bulmacalari","status":"publish","type":"product","link":"https:\/\/roveyayinevi.com.tr\/index.php\/urun\/egitici-kartlar-mantik-ve-dikkat-bulmacalari\/","title":{"rendered":"E\u011fitici Kartlar Mant\u0131k ve Dikkat Bulmacalar\u0131"},"content":{"rendered":"<p>Bu Sette \u00e7ocu\u011funuzu okul \u00f6ncesi e\u011fitime ve ilkokul 1. s\u0131n\u0131fa haz\u0131rlayacak etkinlikler bulacaks\u0131n\u0131z. Kartlardaki etkinlikler \u00e7ocu\u011funuzun alg\u0131s\u0131n\u0131, haf\u0131zas\u0131n\u0131 ve konsantrasyonunu art\u0131racak. \u00c7ocu\u011funuz oyun oynarken ayn\u0131 anda mant\u0131\u011f\u0131 ve hayal g\u00fcc\u00fc geli\u015fecek, duygular\u0131 tan\u0131yacak, hikayeler anlatacak; harfler, say\u0131lar ve \u015fekilleri \u00f6\u011frenecek. Silinebilir Kalem Hediyeli. <\/p>\n","protected":false},"excerpt":{"rendered":"<p>Bu Sette \u00e7ocu\u011funuzu okul \u00f6ncesi e\u011fitime ve ilkokul 1. s\u0131n\u0131fa haz\u0131rlayacak etkinlikler bulacaks\u0131n\u0131z. Kartlardaki etkinlikler \u00e7ocu\u011funuzun alg\u0131s\u0131n\u0131, haf\u0131zas\u0131n\u0131 ve konsantrasyonunu art\u0131racak. \u00c7ocu\u011funuz oyun oynarken ayn\u0131 anda<span class=\"excerpt-hellip\"> [\u2026]<\/span><\/p>\n","protected":false},"featured_media":0,"template":"","meta":{"_monsterinsights_skip_tracking":false,"_monsterinsights_sitenote_active":false,"_monsterinsights_sitenote_note":"","_monsterinsights_sitenote_category":0},"product_brand":[],"product_cat":[12492,12274],"product_tag":[],"class_list":{"0":"post-748563","1":"product","2":"type-product","3":"status-publish","5":"product_cat-bilmece-bulmaca","6":"product_cat-cocuk-ve-genclik-kitaplari","7":"pa_cilt-ciltsiz","8":"pa_tur-kitap","9":"pa_yayinevi-teleskop-populer-bilim","10":"pa_yazar-kolektif","12":"first","13":"instock","14":"sale","15":"shipping-taxable","16":"purchasable","17":"product-type-simple"},"_links":{"self":[{"href":"https:\/\/roveyayinevi.com.tr\/index.php\/wp-json\/wp\/v2\/product\/748563","targetHints":{"allow":["GET"]}}],"collection":[{"href":"https:\/\/roveyayinevi.com.tr\/index.php\/wp-json\/wp\/v2\/product"}],"about":[{"href":"https:\/\/roveyayinevi.com.tr\/index.php\/wp-json\/wp\/v2\/types\/product"}],"wp:attachment":[{"href":"https:\/\/roveyayinevi.com.tr\/index.php\/wp-json\/wp\/v2\/media?parent=748563"}],"wp:term":[{"taxonomy":"product_brand","embeddable":true,"href":"https:\/\/roveyayinevi.com.tr\/index.php\/wp-json\/wp\/v2\/product_brand?post=748563"},{"taxonomy":"product_cat","embeddable":true,"href":"https:\/\/roveyayinevi.com.tr\/index.php\/wp-json\/wp\/v2\/product_cat?post=748563"},{"taxonomy":"product_tag","embeddable":true,"href":"https:\/\/roveyayinevi.com.tr\/index.php\/wp-json\/wp\/v2\/product_tag?post=748563"}],"curies":[{"name":"wp","href":"https:\/\/api.w.org\/{rel}","templated":true}]}}