{"id":748556,"date":"2025-08-28T03:33:52","date_gmt":"2025-08-28T00:33:52","guid":{"rendered":"https:\/\/roveyayinevi.com.tr\/index.php\/urun\/nokta-ve-cizgi-calismalari-sari-kitap\/"},"modified":"2025-12-30T11:05:51","modified_gmt":"2025-12-30T08:05:51","slug":"nokta-ve-cizgi-calismalari-sari-kitap","status":"publish","type":"product","link":"https:\/\/roveyayinevi.com.tr\/index.php\/urun\/nokta-ve-cizgi-calismalari-sari-kitap\/","title":{"rendered":"Nokta ve \u00c7izgi \u00c7al\u0131\u015fmalar\u0131 Sar\u0131 Kitap"},"content":{"rendered":"<p>Sar\u0131 &#8211; Nokta Ve \u00c7izgi \u00c7al\u0131\u015fmalar\u0131Bu set, \u00e7ocu\u011funuzu okula haz\u0131rlamak i\u00e7in ideal bir ara\u00e7t\u0131r. \u00c7ocuklar\u0131n zihinlerini geli\u015ftirecek muhte\u015fem ilk aktivite kitaplar\u0131 ile \u00e7ocuklar, 1\u2019den 40\u2019a kadar say\u0131lar\u0131 ve saymay\u0131 e\u011flenceli bir \u015fekilde \u00f6\u011frenmeye ba\u015flayacaklar.<\/p>\n","protected":false},"excerpt":{"rendered":"<p>Sar\u0131 &#8211; Nokta Ve \u00c7izgi \u00c7al\u0131\u015fmalar\u0131Bu set, \u00e7ocu\u011funuzu okula haz\u0131rlamak i\u00e7in ideal bir ara\u00e7t\u0131r. \u00c7ocuklar\u0131n zihinlerini geli\u015ftirecek muhte\u015fem ilk aktivite kitaplar\u0131 ile \u00e7ocuklar, 1\u2019den 40\u2019a kadar<span class=\"excerpt-hellip\"> [\u2026]<\/span><\/p>\n","protected":false},"featured_media":0,"template":"","meta":{"_monsterinsights_skip_tracking":false,"_monsterinsights_sitenote_active":false,"_monsterinsights_sitenote_note":"","_monsterinsights_sitenote_category":0},"product_brand":[],"product_cat":[12274,15842],"product_tag":[],"class_list":{"0":"post-748556","1":"product","2":"type-product","3":"status-publish","5":"product_cat-cocuk-ve-genclik-kitaplari","6":"product_cat-egitici-kitaplar","7":"pa_cilt-ciltsiz","8":"pa_tur-kitap","9":"pa_yayinevi-0-6-yas-yayinlari","10":"pa_yazar-kolektif","12":"first","13":"instock","14":"sale","15":"shipping-taxable","16":"purchasable","17":"product-type-simple"},"_links":{"self":[{"href":"https:\/\/roveyayinevi.com.tr\/index.php\/wp-json\/wp\/v2\/product\/748556","targetHints":{"allow":["GET"]}}],"collection":[{"href":"https:\/\/roveyayinevi.com.tr\/index.php\/wp-json\/wp\/v2\/product"}],"about":[{"href":"https:\/\/roveyayinevi.com.tr\/index.php\/wp-json\/wp\/v2\/types\/product"}],"wp:attachment":[{"href":"https:\/\/roveyayinevi.com.tr\/index.php\/wp-json\/wp\/v2\/media?parent=748556"}],"wp:term":[{"taxonomy":"product_brand","embeddable":true,"href":"https:\/\/roveyayinevi.com.tr\/index.php\/wp-json\/wp\/v2\/product_brand?post=748556"},{"taxonomy":"product_cat","embeddable":true,"href":"https:\/\/roveyayinevi.com.tr\/index.php\/wp-json\/wp\/v2\/product_cat?post=748556"},{"taxonomy":"product_tag","embeddable":true,"href":"https:\/\/roveyayinevi.com.tr\/index.php\/wp-json\/wp\/v2\/product_tag?post=748556"}],"curies":[{"name":"wp","href":"https:\/\/api.w.org\/{rel}","templated":true}]}}