{"id":748501,"date":"2025-08-28T03:32:34","date_gmt":"2025-08-28T00:32:34","guid":{"rendered":"https:\/\/roveyayinevi.com.tr\/index.php\/urun\/eglenceli-faaliyet-seti-mor-kitap-5-yas\/"},"modified":"2026-04-16T03:01:14","modified_gmt":"2026-04-16T00:01:14","slug":"eglenceli-faaliyet-seti-mor-kitap-5-yas","status":"publish","type":"product","link":"https:\/\/roveyayinevi.com.tr\/index.php\/urun\/eglenceli-faaliyet-seti-mor-kitap-5-yas\/","title":{"rendered":"E\u011flenceli Faaliyet Seti &#8211; Mor Kitap &#8211; 5+ Ya\u015f"},"content":{"rendered":"<p>Bu e\u011flenceli kitap \u00e7ocuklar\u0131n yarat\u0131c\u0131 zekalar\u0131n\u0131 ve hayal g\u00fc\u00e7lerini peki\u015ftirmek i\u00e7in tasarlanm\u0131\u015f bir\u00e7ok sanat dolu aktivite i\u00e7ermektedir. Resim, m\u00fczik, heykel, el sanatlar\u0131 ve kes-yap\u0131\u015ft\u0131r aktivitelerinin yan\u0131 s\u0131ra \u00e7ocuklar\u0131n kolayca anlayabilece\u011fi bir dil ve y\u00f6nlendirmelere sahiptir. Her ya\u015f ve deneyim seviyesindeki \u00e7ocuk, aileleriyle birlikte bu ilgi \u00e7ekici sanat aktivitelerinin keyfine varabilir ve keyifli vakit ge\u00e7irebilir\u2026 <\/p>\n","protected":false},"excerpt":{"rendered":"<p>Bu e\u011flenceli kitap \u00e7ocuklar\u0131n yarat\u0131c\u0131 zekalar\u0131n\u0131 ve hayal g\u00fc\u00e7lerini peki\u015ftirmek i\u00e7in tasarlanm\u0131\u015f bir\u00e7ok sanat dolu aktivite i\u00e7ermektedir. Resim, m\u00fczik, heykel, el sanatlar\u0131 ve kes-yap\u0131\u015ft\u0131r aktivitelerinin yan\u0131<span class=\"excerpt-hellip\"> [\u2026]<\/span><\/p>\n","protected":false},"featured_media":0,"template":"","meta":{"_monsterinsights_skip_tracking":false,"_monsterinsights_sitenote_active":false,"_monsterinsights_sitenote_note":"","_monsterinsights_sitenote_category":0},"product_brand":[],"product_cat":[12274,24599],"product_tag":[],"class_list":{"0":"post-748501","1":"product","2":"type-product","3":"status-publish","5":"product_cat-cocuk-ve-genclik-kitaplari","6":"product_cat-zeka-gelisimi","7":"pa_cilt-ciltsiz","8":"pa_tur-kitap","9":"pa_yayinevi-parilti-yayinlari","10":"pa_yazar-kolektif","12":"first","13":"instock","14":"sale","15":"shipping-taxable","16":"purchasable","17":"product-type-simple"},"_links":{"self":[{"href":"https:\/\/roveyayinevi.com.tr\/index.php\/wp-json\/wp\/v2\/product\/748501","targetHints":{"allow":["GET"]}}],"collection":[{"href":"https:\/\/roveyayinevi.com.tr\/index.php\/wp-json\/wp\/v2\/product"}],"about":[{"href":"https:\/\/roveyayinevi.com.tr\/index.php\/wp-json\/wp\/v2\/types\/product"}],"wp:attachment":[{"href":"https:\/\/roveyayinevi.com.tr\/index.php\/wp-json\/wp\/v2\/media?parent=748501"}],"wp:term":[{"taxonomy":"product_brand","embeddable":true,"href":"https:\/\/roveyayinevi.com.tr\/index.php\/wp-json\/wp\/v2\/product_brand?post=748501"},{"taxonomy":"product_cat","embeddable":true,"href":"https:\/\/roveyayinevi.com.tr\/index.php\/wp-json\/wp\/v2\/product_cat?post=748501"},{"taxonomy":"product_tag","embeddable":true,"href":"https:\/\/roveyayinevi.com.tr\/index.php\/wp-json\/wp\/v2\/product_tag?post=748501"}],"curies":[{"name":"wp","href":"https:\/\/api.w.org\/{rel}","templated":true}]}}