{"id":748445,"date":"2025-08-28T03:31:17","date_gmt":"2025-08-28T00:31:17","guid":{"rendered":"https:\/\/roveyayinevi.com.tr\/index.php\/urun\/hayvan-ciftligi-30\/"},"modified":"2026-04-16T03:01:12","modified_gmt":"2026-04-16T00:01:12","slug":"hayvan-ciftligi-30","status":"publish","type":"product","link":"https:\/\/roveyayinevi.com.tr\/index.php\/urun\/hayvan-ciftligi-30\/","title":{"rendered":"Hayvan \u00c7iftli\u011fi"},"content":{"rendered":"<p>Beylik \u00c7iftli\u011fi\u2019nin sahibi olan Bay Jones her zaman yapt\u0131\u011f\u0131 gibi o gece de k\u00fcmesleri kilitledi, ancak pencereleri kapatmay\u0131 unutacak kadar yine sarho\u015ftu. Yalpalayarak y\u00fcr\u00fcd\u00fc\u011f\u00fc avluda, elinde sallanan feneriyle, sa\u011f\u0131 solu ayd\u0131nlatarak ilerledikten sonra ula\u015ft\u0131\u011f\u0131 arka kap\u0131da g\u00fc\u00e7l\u00fckle \u00e7izmelerini \u00e7\u0131kart\u0131p, kilerdeki bira f\u0131\u00e7\u0131s\u0131ndan son bir bardak daha doldurarak Bayan Jones\u2019un horlamakta oldu\u011fu yata\u011fa do\u011fru sendeleyip devrildi.Yatak odas\u0131ndaki \u0131\u015f\u0131k s\u00f6ner s\u00f6nmez, \u00e7iftli\u011fin t\u00fcm binalar\u0131nda bir hareketlenme, bir ko\u015fu\u015fturma ba\u015flad\u0131. Koca Reis lakab\u0131yla onurland\u0131r\u0131lm\u0131\u015f olan iri beyaz domuz \u0130htiyar Major\u2019\u0131n bir \u00f6nceki gece g\u00f6rm\u00fc\u015f oldu\u011fu garip r\u00fcyay\u0131 \u00e7iftlikte bulunan t\u00fcm hayvanlara anlataca\u011f\u0131 haberi g\u00fcn boyu etrafta dola\u015fm\u0131\u015ft\u0131. Bay Jones ortal\u0131ktan \u00e7ekildikten sonra t\u00fcm hayvanlar\u0131n b\u00fcy\u00fck ambarda toplanmas\u0131na karar verilmi\u015fti. Girdi\u011fi yar\u0131\u015fmada Wellington g\u00fczeli diye tan\u0131nm\u0131\u015f olan, fakat daima \u0130htiyar Major diye an\u0131lan iri domuz, hayvanlar aras\u0131nda \u00f6yle y\u00fcksek bir itibara ve sayg\u0131nl\u0131\u011fa sahipti ki, onu dinlemek i\u00e7in her hayvan uykusundan birka\u00e7 saati feda etmeye haz\u0131rd\u0131.<\/p>\n","protected":false},"excerpt":{"rendered":"<p>Beylik \u00c7iftli\u011fi\u2019nin sahibi olan Bay Jones her zaman yapt\u0131\u011f\u0131 gibi o gece de k\u00fcmesleri kilitledi, ancak pencereleri kapatmay\u0131 unutacak kadar yine sarho\u015ftu. Yalpalayarak y\u00fcr\u00fcd\u00fc\u011f\u00fc avluda, elinde<span class=\"excerpt-hellip\"> [\u2026]<\/span><\/p>\n","protected":false},"featured_media":0,"template":"","meta":{"_monsterinsights_skip_tracking":false,"_monsterinsights_sitenote_active":false,"_monsterinsights_sitenote_note":"","_monsterinsights_sitenote_category":0},"product_brand":[],"product_cat":[12291,12711],"product_tag":[],"class_list":{"0":"post-748445","1":"product","2":"type-product","3":"status-publish","5":"product_cat-edebiyat","6":"product_cat-roman-oyku","7":"pa_cilt-ciltsiz","8":"pa_tur-kitap","9":"pa_yayinevi-anonim-yayincilik","10":"pa_yazar-george-orwell","12":"first","13":"instock","14":"sale","15":"shipping-taxable","16":"purchasable","17":"product-type-simple"},"_links":{"self":[{"href":"https:\/\/roveyayinevi.com.tr\/index.php\/wp-json\/wp\/v2\/product\/748445","targetHints":{"allow":["GET"]}}],"collection":[{"href":"https:\/\/roveyayinevi.com.tr\/index.php\/wp-json\/wp\/v2\/product"}],"about":[{"href":"https:\/\/roveyayinevi.com.tr\/index.php\/wp-json\/wp\/v2\/types\/product"}],"wp:attachment":[{"href":"https:\/\/roveyayinevi.com.tr\/index.php\/wp-json\/wp\/v2\/media?parent=748445"}],"wp:term":[{"taxonomy":"product_brand","embeddable":true,"href":"https:\/\/roveyayinevi.com.tr\/index.php\/wp-json\/wp\/v2\/product_brand?post=748445"},{"taxonomy":"product_cat","embeddable":true,"href":"https:\/\/roveyayinevi.com.tr\/index.php\/wp-json\/wp\/v2\/product_cat?post=748445"},{"taxonomy":"product_tag","embeddable":true,"href":"https:\/\/roveyayinevi.com.tr\/index.php\/wp-json\/wp\/v2\/product_tag?post=748445"}],"curies":[{"name":"wp","href":"https:\/\/api.w.org\/{rel}","templated":true}]}}