{"id":748306,"date":"2025-08-28T03:27:19","date_gmt":"2025-08-28T00:27:19","guid":{"rendered":"https:\/\/roveyayinevi.com.tr\/index.php\/urun\/bilim-insanlari-dunyaya-yon-verenler\/"},"modified":"2026-04-16T03:01:09","modified_gmt":"2026-04-16T00:01:09","slug":"bilim-insanlari-dunyaya-yon-verenler","status":"publish","type":"product","link":"https:\/\/roveyayinevi.com.tr\/index.php\/urun\/bilim-insanlari-dunyaya-yon-verenler\/","title":{"rendered":"Bilim \u0130nsanlar\u0131 &#8211; D\u00fcnyaya Y\u00f6n Verenler"},"content":{"rendered":"<p>Bu kitapta yapt\u0131klar\u0131 \u00e7al\u0131\u015fmalarla d\u00fcnyan\u0131n seyrini de\u011fi\u015ftiren bilim adamlar\u0131n\u0131 ve s\u0131ra d\u0131\u015f\u0131 hayat hik\u00e2yelerini bulacaks\u0131n\u0131z\u2026<\/p>\n","protected":false},"excerpt":{"rendered":"<p>Bu kitapta yapt\u0131klar\u0131 \u00e7al\u0131\u015fmalarla d\u00fcnyan\u0131n seyrini de\u011fi\u015ftiren bilim adamlar\u0131n\u0131 ve s\u0131ra d\u0131\u015f\u0131 hayat hik\u00e2yelerini bulacaks\u0131n\u0131z\u2026<\/p>\n","protected":false},"featured_media":0,"template":"","meta":{"_monsterinsights_skip_tracking":false,"_monsterinsights_sitenote_active":false,"_monsterinsights_sitenote_note":"","_monsterinsights_sitenote_category":0},"product_brand":[],"product_cat":[12370,12304],"product_tag":[],"class_list":{"0":"post-748306","1":"product","2":"type-product","3":"status-publish","5":"product_cat-arastirma-inceleme","6":"product_cat-tarih","7":"pa_cilt-ciltsiz","8":"pa_tur-kitap","9":"pa_yayinevi-anonim-yayincilik","10":"pa_yazar-muhammet-cuneyt-ozcan","12":"first","13":"instock","14":"sale","15":"shipping-taxable","16":"purchasable","17":"product-type-simple"},"_links":{"self":[{"href":"https:\/\/roveyayinevi.com.tr\/index.php\/wp-json\/wp\/v2\/product\/748306","targetHints":{"allow":["GET"]}}],"collection":[{"href":"https:\/\/roveyayinevi.com.tr\/index.php\/wp-json\/wp\/v2\/product"}],"about":[{"href":"https:\/\/roveyayinevi.com.tr\/index.php\/wp-json\/wp\/v2\/types\/product"}],"wp:attachment":[{"href":"https:\/\/roveyayinevi.com.tr\/index.php\/wp-json\/wp\/v2\/media?parent=748306"}],"wp:term":[{"taxonomy":"product_brand","embeddable":true,"href":"https:\/\/roveyayinevi.com.tr\/index.php\/wp-json\/wp\/v2\/product_brand?post=748306"},{"taxonomy":"product_cat","embeddable":true,"href":"https:\/\/roveyayinevi.com.tr\/index.php\/wp-json\/wp\/v2\/product_cat?post=748306"},{"taxonomy":"product_tag","embeddable":true,"href":"https:\/\/roveyayinevi.com.tr\/index.php\/wp-json\/wp\/v2\/product_tag?post=748306"}],"curies":[{"name":"wp","href":"https:\/\/api.w.org\/{rel}","templated":true}]}}