{"id":748212,"date":"2025-08-28T03:25:00","date_gmt":"2025-08-28T00:25:00","guid":{"rendered":"https:\/\/roveyayinevi.com.tr\/index.php\/urun\/koleksiyon-kitaplar-dunyanin-gizemleri\/"},"modified":"2026-04-16T03:01:06","modified_gmt":"2026-04-16T00:01:06","slug":"koleksiyon-kitaplar-dunyanin-gizemleri","status":"publish","type":"product","link":"https:\/\/roveyayinevi.com.tr\/index.php\/urun\/koleksiyon-kitaplar-dunyanin-gizemleri\/","title":{"rendered":"Koleksiyon Kitaplar &#8211; D\u00fcnyan\u0131n Gizemleri"},"content":{"rendered":"<p>Bu kitapla bilgi koleksiyonunuza neler ekleyeceksiniz?G\u00f6beklitepe\u2019nin gizemini\u2026Kimsenin okuyamad\u0131\u011f\u0131 kitab\u0131\u2026Piramitlerin i\u00e7indeki odalara y\u0131lda iki kez giren g\u00fcne\u015f \u0131\u015f\u0131\u011f\u0131n\u0131n s\u0131rr\u0131n\u0131\u2026\u0130nsan yap\u0131m\u0131 oldu\u011fu d\u00fc\u015f\u00fcn\u00fclen su alt\u0131ndaki piramitleri\u2026Kendi kendine hareket eden ta\u015flar\u0131\u2026Ve \u00e7ok daha fazlas\u0131n\u0131\u2026<\/p>\n","protected":false},"excerpt":{"rendered":"<p>Bu kitapla bilgi koleksiyonunuza neler ekleyeceksiniz?G\u00f6beklitepe\u2019nin gizemini\u2026Kimsenin okuyamad\u0131\u011f\u0131 kitab\u0131\u2026Piramitlerin i\u00e7indeki odalara y\u0131lda iki kez giren g\u00fcne\u015f \u0131\u015f\u0131\u011f\u0131n\u0131n s\u0131rr\u0131n\u0131\u2026\u0130nsan yap\u0131m\u0131 oldu\u011fu d\u00fc\u015f\u00fcn\u00fclen su alt\u0131ndaki piramitleri\u2026Kendi kendine hareket<span class=\"excerpt-hellip\"> [\u2026]<\/span><\/p>\n","protected":false},"featured_media":0,"template":"","meta":{"_monsterinsights_skip_tracking":false,"_monsterinsights_sitenote_active":false,"_monsterinsights_sitenote_note":"","_monsterinsights_sitenote_category":0},"product_brand":[],"product_cat":[12274,15842],"product_tag":[],"class_list":{"0":"post-748212","1":"product","2":"type-product","3":"status-publish","5":"product_cat-cocuk-ve-genclik-kitaplari","6":"product_cat-egitici-kitaplar","7":"pa_cilt-ciltsiz","8":"pa_tur-kitap","9":"pa_yayinevi-teleskop-populer-bilim","10":"pa_yazar-fatih-okta","12":"first","13":"instock","14":"sale","15":"shipping-taxable","16":"purchasable","17":"product-type-simple"},"_links":{"self":[{"href":"https:\/\/roveyayinevi.com.tr\/index.php\/wp-json\/wp\/v2\/product\/748212","targetHints":{"allow":["GET"]}}],"collection":[{"href":"https:\/\/roveyayinevi.com.tr\/index.php\/wp-json\/wp\/v2\/product"}],"about":[{"href":"https:\/\/roveyayinevi.com.tr\/index.php\/wp-json\/wp\/v2\/types\/product"}],"wp:attachment":[{"href":"https:\/\/roveyayinevi.com.tr\/index.php\/wp-json\/wp\/v2\/media?parent=748212"}],"wp:term":[{"taxonomy":"product_brand","embeddable":true,"href":"https:\/\/roveyayinevi.com.tr\/index.php\/wp-json\/wp\/v2\/product_brand?post=748212"},{"taxonomy":"product_cat","embeddable":true,"href":"https:\/\/roveyayinevi.com.tr\/index.php\/wp-json\/wp\/v2\/product_cat?post=748212"},{"taxonomy":"product_tag","embeddable":true,"href":"https:\/\/roveyayinevi.com.tr\/index.php\/wp-json\/wp\/v2\/product_tag?post=748212"}],"curies":[{"name":"wp","href":"https:\/\/api.w.org\/{rel}","templated":true}]}}