{"id":748210,"date":"2025-08-28T03:24:58","date_gmt":"2025-08-28T00:24:58","guid":{"rendered":"https:\/\/roveyayinevi.com.tr\/index.php\/urun\/bu-bilim-cok-film\/"},"modified":"2026-04-16T03:01:06","modified_gmt":"2026-04-16T00:01:06","slug":"bu-bilim-cok-film","status":"publish","type":"product","link":"https:\/\/roveyayinevi.com.tr\/index.php\/urun\/bu-bilim-cok-film\/","title":{"rendered":"Bu Bilim \u00c7ok Film"},"content":{"rendered":"<p>Bu kitapla bilgi koleksiyonunuza neler ekleyeceksiniz?Ar\u015fimet\u2019in hamamdaki ke\u015ffini\u2026Einstein\u2019\u0131n me\u015fhur dil \u00e7\u0131karan foto\u011fraf\u0131n\u0131n hikayesini\u2026S\u00fcleymaniye Camii\u2019nin avizelerindeki deveku\u015fu yumurtalar\u0131n\u0131n ne i\u015fe yarad\u0131\u011f\u0131n\u0131\u2026Hezarfen Ahmet \u00c7elebi\u2019nin Galata Kulesi\u2019nden \u00dcsk\u00fcdar\u2019a neyle yolculuk yapt\u0131\u011f\u0131n\u0131\u2026Ve \u00e7ok daha fazlas\u0131n\u0131\u2026<\/p>\n","protected":false},"excerpt":{"rendered":"<p>Bu kitapla bilgi koleksiyonunuza neler ekleyeceksiniz?Ar\u015fimet\u2019in hamamdaki ke\u015ffini\u2026Einstein\u2019\u0131n me\u015fhur dil \u00e7\u0131karan foto\u011fraf\u0131n\u0131n hikayesini\u2026S\u00fcleymaniye Camii\u2019nin avizelerindeki deveku\u015fu yumurtalar\u0131n\u0131n ne i\u015fe yarad\u0131\u011f\u0131n\u0131\u2026Hezarfen Ahmet \u00c7elebi\u2019nin Galata Kulesi\u2019nden \u00dcsk\u00fcdar\u2019a neyle<span class=\"excerpt-hellip\"> [\u2026]<\/span><\/p>\n","protected":false},"featured_media":0,"template":"","meta":{"_monsterinsights_skip_tracking":false,"_monsterinsights_sitenote_active":false,"_monsterinsights_sitenote_note":"","_monsterinsights_sitenote_category":0},"product_brand":[],"product_cat":[13005,13006],"product_tag":[],"class_list":{"0":"post-748210","1":"product","2":"type-product","3":"status-publish","5":"product_cat-bilim-muhendislik","6":"product_cat-populer-bilim","7":"pa_cilt-ciltsiz","8":"pa_tur-kitap","9":"pa_yayinevi-teleskop-populer-bilim","10":"pa_yazar-fatih-okta","12":"first","13":"instock","14":"sale","15":"shipping-taxable","16":"purchasable","17":"product-type-simple"},"_links":{"self":[{"href":"https:\/\/roveyayinevi.com.tr\/index.php\/wp-json\/wp\/v2\/product\/748210","targetHints":{"allow":["GET"]}}],"collection":[{"href":"https:\/\/roveyayinevi.com.tr\/index.php\/wp-json\/wp\/v2\/product"}],"about":[{"href":"https:\/\/roveyayinevi.com.tr\/index.php\/wp-json\/wp\/v2\/types\/product"}],"wp:attachment":[{"href":"https:\/\/roveyayinevi.com.tr\/index.php\/wp-json\/wp\/v2\/media?parent=748210"}],"wp:term":[{"taxonomy":"product_brand","embeddable":true,"href":"https:\/\/roveyayinevi.com.tr\/index.php\/wp-json\/wp\/v2\/product_brand?post=748210"},{"taxonomy":"product_cat","embeddable":true,"href":"https:\/\/roveyayinevi.com.tr\/index.php\/wp-json\/wp\/v2\/product_cat?post=748210"},{"taxonomy":"product_tag","embeddable":true,"href":"https:\/\/roveyayinevi.com.tr\/index.php\/wp-json\/wp\/v2\/product_tag?post=748210"}],"curies":[{"name":"wp","href":"https:\/\/api.w.org\/{rel}","templated":true}]}}