{"id":748198,"date":"2025-08-28T03:24:40","date_gmt":"2025-08-28T00:24:40","guid":{"rendered":"https:\/\/roveyayinevi.com.tr\/index.php\/urun\/robotik-piksel-kodlama-kirmizi-kitap\/"},"modified":"2026-04-16T03:01:05","modified_gmt":"2026-04-16T00:01:05","slug":"robotik-piksel-kodlama-kirmizi-kitap","status":"publish","type":"product","link":"https:\/\/roveyayinevi.com.tr\/index.php\/urun\/robotik-piksel-kodlama-kirmizi-kitap\/","title":{"rendered":"Robotik Piksel Kodlama K\u0131rm\u0131z\u0131 Kitap"},"content":{"rendered":"<p>K\u0131rm\u0131z\u0131 Kitap &#8211; Robotik Piksel Kodlama &#8211; Teleskop- \u0130nce motor becerileri geli\u015fir.- Dikkat ve konsantrasyonlar\u0131 artar.- Say\u0131 sayma, yer ve y\u00f6n kavramlar\u0131 ile birlikte matematiksel d\u00fc\u015f\u00fcnme ve uygulama becerileri geli\u015fir.- Odaklanma becerileri artar.- Mant\u0131k, \u00e7\u0131kar\u0131m ve kurgulama becerileri geli\u015fir&#8230;<\/p>\n","protected":false},"excerpt":{"rendered":"<p>K\u0131rm\u0131z\u0131 Kitap &#8211; Robotik Piksel Kodlama &#8211; Teleskop- \u0130nce motor becerileri geli\u015fir.- Dikkat ve konsantrasyonlar\u0131 artar.- Say\u0131 sayma, yer ve y\u00f6n kavramlar\u0131 ile birlikte matematiksel d\u00fc\u015f\u00fcnme<span class=\"excerpt-hellip\"> [\u2026]<\/span><\/p>\n","protected":false},"featured_media":0,"template":"","meta":{"_monsterinsights_skip_tracking":false,"_monsterinsights_sitenote_active":false,"_monsterinsights_sitenote_note":"","_monsterinsights_sitenote_category":0},"product_brand":[],"product_cat":[12274,24599],"product_tag":[],"class_list":{"0":"post-748198","1":"product","2":"type-product","3":"status-publish","5":"product_cat-cocuk-ve-genclik-kitaplari","6":"product_cat-zeka-gelisimi","7":"pa_cilt-ciltsiz","8":"pa_tur-kitap","9":"pa_yayinevi-teleskop-populer-bilim","10":"pa_yazar-kolektif","12":"first","13":"instock","14":"sale","15":"shipping-taxable","16":"purchasable","17":"product-type-simple"},"_links":{"self":[{"href":"https:\/\/roveyayinevi.com.tr\/index.php\/wp-json\/wp\/v2\/product\/748198","targetHints":{"allow":["GET"]}}],"collection":[{"href":"https:\/\/roveyayinevi.com.tr\/index.php\/wp-json\/wp\/v2\/product"}],"about":[{"href":"https:\/\/roveyayinevi.com.tr\/index.php\/wp-json\/wp\/v2\/types\/product"}],"wp:attachment":[{"href":"https:\/\/roveyayinevi.com.tr\/index.php\/wp-json\/wp\/v2\/media?parent=748198"}],"wp:term":[{"taxonomy":"product_brand","embeddable":true,"href":"https:\/\/roveyayinevi.com.tr\/index.php\/wp-json\/wp\/v2\/product_brand?post=748198"},{"taxonomy":"product_cat","embeddable":true,"href":"https:\/\/roveyayinevi.com.tr\/index.php\/wp-json\/wp\/v2\/product_cat?post=748198"},{"taxonomy":"product_tag","embeddable":true,"href":"https:\/\/roveyayinevi.com.tr\/index.php\/wp-json\/wp\/v2\/product_tag?post=748198"}],"curies":[{"name":"wp","href":"https:\/\/api.w.org\/{rel}","templated":true}]}}