{"id":748187,"date":"2025-08-28T03:24:24","date_gmt":"2025-08-28T00:24:24","guid":{"rendered":"https:\/\/roveyayinevi.com.tr\/index.php\/urun\/bilgi-kartlari-doga-ve-bitkiler-2\/"},"modified":"2026-04-16T03:01:05","modified_gmt":"2026-04-16T00:01:05","slug":"bilgi-kartlari-doga-ve-bitkiler-2","status":"publish","type":"product","link":"https:\/\/roveyayinevi.com.tr\/index.php\/urun\/bilgi-kartlari-doga-ve-bitkiler-2\/","title":{"rendered":"Bilgi Kartlar\u0131 &#8211; Do\u011fa ve Bitkiler"},"content":{"rendered":"<p>Kart Say\u0131s\u0131: 40Kabuk nedir? Bir bitkinin maksimum \u00f6mr\u00fc ne kadard\u0131r? Bitkiler olmasayd\u0131 d\u00fcnya nas\u0131l bir yer olurdu? Meyveler neden olu\u015fur? Bir bitki ne yer? Bambular\u0131n h\u0131zl\u0131 b\u00fcy\u00fcmesini sa\u011flayan \u015fey nedir? Farkl\u0131 bitki t\u00fcrleri nelerdir? \u00c7i\u00e7eklerin g\u00f6revi nedir? \u00c7i\u00e7eklerin bu kadar renkli olmas\u0131n\u0131 sa\u011flayan \u015fey nedir? \u00c7i\u00e7e\u011fin bile\u015fenleri nedir? \u00c7i\u00e7eklerin i\u00e7indeki sar\u0131 toz nedir? Yapraklar\u0131n g\u00f6revi nedir? Yapraklar\u0131n ye\u015fil olmas\u0131n\u0131 sa\u011flayan \u015fey nedir? Yapraklar\u0131n aras\u0131ndan ge\u00e7en \u00e7izgiler nedir? Baz\u0131 yapraklar\u0131n \u00fczerindeki mumsu kaplama nedir? Bir bitki k\u00f6k\u00fcn\u00fcn g\u00f6revi nedir? K\u00f6klerin a\u015fa\u011f\u0131ya do\u011fru b\u00fcy\u00fcmesini sa\u011flayan \u015fey nedir? Bir bitki g\u00f6vdesinin g\u00f6revi nedir? Bitki g\u00f6vdelerini dik tutan nedir? Bitkileri b\u00fcy\u00fcten \u015fey nedir? Bitkiler ne solur? Bir tohumun i\u00e7inde ne vard\u0131r?<\/p>\n","protected":false},"excerpt":{"rendered":"<p>Kart Say\u0131s\u0131: 40Kabuk nedir? Bir bitkinin maksimum \u00f6mr\u00fc ne kadard\u0131r? Bitkiler olmasayd\u0131 d\u00fcnya nas\u0131l bir yer olurdu? Meyveler neden olu\u015fur? Bir bitki ne yer? Bambular\u0131n h\u0131zl\u0131<span class=\"excerpt-hellip\"> [\u2026]<\/span><\/p>\n","protected":false},"featured_media":0,"template":"","meta":{"_monsterinsights_skip_tracking":false,"_monsterinsights_sitenote_active":false,"_monsterinsights_sitenote_note":"","_monsterinsights_sitenote_category":0},"product_brand":[],"product_cat":[13829,12274],"product_tag":[],"class_list":{"0":"post-748187","1":"product","2":"type-product","3":"status-publish","5":"product_cat-bilimsel-kitaplar","6":"product_cat-cocuk-ve-genclik-kitaplari","7":"pa_cilt-ciltsiz","8":"pa_tur-kitap","9":"pa_yayinevi-teleskop-populer-bilim","10":"pa_yazar-ferhat-cinar","12":"first","13":"instock","14":"sale","15":"shipping-taxable","16":"purchasable","17":"product-type-simple"},"_links":{"self":[{"href":"https:\/\/roveyayinevi.com.tr\/index.php\/wp-json\/wp\/v2\/product\/748187","targetHints":{"allow":["GET"]}}],"collection":[{"href":"https:\/\/roveyayinevi.com.tr\/index.php\/wp-json\/wp\/v2\/product"}],"about":[{"href":"https:\/\/roveyayinevi.com.tr\/index.php\/wp-json\/wp\/v2\/types\/product"}],"wp:attachment":[{"href":"https:\/\/roveyayinevi.com.tr\/index.php\/wp-json\/wp\/v2\/media?parent=748187"}],"wp:term":[{"taxonomy":"product_brand","embeddable":true,"href":"https:\/\/roveyayinevi.com.tr\/index.php\/wp-json\/wp\/v2\/product_brand?post=748187"},{"taxonomy":"product_cat","embeddable":true,"href":"https:\/\/roveyayinevi.com.tr\/index.php\/wp-json\/wp\/v2\/product_cat?post=748187"},{"taxonomy":"product_tag","embeddable":true,"href":"https:\/\/roveyayinevi.com.tr\/index.php\/wp-json\/wp\/v2\/product_tag?post=748187"}],"curies":[{"name":"wp","href":"https:\/\/api.w.org\/{rel}","templated":true}]}}