{"id":748181,"date":"2025-08-28T03:24:16","date_gmt":"2025-08-28T00:24:16","guid":{"rendered":"https:\/\/roveyayinevi.com.tr\/index.php\/urun\/bilgi-kartlari-dinozorlar-2\/"},"modified":"2026-04-16T03:01:05","modified_gmt":"2026-04-16T00:01:05","slug":"bilgi-kartlari-dinozorlar-2","status":"publish","type":"product","link":"https:\/\/roveyayinevi.com.tr\/index.php\/urun\/bilgi-kartlari-dinozorlar-2\/","title":{"rendered":"Bilgi Kartlar\u0131 &#8211; Dinozorlar"},"content":{"rendered":"<p>Kart Say\u0131s\u0131: 40Dinozor nedir? Dinozor kafatas\u0131 nas\u0131ld\u0131? \u0130lk monte edilen dinozor iskeleti nas\u0131ld\u0131? En uzun isimli dinozorun ad\u0131 neydi? \u0130simlendirilen ilk dinozor hangisiydi? En zeki dinozorun ad\u0131 neydi? En uzun dinozorlara ne denirdi? Bir dinozor yumurtas\u0131 nas\u0131ld\u0131? En b\u00fcy\u00fck ve en k\u00fc\u00e7\u00fck dinozor yumurtas\u0131n\u0131n b\u00fcy\u00fckl\u00fc\u011f\u00fc ne kadard\u0131? En h\u0131zl\u0131 dinozorlara ne ad verilirdi? Bilinen en k\u00fc\u00e7\u00fck dinozor hangisiydi? Dinozorlar\u0131n do\u011fal ya\u015fam alanlar\u0131 neydi? Dinozorlar ne t\u00fcr di\u015flere sahipti? En b\u00fcy\u00fck kafal\u0131 dinozorun ad\u0131 neydi? Dinozorlar\u0131n a\u011f\u0131rl\u0131\u011f\u0131 ne kadard\u0131? En korkun\u00e7 dinozorlar\u0131 bu kadar korkun\u00e7 yapan \u015fey neydi? Dinozorlar ne t\u00fcr sesler \u00e7\u0131kar\u0131rd\u0131? Dinozorlar ne yerdi? Dinozorlar ne renkti? Dinozorlar yery\u00fcz\u00fcnde h\u00fck\u00fcm s\u00fcrerken d\u00fcnya nas\u0131l bir yerdi?<\/p>\n","protected":false},"excerpt":{"rendered":"<p>Kart Say\u0131s\u0131: 40Dinozor nedir? Dinozor kafatas\u0131 nas\u0131ld\u0131? \u0130lk monte edilen dinozor iskeleti nas\u0131ld\u0131? En uzun isimli dinozorun ad\u0131 neydi? \u0130simlendirilen ilk dinozor hangisiydi? En zeki dinozorun<span class=\"excerpt-hellip\"> [\u2026]<\/span><\/p>\n","protected":false},"featured_media":0,"template":"","meta":{"_monsterinsights_skip_tracking":false,"_monsterinsights_sitenote_active":false,"_monsterinsights_sitenote_note":"","_monsterinsights_sitenote_category":0},"product_brand":[],"product_cat":[13829,12274],"product_tag":[],"class_list":{"0":"post-748181","1":"product","2":"type-product","3":"status-publish","5":"product_cat-bilimsel-kitaplar","6":"product_cat-cocuk-ve-genclik-kitaplari","7":"pa_cilt-ciltsiz","8":"pa_tur-kitap","9":"pa_yayinevi-teleskop-populer-bilim","10":"pa_yazar-ferhat-cinar","12":"first","13":"instock","14":"sale","15":"shipping-taxable","16":"purchasable","17":"product-type-simple"},"_links":{"self":[{"href":"https:\/\/roveyayinevi.com.tr\/index.php\/wp-json\/wp\/v2\/product\/748181","targetHints":{"allow":["GET"]}}],"collection":[{"href":"https:\/\/roveyayinevi.com.tr\/index.php\/wp-json\/wp\/v2\/product"}],"about":[{"href":"https:\/\/roveyayinevi.com.tr\/index.php\/wp-json\/wp\/v2\/types\/product"}],"wp:attachment":[{"href":"https:\/\/roveyayinevi.com.tr\/index.php\/wp-json\/wp\/v2\/media?parent=748181"}],"wp:term":[{"taxonomy":"product_brand","embeddable":true,"href":"https:\/\/roveyayinevi.com.tr\/index.php\/wp-json\/wp\/v2\/product_brand?post=748181"},{"taxonomy":"product_cat","embeddable":true,"href":"https:\/\/roveyayinevi.com.tr\/index.php\/wp-json\/wp\/v2\/product_cat?post=748181"},{"taxonomy":"product_tag","embeddable":true,"href":"https:\/\/roveyayinevi.com.tr\/index.php\/wp-json\/wp\/v2\/product_tag?post=748181"}],"curies":[{"name":"wp","href":"https:\/\/api.w.org\/{rel}","templated":true}]}}