{"id":748165,"date":"2025-08-28T03:23:53","date_gmt":"2025-08-28T00:23:53","guid":{"rendered":"https:\/\/roveyayinevi.com.tr\/index.php\/urun\/501-ilginc-bilim-gercegi\/"},"modified":"2026-04-16T03:01:04","modified_gmt":"2026-04-16T00:01:04","slug":"501-ilginc-bilim-gercegi","status":"publish","type":"product","link":"https:\/\/roveyayinevi.com.tr\/index.php\/urun\/501-ilginc-bilim-gercegi\/","title":{"rendered":"501 \u0130lgin\u00e7 Bilim Ger\u00e7e\u011fi"},"content":{"rendered":"<p>-Atomlar aras\u0131 bo\u015fluk olmasayd\u0131 7,5 milyar insan tek bir \u015feker k\u00fcp\u00fcne s\u0131\u011fard\u0131. -Bir insan\u0131n ba\u015f\u0131na g\u00f6k ta\u015f\u0131 \u00e7arpma riski, her 9.300 y\u0131lda birdir. -G\u00fcn\u00fcm\u00fcz cep telefonlar\u0131n\u0131n bilgi i\u015flem g\u00fcc\u00fc Ay\u2019a inen Apollo 11 uzay arac\u0131ndan kat kat fazla. Bunlar gibi 501 ilgin\u00e7 bilim ger\u00e7e\u011fini bulabilece\u011finiz bu kitapla hem e\u011flenecek hem de ilgin\u00e7 bilgiler \u00f6\u011freneceksiniz\u2026<\/p>\n","protected":false},"excerpt":{"rendered":"<p>-Atomlar aras\u0131 bo\u015fluk olmasayd\u0131 7,5 milyar insan tek bir \u015feker k\u00fcp\u00fcne s\u0131\u011fard\u0131. -Bir insan\u0131n ba\u015f\u0131na g\u00f6k ta\u015f\u0131 \u00e7arpma riski, her 9.300 y\u0131lda birdir. -G\u00fcn\u00fcm\u00fcz cep telefonlar\u0131n\u0131n<span class=\"excerpt-hellip\"> [\u2026]<\/span><\/p>\n","protected":false},"featured_media":0,"template":"","meta":{"_monsterinsights_skip_tracking":false,"_monsterinsights_sitenote_active":false,"_monsterinsights_sitenote_note":"","_monsterinsights_sitenote_category":0},"product_brand":[],"product_cat":[13005,37328],"product_tag":[],"class_list":{"0":"post-748165","1":"product","2":"type-product","3":"status-publish","5":"product_cat-bilim-muhendislik","6":"product_cat-diger-bilim-muhendislik","7":"pa_cilt-ciltli","8":"pa_tur-kitap","9":"pa_yayinevi-teleskop-populer-bilim","10":"pa_yazar-emre-erdogan","12":"first","13":"instock","14":"sale","15":"shipping-taxable","16":"purchasable","17":"product-type-simple"},"_links":{"self":[{"href":"https:\/\/roveyayinevi.com.tr\/index.php\/wp-json\/wp\/v2\/product\/748165","targetHints":{"allow":["GET"]}}],"collection":[{"href":"https:\/\/roveyayinevi.com.tr\/index.php\/wp-json\/wp\/v2\/product"}],"about":[{"href":"https:\/\/roveyayinevi.com.tr\/index.php\/wp-json\/wp\/v2\/types\/product"}],"wp:attachment":[{"href":"https:\/\/roveyayinevi.com.tr\/index.php\/wp-json\/wp\/v2\/media?parent=748165"}],"wp:term":[{"taxonomy":"product_brand","embeddable":true,"href":"https:\/\/roveyayinevi.com.tr\/index.php\/wp-json\/wp\/v2\/product_brand?post=748165"},{"taxonomy":"product_cat","embeddable":true,"href":"https:\/\/roveyayinevi.com.tr\/index.php\/wp-json\/wp\/v2\/product_cat?post=748165"},{"taxonomy":"product_tag","embeddable":true,"href":"https:\/\/roveyayinevi.com.tr\/index.php\/wp-json\/wp\/v2\/product_tag?post=748165"}],"curies":[{"name":"wp","href":"https:\/\/api.w.org\/{rel}","templated":true}]}}