{"id":748162,"date":"2025-08-28T03:23:50","date_gmt":"2025-08-28T00:23:50","guid":{"rendered":"https:\/\/roveyayinevi.com.tr\/index.php\/urun\/ilginc-yapilar\/"},"modified":"2026-04-16T03:01:04","modified_gmt":"2026-04-16T00:01:04","slug":"ilginc-yapilar","status":"publish","type":"product","link":"https:\/\/roveyayinevi.com.tr\/index.php\/urun\/ilginc-yapilar\/","title":{"rendered":"\u0130lgin\u00e7 Yap\u0131lar"},"content":{"rendered":"<p>Bu eser, in\u015fas\u0131 hala bir s\u0131r olan M\u0131s\u0131r Piramitlerini, T\u00fcrklerin istilas\u0131n\u0131 \u00f6nlemek maksad\u0131yla yap\u0131lan yap\u0131lan 8.851 kilometrelik \u00c7in Seddi\u2019ni, g\u00f6rkemli mimarisi ile g\u00f6zlere, hikayesi ile de kalplere dokunan Tac Mahal\u2019i, yak\u0131ld\u0131, y\u0131k\u0131lacak derken 800 y\u0131ld\u0131r ayakta kalmay\u0131 ba\u015faran Pisa Kulesi\u2019ni ve yery\u00fcz\u00fcnde yap\u0131lan ilk mabet olan Kabe-i Muazzama gibi d\u00fcnya harikalar\u0131n\u0131n hikayelerini anlat\u0131yor.<\/p>\n","protected":false},"excerpt":{"rendered":"<p>Bu eser, in\u015fas\u0131 hala bir s\u0131r olan M\u0131s\u0131r Piramitlerini, T\u00fcrklerin istilas\u0131n\u0131 \u00f6nlemek maksad\u0131yla yap\u0131lan yap\u0131lan 8.851 kilometrelik \u00c7in Seddi\u2019ni, g\u00f6rkemli mimarisi ile g\u00f6zlere, hikayesi ile de<span class=\"excerpt-hellip\"> [\u2026]<\/span><\/p>\n","protected":false},"featured_media":0,"template":"","meta":{"_monsterinsights_skip_tracking":false,"_monsterinsights_sitenote_active":false,"_monsterinsights_sitenote_note":"","_monsterinsights_sitenote_category":0},"product_brand":[],"product_cat":[13829,12274],"product_tag":[],"class_list":{"0":"post-748162","1":"product","2":"type-product","3":"status-publish","5":"product_cat-bilimsel-kitaplar","6":"product_cat-cocuk-ve-genclik-kitaplari","7":"pa_cilt-ciltsiz","8":"pa_tur-kitap","9":"pa_yayinevi-teleskop-populer-bilim","10":"pa_yazar-m-cuneyt-ozcan","12":"first","13":"instock","14":"sale","15":"shipping-taxable","16":"purchasable","17":"product-type-simple"},"_links":{"self":[{"href":"https:\/\/roveyayinevi.com.tr\/index.php\/wp-json\/wp\/v2\/product\/748162","targetHints":{"allow":["GET"]}}],"collection":[{"href":"https:\/\/roveyayinevi.com.tr\/index.php\/wp-json\/wp\/v2\/product"}],"about":[{"href":"https:\/\/roveyayinevi.com.tr\/index.php\/wp-json\/wp\/v2\/types\/product"}],"wp:attachment":[{"href":"https:\/\/roveyayinevi.com.tr\/index.php\/wp-json\/wp\/v2\/media?parent=748162"}],"wp:term":[{"taxonomy":"product_brand","embeddable":true,"href":"https:\/\/roveyayinevi.com.tr\/index.php\/wp-json\/wp\/v2\/product_brand?post=748162"},{"taxonomy":"product_cat","embeddable":true,"href":"https:\/\/roveyayinevi.com.tr\/index.php\/wp-json\/wp\/v2\/product_cat?post=748162"},{"taxonomy":"product_tag","embeddable":true,"href":"https:\/\/roveyayinevi.com.tr\/index.php\/wp-json\/wp\/v2\/product_tag?post=748162"}],"curies":[{"name":"wp","href":"https:\/\/api.w.org\/{rel}","templated":true}]}}