{"id":748160,"date":"2025-08-28T03:23:47","date_gmt":"2025-08-28T00:23:47","guid":{"rendered":"https:\/\/roveyayinevi.com.tr\/index.php\/urun\/ilginc-bilimsel-gercekler\/"},"modified":"2026-04-16T03:01:04","modified_gmt":"2026-04-16T00:01:04","slug":"ilginc-bilimsel-gercekler","status":"publish","type":"product","link":"https:\/\/roveyayinevi.com.tr\/index.php\/urun\/ilginc-bilimsel-gercekler\/","title":{"rendered":"\u0130lgin\u00e7 Bilimsel Ger\u00e7ekler"},"content":{"rendered":"<p>Bu kitap merak edilen bilimsel ger\u00e7eklere \u0131\u015f\u0131k tutuyor. Ar\u0131lar\u0131n petekleri neden alt\u0131gendir? Su ne renktir? D\u00fcnyadaki t\u00fcm canl\u0131lar\u0131n toplam a\u011f\u0131rl\u0131\u011f\u0131 ne kadard\u0131r? Kertenkeleler d\u00fcz duvara nas\u0131l t\u0131rman\u0131r? Alt\u0131n neden sar\u0131d\u0131r? G\u00fcne\u015fe yakla\u015ft\u0131k\u00e7a hava ni\u00e7in so\u011fur? Termostaki yiyecekler nas\u0131l s\u0131cak kal\u0131r? Istakozun kan\u0131 neden mavidir? Ate\u015f \u00fczerinde nas\u0131l y\u00fcr\u00fcyorlar? Gibi y\u00fczlerce soruyu cevapl\u0131yor.<\/p>\n","protected":false},"excerpt":{"rendered":"<p>Bu kitap merak edilen bilimsel ger\u00e7eklere \u0131\u015f\u0131k tutuyor. Ar\u0131lar\u0131n petekleri neden alt\u0131gendir? Su ne renktir? D\u00fcnyadaki t\u00fcm canl\u0131lar\u0131n toplam a\u011f\u0131rl\u0131\u011f\u0131 ne kadard\u0131r? Kertenkeleler d\u00fcz duvara nas\u0131l<span class=\"excerpt-hellip\"> [\u2026]<\/span><\/p>\n","protected":false},"featured_media":0,"template":"","meta":{"_monsterinsights_skip_tracking":false,"_monsterinsights_sitenote_active":false,"_monsterinsights_sitenote_note":"","_monsterinsights_sitenote_category":0},"product_brand":[],"product_cat":[13829,12274],"product_tag":[],"class_list":{"0":"post-748160","1":"product","2":"type-product","3":"status-publish","5":"product_cat-bilimsel-kitaplar","6":"product_cat-cocuk-ve-genclik-kitaplari","7":"pa_cilt-ciltsiz","8":"pa_tur-kitap","9":"pa_yayinevi-teleskop-populer-bilim","10":"pa_yazar-m-cuneyt-ozcan","12":"first","13":"instock","14":"sale","15":"shipping-taxable","16":"purchasable","17":"product-type-simple"},"_links":{"self":[{"href":"https:\/\/roveyayinevi.com.tr\/index.php\/wp-json\/wp\/v2\/product\/748160","targetHints":{"allow":["GET"]}}],"collection":[{"href":"https:\/\/roveyayinevi.com.tr\/index.php\/wp-json\/wp\/v2\/product"}],"about":[{"href":"https:\/\/roveyayinevi.com.tr\/index.php\/wp-json\/wp\/v2\/types\/product"}],"wp:attachment":[{"href":"https:\/\/roveyayinevi.com.tr\/index.php\/wp-json\/wp\/v2\/media?parent=748160"}],"wp:term":[{"taxonomy":"product_brand","embeddable":true,"href":"https:\/\/roveyayinevi.com.tr\/index.php\/wp-json\/wp\/v2\/product_brand?post=748160"},{"taxonomy":"product_cat","embeddable":true,"href":"https:\/\/roveyayinevi.com.tr\/index.php\/wp-json\/wp\/v2\/product_cat?post=748160"},{"taxonomy":"product_tag","embeddable":true,"href":"https:\/\/roveyayinevi.com.tr\/index.php\/wp-json\/wp\/v2\/product_tag?post=748160"}],"curies":[{"name":"wp","href":"https:\/\/api.w.org\/{rel}","templated":true}]}}