{"id":748154,"date":"2025-08-28T03:23:40","date_gmt":"2025-08-28T00:23:40","guid":{"rendered":"https:\/\/roveyayinevi.com.tr\/index.php\/urun\/farklilik\/"},"modified":"2026-04-16T03:01:03","modified_gmt":"2026-04-16T00:01:03","slug":"farklilik","status":"publish","type":"product","link":"https:\/\/roveyayinevi.com.tr\/index.php\/urun\/farklilik\/","title":{"rendered":"Farkl\u0131l\u0131k"},"content":{"rendered":"<p>Bizi ayn\u0131 k\u0131lan pek \u00e7ok \u015fey oldu\u011fu gibi farkl\u0131 yapan \u00e7ok \u015fey de vard\u0131r.  Ya\u015fad\u0131\u011f\u0131m\u0131z yer, yediklerimiz, giydiklerimiz, hatta konu\u015fma \u015feklimiz bizi biz yapan \u015feylerden baz\u0131lar\u0131d\u0131r.  Herkesin ve her \u015feyin ayn\u0131 oldu\u011fu bir d\u00fcnya hayal edebiliyor musun?  \u00c7ok s\u0131k\u0131c\u0131 olurdu bu!  O zaman hadi bizleri kendimize \u00f6zg\u00fc ve \u00f6zel yapan harika \u015feyleri ke\u015ffe \u00e7\u0131kal\u0131m!  Farkl\u0131l\u0131k, \u00e7e\u015fitlilik demektir.  Ne muhte\u015fem, de\u011fil mi?<\/p>\n","protected":false},"excerpt":{"rendered":"<p>Bizi ayn\u0131 k\u0131lan pek \u00e7ok \u015fey oldu\u011fu gibi farkl\u0131 yapan \u00e7ok \u015fey de vard\u0131r. Ya\u015fad\u0131\u011f\u0131m\u0131z yer, yediklerimiz, giydiklerimiz, hatta konu\u015fma \u015feklimiz bizi biz yapan \u015feylerden baz\u0131lar\u0131d\u0131r.<span class=\"excerpt-hellip\"> [\u2026]<\/span><\/p>\n","protected":false},"featured_media":0,"template":"","meta":{"_monsterinsights_skip_tracking":false,"_monsterinsights_sitenote_active":false,"_monsterinsights_sitenote_note":"","_monsterinsights_sitenote_category":0},"product_brand":[],"product_cat":[12364],"product_tag":[],"class_list":{"0":"post-748154","1":"product","2":"type-product","3":"status-publish","5":"product_cat-genel-konular","6":"pa_cilt-ciltsiz","7":"pa_tur-kitap","8":"pa_yayinevi-teleskop-populer-bilim","9":"pa_yazar-jennifer-moore-mallinos","11":"first","12":"instock","13":"sale","14":"shipping-taxable","15":"purchasable","16":"product-type-simple"},"_links":{"self":[{"href":"https:\/\/roveyayinevi.com.tr\/index.php\/wp-json\/wp\/v2\/product\/748154","targetHints":{"allow":["GET"]}}],"collection":[{"href":"https:\/\/roveyayinevi.com.tr\/index.php\/wp-json\/wp\/v2\/product"}],"about":[{"href":"https:\/\/roveyayinevi.com.tr\/index.php\/wp-json\/wp\/v2\/types\/product"}],"wp:attachment":[{"href":"https:\/\/roveyayinevi.com.tr\/index.php\/wp-json\/wp\/v2\/media?parent=748154"}],"wp:term":[{"taxonomy":"product_brand","embeddable":true,"href":"https:\/\/roveyayinevi.com.tr\/index.php\/wp-json\/wp\/v2\/product_brand?post=748154"},{"taxonomy":"product_cat","embeddable":true,"href":"https:\/\/roveyayinevi.com.tr\/index.php\/wp-json\/wp\/v2\/product_cat?post=748154"},{"taxonomy":"product_tag","embeddable":true,"href":"https:\/\/roveyayinevi.com.tr\/index.php\/wp-json\/wp\/v2\/product_tag?post=748154"}],"curies":[{"name":"wp","href":"https:\/\/api.w.org\/{rel}","templated":true}]}}