{"id":748149,"date":"2025-08-28T03:23:34","date_gmt":"2025-08-28T00:23:34","guid":{"rendered":"https:\/\/roveyayinevi.com.tr\/index.php\/urun\/paramizi-neden-ve-nicin-kullaniriz-ciltli\/"},"modified":"2026-04-16T03:01:03","modified_gmt":"2026-04-16T00:01:03","slug":"paramizi-neden-ve-nicin-kullaniriz-ciltli","status":"publish","type":"product","link":"https:\/\/roveyayinevi.com.tr\/index.php\/urun\/paramizi-neden-ve-nicin-kullaniriz-ciltli\/","title":{"rendered":"Param\u0131z\u0131 Neden ve Ni\u00e7in Kullan\u0131r\u0131z? (Ciltli)"},"content":{"rendered":"<p>Banka hesab\u0131, para birimi, fiyat, kirli para, e\u015fyalar\u0131n de\u011feri, servet ve yoksulluk&#8230;Paran\u0131n toplumlar\u0131m\u0131zdaki ve ya\u015fam\u0131m\u0131zdaki yerine ili\u015fkin t\u00fcm kavramlar\u0131 ve sorunlar\u0131 anlamak i\u00e7in gerekli bir kitap.<\/p>\n","protected":false},"excerpt":{"rendered":"<p>Banka hesab\u0131, para birimi, fiyat, kirli para, e\u015fyalar\u0131n de\u011feri, servet ve yoksulluk&#8230;Paran\u0131n toplumlar\u0131m\u0131zdaki ve ya\u015fam\u0131m\u0131zdaki yerine ili\u015fkin t\u00fcm kavramlar\u0131 ve sorunlar\u0131 anlamak i\u00e7in gerekli bir kitap.<\/p>\n","protected":false},"featured_media":0,"template":"","meta":{"_monsterinsights_skip_tracking":false,"_monsterinsights_sitenote_active":false,"_monsterinsights_sitenote_note":"","_monsterinsights_sitenote_category":0},"product_brand":[],"product_cat":[12364,16266],"product_tag":[],"class_list":{"0":"post-748149","1":"product","2":"type-product","3":"status-publish","5":"product_cat-genel-konular","6":"product_cat-referans-kaynak-kitap","7":"pa_cilt-ciltli","8":"pa_tur-kitap","9":"pa_yayinevi-teleskop-populer-bilim","10":"pa_yazar-emmanuel-tredez","12":"first","13":"instock","14":"sale","15":"shipping-taxable","16":"purchasable","17":"product-type-simple"},"_links":{"self":[{"href":"https:\/\/roveyayinevi.com.tr\/index.php\/wp-json\/wp\/v2\/product\/748149","targetHints":{"allow":["GET"]}}],"collection":[{"href":"https:\/\/roveyayinevi.com.tr\/index.php\/wp-json\/wp\/v2\/product"}],"about":[{"href":"https:\/\/roveyayinevi.com.tr\/index.php\/wp-json\/wp\/v2\/types\/product"}],"wp:attachment":[{"href":"https:\/\/roveyayinevi.com.tr\/index.php\/wp-json\/wp\/v2\/media?parent=748149"}],"wp:term":[{"taxonomy":"product_brand","embeddable":true,"href":"https:\/\/roveyayinevi.com.tr\/index.php\/wp-json\/wp\/v2\/product_brand?post=748149"},{"taxonomy":"product_cat","embeddable":true,"href":"https:\/\/roveyayinevi.com.tr\/index.php\/wp-json\/wp\/v2\/product_cat?post=748149"},{"taxonomy":"product_tag","embeddable":true,"href":"https:\/\/roveyayinevi.com.tr\/index.php\/wp-json\/wp\/v2\/product_tag?post=748149"}],"curies":[{"name":"wp","href":"https:\/\/api.w.org\/{rel}","templated":true}]}}