{"id":748147,"date":"2025-08-28T03:23:32","date_gmt":"2025-08-28T00:23:32","guid":{"rendered":"https:\/\/roveyayinevi.com.tr\/index.php\/urun\/calismak-ve-meslekler-ne-ise-yarar-ciltli\/"},"modified":"2026-04-16T03:01:03","modified_gmt":"2026-04-16T00:01:03","slug":"calismak-ve-meslekler-ne-ise-yarar-ciltli","status":"publish","type":"product","link":"https:\/\/roveyayinevi.com.tr\/index.php\/urun\/calismak-ve-meslekler-ne-ise-yarar-ciltli\/","title":{"rendered":"\u00c7al\u0131\u015fmak ve Meslekler Ne \u0130\u015fe Yarar? (Ciltli)"},"content":{"rendered":"<p>\u0130stihdam, e\u011fitim, \u00e7\u0131rakl\u0131k, t\u00fcccarl\u0131k, sendikalar&#8230;Hayat\u0131m\u0131zdaki ve toplumlar\u0131m\u0131zdaki \u00e7al\u0131\u015fman\u0131n yerine ili\u015fkin t\u00fcm kavramlar\u0131 ve sorunlar\u0131 anlamak i\u00e7in gerekli bir kitap.<\/p>\n","protected":false},"excerpt":{"rendered":"<p>\u0130stihdam, e\u011fitim, \u00e7\u0131rakl\u0131k, t\u00fcccarl\u0131k, sendikalar&#8230;Hayat\u0131m\u0131zdaki ve toplumlar\u0131m\u0131zdaki \u00e7al\u0131\u015fman\u0131n yerine ili\u015fkin t\u00fcm kavramlar\u0131 ve sorunlar\u0131 anlamak i\u00e7in gerekli bir kitap.<\/p>\n","protected":false},"featured_media":0,"template":"","meta":{"_monsterinsights_skip_tracking":false,"_monsterinsights_sitenote_active":false,"_monsterinsights_sitenote_note":"","_monsterinsights_sitenote_category":0},"product_brand":[],"product_cat":[13005,37328],"product_tag":[],"class_list":{"0":"post-748147","1":"product","2":"type-product","3":"status-publish","5":"product_cat-bilim-muhendislik","6":"product_cat-diger-bilim-muhendislik","7":"pa_cilt-ciltli","8":"pa_tur-kitap","9":"pa_yayinevi-teleskop-populer-bilim","10":"pa_yazar-jacques-olivier-po","12":"first","13":"instock","14":"sale","15":"shipping-taxable","16":"purchasable","17":"product-type-simple"},"_links":{"self":[{"href":"https:\/\/roveyayinevi.com.tr\/index.php\/wp-json\/wp\/v2\/product\/748147","targetHints":{"allow":["GET"]}}],"collection":[{"href":"https:\/\/roveyayinevi.com.tr\/index.php\/wp-json\/wp\/v2\/product"}],"about":[{"href":"https:\/\/roveyayinevi.com.tr\/index.php\/wp-json\/wp\/v2\/types\/product"}],"wp:attachment":[{"href":"https:\/\/roveyayinevi.com.tr\/index.php\/wp-json\/wp\/v2\/media?parent=748147"}],"wp:term":[{"taxonomy":"product_brand","embeddable":true,"href":"https:\/\/roveyayinevi.com.tr\/index.php\/wp-json\/wp\/v2\/product_brand?post=748147"},{"taxonomy":"product_cat","embeddable":true,"href":"https:\/\/roveyayinevi.com.tr\/index.php\/wp-json\/wp\/v2\/product_cat?post=748147"},{"taxonomy":"product_tag","embeddable":true,"href":"https:\/\/roveyayinevi.com.tr\/index.php\/wp-json\/wp\/v2\/product_tag?post=748147"}],"curies":[{"name":"wp","href":"https:\/\/api.w.org\/{rel}","templated":true}]}}