{"id":748144,"date":"2025-08-28T03:23:30","date_gmt":"2025-08-28T00:23:30","guid":{"rendered":"https:\/\/roveyayinevi.com.tr\/index.php\/urun\/ispanak-gercekten-seni-guclendirir-mi\/"},"modified":"2026-04-16T03:01:03","modified_gmt":"2026-04-16T00:01:03","slug":"ispanak-gercekten-seni-guclendirir-mi","status":"publish","type":"product","link":"https:\/\/roveyayinevi.com.tr\/index.php\/urun\/ispanak-gercekten-seni-guclendirir-mi\/","title":{"rendered":"Ispanak Ger\u00e7ekten Seni G\u00fc\u00e7lendirir mi?"},"content":{"rendered":"<p>Beslenmeye bak\u0131\u015f a\u00e7\u0131m\u0131z\u0131 de\u011fi\u015ftirmemiz, \u0131spanak ve ye\u015fil bitkilere ili\u015fkin t\u00fcm kavramlar ile sorunlar\u0131 anlamam\u0131z i\u00e7in gerekli bir kitap.<\/p>\n","protected":false},"excerpt":{"rendered":"<p>Beslenmeye bak\u0131\u015f a\u00e7\u0131m\u0131z\u0131 de\u011fi\u015ftirmemiz, \u0131spanak ve ye\u015fil bitkilere ili\u015fkin t\u00fcm kavramlar ile sorunlar\u0131 anlamam\u0131z i\u00e7in gerekli bir kitap.<\/p>\n","protected":false},"featured_media":0,"template":"","meta":{"_monsterinsights_skip_tracking":false,"_monsterinsights_sitenote_active":false,"_monsterinsights_sitenote_note":"","_monsterinsights_sitenote_category":0},"product_brand":[],"product_cat":[12364,16266],"product_tag":[],"class_list":{"0":"post-748144","1":"product","2":"type-product","3":"status-publish","5":"product_cat-genel-konular","6":"product_cat-referans-kaynak-kitap","7":"pa_cilt-ciltli","8":"pa_tur-kitap","9":"pa_yayinevi-teleskop-populer-bilim","10":"pa_yazar-aurelie-guerri","12":"first","13":"instock","14":"sale","15":"shipping-taxable","16":"purchasable","17":"product-type-simple"},"_links":{"self":[{"href":"https:\/\/roveyayinevi.com.tr\/index.php\/wp-json\/wp\/v2\/product\/748144","targetHints":{"allow":["GET"]}}],"collection":[{"href":"https:\/\/roveyayinevi.com.tr\/index.php\/wp-json\/wp\/v2\/product"}],"about":[{"href":"https:\/\/roveyayinevi.com.tr\/index.php\/wp-json\/wp\/v2\/types\/product"}],"wp:attachment":[{"href":"https:\/\/roveyayinevi.com.tr\/index.php\/wp-json\/wp\/v2\/media?parent=748144"}],"wp:term":[{"taxonomy":"product_brand","embeddable":true,"href":"https:\/\/roveyayinevi.com.tr\/index.php\/wp-json\/wp\/v2\/product_brand?post=748144"},{"taxonomy":"product_cat","embeddable":true,"href":"https:\/\/roveyayinevi.com.tr\/index.php\/wp-json\/wp\/v2\/product_cat?post=748144"},{"taxonomy":"product_tag","embeddable":true,"href":"https:\/\/roveyayinevi.com.tr\/index.php\/wp-json\/wp\/v2\/product_tag?post=748144"}],"curies":[{"name":"wp","href":"https:\/\/api.w.org\/{rel}","templated":true}]}}