{"id":748135,"date":"2025-08-28T03:23:18","date_gmt":"2025-08-28T00:23:18","guid":{"rendered":"https:\/\/roveyayinevi.com.tr\/index.php\/urun\/bunlari-taniyorum-bocekler-ciltli\/"},"modified":"2026-04-16T03:01:03","modified_gmt":"2026-04-16T00:01:03","slug":"bunlari-taniyorum-bocekler-ciltli","status":"publish","type":"product","link":"https:\/\/roveyayinevi.com.tr\/index.php\/urun\/bunlari-taniyorum-bocekler-ciltli\/","title":{"rendered":"Bunlar\u0131 Tan\u0131yorum! &#8211; B\u00f6cekler (Ciltli)"},"content":{"rendered":"<p>Milyonlarca t\u00fcr\u00fc olan b\u00f6ceklerle tan\u0131\u015f\u0131n! Okuyucular\u0131m\u0131z b\u00fct\u00fcnc\u00fcl \u00f6\u011frenme yakla\u015f\u0131m\u0131na g\u00f6re haz\u0131rlanm\u0131\u015f bu kitaptaki grafikler ve ill\u00fcstrasyonlar ile b\u00f6ceklerin nas\u0131l geli\u015fip b\u00fcy\u00fcd\u00fc\u011f\u00fcn\u00fc, d\u00fcnyay\u0131 nas\u0131l g\u00f6rd\u00fc\u011f\u00fcn\u00fc ve di\u011fer b\u00f6ceklerle nas\u0131l ileti\u015fim kurdu\u011funu \u00f6\u011frenecek. Bu kitap; b\u00f6ceklere dair bilimsel ke\u015fiflerle, onlar\u0131n ya\u015famlar\u0131yla, insanl\u0131k tarihinde yaratt\u0131klar\u0131 etkiyle ve daha niceleriyle dolu! Gen\u00e7 okuyucular\u0131m\u0131z bu kitapla b\u00f6ceklerin fiziksel boyutlar\u0131ndan \u00e7ok daha b\u00fcy\u00fck etkiye sahip oldu\u011funu ke\u015ffedecek.<\/p>\n","protected":false},"excerpt":{"rendered":"<p>Milyonlarca t\u00fcr\u00fc olan b\u00f6ceklerle tan\u0131\u015f\u0131n! Okuyucular\u0131m\u0131z b\u00fct\u00fcnc\u00fcl \u00f6\u011frenme yakla\u015f\u0131m\u0131na g\u00f6re haz\u0131rlanm\u0131\u015f bu kitaptaki grafikler ve ill\u00fcstrasyonlar ile b\u00f6ceklerin nas\u0131l geli\u015fip b\u00fcy\u00fcd\u00fc\u011f\u00fcn\u00fc, d\u00fcnyay\u0131 nas\u0131l g\u00f6rd\u00fc\u011f\u00fcn\u00fc ve di\u011fer<span class=\"excerpt-hellip\"> [\u2026]<\/span><\/p>\n","protected":false},"featured_media":0,"template":"","meta":{"_monsterinsights_skip_tracking":false,"_monsterinsights_sitenote_active":false,"_monsterinsights_sitenote_note":"","_monsterinsights_sitenote_category":0},"product_brand":[],"product_cat":[13829,12274],"product_tag":[],"class_list":{"0":"post-748135","1":"product","2":"type-product","3":"status-publish","5":"product_cat-bilimsel-kitaplar","6":"product_cat-cocuk-ve-genclik-kitaplari","7":"pa_cilt-ciltli","8":"pa_tur-kitap","9":"pa_yayinevi-teleskop-populer-bilim","10":"pa_yazar-jane-parker","12":"first","13":"instock","14":"sale","15":"shipping-taxable","16":"purchasable","17":"product-type-simple"},"_links":{"self":[{"href":"https:\/\/roveyayinevi.com.tr\/index.php\/wp-json\/wp\/v2\/product\/748135","targetHints":{"allow":["GET"]}}],"collection":[{"href":"https:\/\/roveyayinevi.com.tr\/index.php\/wp-json\/wp\/v2\/product"}],"about":[{"href":"https:\/\/roveyayinevi.com.tr\/index.php\/wp-json\/wp\/v2\/types\/product"}],"wp:attachment":[{"href":"https:\/\/roveyayinevi.com.tr\/index.php\/wp-json\/wp\/v2\/media?parent=748135"}],"wp:term":[{"taxonomy":"product_brand","embeddable":true,"href":"https:\/\/roveyayinevi.com.tr\/index.php\/wp-json\/wp\/v2\/product_brand?post=748135"},{"taxonomy":"product_cat","embeddable":true,"href":"https:\/\/roveyayinevi.com.tr\/index.php\/wp-json\/wp\/v2\/product_cat?post=748135"},{"taxonomy":"product_tag","embeddable":true,"href":"https:\/\/roveyayinevi.com.tr\/index.php\/wp-json\/wp\/v2\/product_tag?post=748135"}],"curies":[{"name":"wp","href":"https:\/\/api.w.org\/{rel}","templated":true}]}}