{"id":748122,"date":"2025-08-28T03:23:01","date_gmt":"2025-08-28T00:23:01","guid":{"rendered":"https:\/\/roveyayinevi.com.tr\/index.php\/urun\/bitkiler-ve-hayvanlar-doga-cikartmalari\/"},"modified":"2026-04-16T03:01:02","modified_gmt":"2026-04-16T00:01:02","slug":"bitkiler-ve-hayvanlar-doga-cikartmalari","status":"publish","type":"product","link":"https:\/\/roveyayinevi.com.tr\/index.php\/urun\/bitkiler-ve-hayvanlar-doga-cikartmalari\/","title":{"rendered":"Bitkiler ve Hayvanlar &#8211; Do\u011fa \u00c7\u0131kartmalar\u0131"},"content":{"rendered":"<p>Do\u011fa \u00e7\u0131kartmalar\u0131n ile bitkiler ve hayvanlar hakk\u0131nda bir\u00e7ok heyecan verici \u015fey \u00f6\u011freneceksin. D\u00fcnyan\u0131n en b\u00fcy\u00fck a\u011fac\u0131n\u0131n 83 metre y\u00fcksekli\u011finde bir sekoya a\u011fac\u0131 oldu\u011funu ve denizy\u0131ld\u0131zlar\u0131n\u0131n midelerini v\u00fccutlar\u0131ndan \u00e7\u0131kararak beslendiklerini biliyor muydun? 50 anlat\u0131m baloncu\u011funun her biri i\u00e7in bir \u00e7\u0131kartma bulunuyor. \u00c7\u0131kartmalar aras\u0131ndan uygun olan\u0131 bul ve do\u011fru yere yap\u0131\u015ft\u0131r. Bitkiler ve hayvanlar hakk\u0131nda kendi k\u00fc\u00e7\u00fck ansiklopedini olu\u015fturabilirsin.<\/p>\n","protected":false},"excerpt":{"rendered":"<p>Do\u011fa \u00e7\u0131kartmalar\u0131n ile bitkiler ve hayvanlar hakk\u0131nda bir\u00e7ok heyecan verici \u015fey \u00f6\u011freneceksin. D\u00fcnyan\u0131n en b\u00fcy\u00fck a\u011fac\u0131n\u0131n 83 metre y\u00fcksekli\u011finde bir sekoya a\u011fac\u0131 oldu\u011funu ve denizy\u0131ld\u0131zlar\u0131n\u0131n midelerini<span class=\"excerpt-hellip\"> [\u2026]<\/span><\/p>\n","protected":false},"featured_media":0,"template":"","meta":{"_monsterinsights_skip_tracking":false,"_monsterinsights_sitenote_active":false,"_monsterinsights_sitenote_note":"","_monsterinsights_sitenote_category":0},"product_brand":[],"product_cat":[12554,12274],"product_tag":[],"class_list":{"0":"post-748122","1":"product","2":"type-product","3":"status-publish","5":"product_cat-cikartmali-kitaplar","6":"product_cat-cocuk-ve-genclik-kitaplari","7":"pa_cilt-ciltsiz","8":"pa_tur-kitap","9":"pa_yayinevi-teleskop-populer-bilim","10":"pa_yazar-ballon-media","12":"first","13":"instock","14":"sale","15":"shipping-taxable","16":"purchasable","17":"product-type-simple"},"_links":{"self":[{"href":"https:\/\/roveyayinevi.com.tr\/index.php\/wp-json\/wp\/v2\/product\/748122","targetHints":{"allow":["GET"]}}],"collection":[{"href":"https:\/\/roveyayinevi.com.tr\/index.php\/wp-json\/wp\/v2\/product"}],"about":[{"href":"https:\/\/roveyayinevi.com.tr\/index.php\/wp-json\/wp\/v2\/types\/product"}],"wp:attachment":[{"href":"https:\/\/roveyayinevi.com.tr\/index.php\/wp-json\/wp\/v2\/media?parent=748122"}],"wp:term":[{"taxonomy":"product_brand","embeddable":true,"href":"https:\/\/roveyayinevi.com.tr\/index.php\/wp-json\/wp\/v2\/product_brand?post=748122"},{"taxonomy":"product_cat","embeddable":true,"href":"https:\/\/roveyayinevi.com.tr\/index.php\/wp-json\/wp\/v2\/product_cat?post=748122"},{"taxonomy":"product_tag","embeddable":true,"href":"https:\/\/roveyayinevi.com.tr\/index.php\/wp-json\/wp\/v2\/product_tag?post=748122"}],"curies":[{"name":"wp","href":"https:\/\/api.w.org\/{rel}","templated":true}]}}